{"id":2100,"date":"2022-08-24T03:19:47","date_gmt":"2022-08-24T03:19:47","guid":{"rendered":"https:\/\/www.femmeharmone.com\/?page_id=2100"},"modified":"2022-08-30T14:54:44","modified_gmt":"2022-08-30T14:54:44","slug":"termeszet-es-absztrakcio-gondolatok-fukui-yusuke-festeszeterol","status":"publish","type":"page","link":"https:\/\/www.femmeharmone.com\/eng\/a-noi-dimenzio\/ii-evfolyam-2-szam\/kepzo-es-iparmuveszet\/termeszet-es-absztrakcio-gondolatok-fukui-yusuke-festeszeterol\/","title":{"rendered":"Term\u00e9szet \u00e9s absztrakci\u00f3 \u2013 <em>Gondolatok Fukui Yusuke fest\u00e9szet\u00e9r\u0151l<\/em>"},"content":{"rendered":"<div data-wp-interactive=\"core\/file\" class=\"wp-block-file aligncenter\"><object data-wp-bind--hidden=\"!state.hasPdfPreview\"  class=\"wp-block-file__embed\" data=\"https:\/\/www.femmeharmone.com\/wp-content\/uploads\/2022\/08\/ND_2022Nyar_v1_8_Termeszet_es_absztrakcio.pdf\" type=\"application\/pdf\" style=\"width:100%;height:1033px\" aria-label=\"Embed of ND_2022Nyar_v1_8_Termeszet_es_absztrakcio be\u00e1gyaz\u00e1sa.\"><\/object><a id=\"wp-block-file--media-b4564c9f-faf4-4c2a-bba7-b1fdcab13c26\" href=\"https:\/\/www.femmeharmone.com\/wp-content\/uploads\/2022\/08\/ND_2022Nyar_v1_8_Termeszet_es_absztrakcio.pdf\">ND_2022Nyar_v1_8_Termeszet_es_absztrakcio<\/a><a href=\"https:\/\/www.femmeharmone.com\/wp-content\/uploads\/2022\/08\/ND_2022Nyar_v1_8_Termeszet_es_absztrakcio.pdf\" class=\"wp-block-file__button\" download aria-describedby=\"wp-block-file--media-b4564c9f-faf4-4c2a-bba7-b1fdcab13c26\">Let\u00f6lt\u00e9s<\/a><\/div>","protected":false},"excerpt":{"rendered":"","protected":false},"author":1,"featured_media":0,"parent":2058,"menu_order":1,"comment_status":"closed","ping_status":"closed","template":"page-article.php","meta":{"inline_featured_image":false,"footnotes":""},"categories":[],"tags":[],"_links":{"self":[{"href":"https:\/\/www.femmeharmone.com\/eng\/wp-json\/wp\/v2\/pages\/2100"}],"collection":[{"href":"https:\/\/www.femmeharmone.com\/eng\/wp-json\/wp\/v2\/pages"}],"about":[{"href":"https:\/\/www.femmeharmone.com\/eng\/wp-json\/wp\/v2\/types\/page"}],"author":[{"embeddable":true,"href":"https:\/\/www.femmeharmone.com\/eng\/wp-json\/wp\/v2\/users\/1"}],"replies":[{"embeddable":true,"href":"https:\/\/www.femmeharmone.com\/eng\/wp-json\/wp\/v2\/comments?post=2100"}],"version-history":[{"count":5,"href":"https:\/\/www.femmeharmone.com\/eng\/wp-json\/wp\/v2\/pages\/2100\/revisions"}],"predecessor-version":[{"id":2259,"href":"https:\/\/www.femmeharmone.com\/eng\/wp-json\/wp\/v2\/pages\/2100\/revisions\/2259"}],"up":[{"embeddable":true,"href":"https:\/\/www.femmeharmone.com\/eng\/wp-json\/wp\/v2\/pages\/2058"}],"wp:attachment":[{"href":"https:\/\/www.femmeharmone.com\/eng\/wp-json\/wp\/v2\/media?parent=2100"}],"wp:term":[{"taxonomy":"category","embeddable":true,"href":"https:\/\/www.femmeharmone.com\/eng\/wp-json\/wp\/v2\/categories?post=2100"},{"taxonomy":"post_tag","embeddable":true,"href":"https:\/\/www.femmeharmone.com\/eng\/wp-json\/wp\/v2\/tags?post=2100"}],"curies":[{"name":"wp","href":"https:\/\/api.w.org\/{rel}","templated":true}]}}