{"id":2116,"date":"2022-08-24T03:40:02","date_gmt":"2022-08-24T03:40:02","guid":{"rendered":"https:\/\/www.femmeharmone.com\/?page_id=2116"},"modified":"2022-12-13T14:07:35","modified_gmt":"2022-12-13T14:07:35","slug":"prokopp-maria-gizella-kiralynenk-abrazolasa-a-barokk-korban-a-17-18-szazadban","status":"publish","type":"page","link":"https:\/\/www.femmeharmone.com\/eng\/a-noi-dimenzio\/ii-evfolyam-2-szam\/tudomany\/prokopp-maria-gizella-kiralynenk-abrazolasa-a-barokk-korban-a-17-18-szazadban\/","title":{"rendered":"<em>Prokopp M\u00e1ria: <\/em>Gizella kir\u00e1lyn\u00e9nk \u00e1br\u00e1zol\u00e1sa a barokk korban, a 17\u201318. sz\u00e1zadban"},"content":{"rendered":"<p class=\"has-text-align-right\"><a rel=\"noreferrer noopener\" href=\"https:\/\/doi.org\/10.55344\/andfh.2202058\" target=\"_blank\">DOI:<\/a><a href=\"https:\/\/doi.org\/10.55344\/andfh.2202058\" target=\"_blank\" rel=\"noreferrer noopener\"> <\/a><a rel=\"noreferrer noopener\" href=\"https:\/\/doi.org\/10.55344\/andfh.2202058\" target=\"_blank\">10.55344\/andfh.2202058<\/a><\/p>\n\n\n\n<p><strong>A tanulm\u00e1ny t\u00e9m\u00e1ja egyfel\u0151l a magyar renesz\u00e1nsz \u00e9s a barokk korszak v\u00e1lt\u00e1s\u00e1nak bonyolult k\u00e9rd\u00e9se a saj\u00e1tos t\u00f6rt\u00e9nelmi-f\u00f6ldrajzi helyzetben l\u00e9v\u0151 Magyar Kir\u00e1lys\u00e1gban, ahol a h\u00f3dolts\u00e1gi ter\u00fcletek kiszakadtak a katolikus egyh\u00e1zm\u0171v\u00e9szet \u00e1ram\u00e1b\u00f3l. Ennek pontos \u00e9rtelmez\u00e9s\u00e9hez elengedhetetlen az Esztergomi \u00c9rseks\u00e9ghez tartoz\u00f3, Pozsonyt\u00f3l Szepesv\u00e1r\u00e1ig terjed\u0151 ter\u00fclet 17. sz\u00e1zadi \u00e9p\u00edt\u00e9szeti eml\u00e9keinek sz\u00e1mbav\u00e9tele. A P\u00e1zm\u00e1ny P\u00e9ter \u00e1ltal alap\u00edtott nagyszombati egyetem templom\u00e1ban a magyar szentek egy\u00fcttes\u00e9ben Gizella kir\u00e1lyn\u00e9 kanoniz\u00e1ci\u00f3 hi\u00e1ny\u00e1ban nem kaphatott helyet, azonban \u00e1br\u00e1zol\u00e1s\u00e1t Kis\u00e1rva falu (mai Lengyelorsz\u00e1g Orawka) templom\u00e1ban a magyar t\u00f6rt\u00e9nelem 52 dics\u0151 alakja k\u00f6z\u00f6tt tal\u00e1ljuk. E valaha v\u00e1m\u00e1llom\u00e1sk\u00e9nt m\u0171k\u00f6d\u0151 helys\u00e9g templom\u00e1ban a k\u00e9pek sokban \u0151rzik a renesz\u00e1nsz formahagyom\u00e1nyt az 1630-as \u00e9vekben is.<\/strong><\/p>\n\n\n\n<div style=\"height:100px\" aria-hidden=\"true\" class=\"wp-block-spacer\"><\/div>\n\n\n\n<div data-wp-interactive=\"core\/file\" class=\"wp-block-file aligncenter\"><object data-wp-bind--hidden=\"!state.hasPdfPreview\"  class=\"wp-block-file__embed\" data=\"https:\/\/www.femmeharmone.com\/wp-content\/uploads\/2022\/12\/ND_2022Nyar_v1_9_ProkoppMaria.pdf\" type=\"application\/pdf\" style=\"width:100%;height:1033px\" aria-label=\"Embed of ND_2022Nyar_v1_9_ProkoppMaria.\"><\/object><a id=\"wp-block-file--media-6214bc97-e128-414a-b38f-c230ddf49bb4\" href=\"https:\/\/www.femmeharmone.com\/wp-content\/uploads\/2022\/12\/ND_2022Nyar_v1_9_ProkoppMaria.pdf\">ND_2022Nyar_v1_9_ProkoppMaria<\/a><a href=\"https:\/\/www.femmeharmone.com\/wp-content\/uploads\/2022\/12\/ND_2022Nyar_v1_9_ProkoppMaria.pdf\" class=\"wp-block-file__button wp-element-button\" download aria-describedby=\"wp-block-file--media-6214bc97-e128-414a-b38f-c230ddf49bb4\">Let\u00f6lt\u00e9s<\/a><\/div>","protected":false},"excerpt":{"rendered":"<p>DOI: 10.55344\/andfh.2202058 A tanulm\u00e1ny t\u00e9m\u00e1ja egyfel\u0151l a magyar renesz\u00e1nsz \u00e9s a barokk korszak v\u00e1lt\u00e1s\u00e1nak bonyolult k\u00e9rd\u00e9se a saj\u00e1tos t\u00f6rt\u00e9nelmi-f\u00f6ldrajzi helyzetben l\u00e9v\u0151 Magyar Kir\u00e1lys\u00e1gban, ahol a h\u00f3dolts\u00e1gi ter\u00fcletek kiszakadtak a katolikus egyh\u00e1zm\u0171v\u00e9szet \u00e1ram\u00e1b\u00f3l. Ennek pontos \u00e9rtelmez\u00e9s\u00e9hez elengedhetetlen az Esztergomi \u00c9rseks\u00e9ghez tartoz\u00f3, Pozsonyt\u00f3l Szepesv\u00e1r\u00e1ig terjed\u0151 ter\u00fclet 17. sz\u00e1zadi \u00e9p\u00edt\u00e9szeti eml\u00e9keinek sz\u00e1mbav\u00e9tele. A P\u00e1zm\u00e1ny P\u00e9ter \u00e1ltal alap\u00edtott nagyszombati&hellip;<\/p>","protected":false},"author":1,"featured_media":0,"parent":2060,"menu_order":1,"comment_status":"closed","ping_status":"closed","template":"page-article.php","meta":{"inline_featured_image":false,"footnotes":""},"categories":[],"tags":[],"_links":{"self":[{"href":"https:\/\/www.femmeharmone.com\/eng\/wp-json\/wp\/v2\/pages\/2116"}],"collection":[{"href":"https:\/\/www.femmeharmone.com\/eng\/wp-json\/wp\/v2\/pages"}],"about":[{"href":"https:\/\/www.femmeharmone.com\/eng\/wp-json\/wp\/v2\/types\/page"}],"author":[{"embeddable":true,"href":"https:\/\/www.femmeharmone.com\/eng\/wp-json\/wp\/v2\/users\/1"}],"replies":[{"embeddable":true,"href":"https:\/\/www.femmeharmone.com\/eng\/wp-json\/wp\/v2\/comments?post=2116"}],"version-history":[{"count":10,"href":"https:\/\/www.femmeharmone.com\/eng\/wp-json\/wp\/v2\/pages\/2116\/revisions"}],"predecessor-version":[{"id":2990,"href":"https:\/\/www.femmeharmone.com\/eng\/wp-json\/wp\/v2\/pages\/2116\/revisions\/2990"}],"up":[{"embeddable":true,"href":"https:\/\/www.femmeharmone.com\/eng\/wp-json\/wp\/v2\/pages\/2060"}],"wp:attachment":[{"href":"https:\/\/www.femmeharmone.com\/eng\/wp-json\/wp\/v2\/media?parent=2116"}],"wp:term":[{"taxonomy":"category","embeddable":true,"href":"https:\/\/www.femmeharmone.com\/eng\/wp-json\/wp\/v2\/categories?post=2116"},{"taxonomy":"post_tag","embeddable":true,"href":"https:\/\/www.femmeharmone.com\/eng\/wp-json\/wp\/v2\/tags?post=2116"}],"curies":[{"name":"wp","href":"https:\/\/api.w.org\/{rel}","templated":true}]}}