{"id":2126,"date":"2022-08-24T03:47:17","date_gmt":"2022-08-24T03:47:17","guid":{"rendered":"https:\/\/www.femmeharmone.com\/?page_id=2126"},"modified":"2022-08-30T15:06:56","modified_gmt":"2022-08-30T15:06:56","slug":"resurrectio-a-magyar-karpitmuveszek-egyesuletenek-kiallitasa-dvorszky-hedvig","status":"publish","type":"page","link":"https:\/\/www.femmeharmone.com\/eng\/a-noi-dimenzio\/ii-evfolyam-2-szam\/szemle\/resurrectio-a-magyar-karpitmuveszek-egyesuletenek-kiallitasa-dvorszky-hedvig\/","title":{"rendered":"RESURRECTIO \u2013 A Magyar K\u00e1rpitm\u0171v\u00e9szek Egyes\u00fclet\u00e9nek ki\u00e1ll\u00edt\u00e1sa <em>(Dvorszky Hedvig)<\/em>"},"content":{"rendered":"<div data-wp-interactive=\"core\/file\" class=\"wp-block-file aligncenter\"><object data-wp-bind--hidden=\"!state.hasPdfPreview\"  class=\"wp-block-file__embed\" data=\"https:\/\/www.femmeharmone.com\/wp-content\/uploads\/2022\/08\/ND_2022Nyar_v1_8_Resurrectio.pdf\" type=\"application\/pdf\" style=\"width:100%;height:1033px\" aria-label=\"Embed of ND_2022Nyar_v1_8_Resurrectio be\u00e1gyaz\u00e1sa.\"><\/object><a id=\"wp-block-file--media-5d7dd16f-2ff7-4806-ad80-3f90be457231\" href=\"https:\/\/www.femmeharmone.com\/wp-content\/uploads\/2022\/08\/ND_2022Nyar_v1_8_Resurrectio.pdf\">ND_2022Nyar_v1_8_Resurrectio<\/a><a href=\"https:\/\/www.femmeharmone.com\/wp-content\/uploads\/2022\/08\/ND_2022Nyar_v1_8_Resurrectio.pdf\" class=\"wp-block-file__button\" download aria-describedby=\"wp-block-file--media-5d7dd16f-2ff7-4806-ad80-3f90be457231\">Let\u00f6lt\u00e9s<\/a><\/div>","protected":false},"excerpt":{"rendered":"","protected":false},"author":1,"featured_media":0,"parent":2064,"menu_order":1,"comment_status":"closed","ping_status":"closed","template":"page-article.php","meta":{"inline_featured_image":false,"footnotes":""},"categories":[],"tags":[],"_links":{"self":[{"href":"https:\/\/www.femmeharmone.com\/eng\/wp-json\/wp\/v2\/pages\/2126"}],"collection":[{"href":"https:\/\/www.femmeharmone.com\/eng\/wp-json\/wp\/v2\/pages"}],"about":[{"href":"https:\/\/www.femmeharmone.com\/eng\/wp-json\/wp\/v2\/types\/page"}],"author":[{"embeddable":true,"href":"https:\/\/www.femmeharmone.com\/eng\/wp-json\/wp\/v2\/users\/1"}],"replies":[{"embeddable":true,"href":"https:\/\/www.femmeharmone.com\/eng\/wp-json\/wp\/v2\/comments?post=2126"}],"version-history":[{"count":5,"href":"https:\/\/www.femmeharmone.com\/eng\/wp-json\/wp\/v2\/pages\/2126\/revisions"}],"predecessor-version":[{"id":2276,"href":"https:\/\/www.femmeharmone.com\/eng\/wp-json\/wp\/v2\/pages\/2126\/revisions\/2276"}],"up":[{"embeddable":true,"href":"https:\/\/www.femmeharmone.com\/eng\/wp-json\/wp\/v2\/pages\/2064"}],"wp:attachment":[{"href":"https:\/\/www.femmeharmone.com\/eng\/wp-json\/wp\/v2\/media?parent=2126"}],"wp:term":[{"taxonomy":"category","embeddable":true,"href":"https:\/\/www.femmeharmone.com\/eng\/wp-json\/wp\/v2\/categories?post=2126"},{"taxonomy":"post_tag","embeddable":true,"href":"https:\/\/www.femmeharmone.com\/eng\/wp-json\/wp\/v2\/tags?post=2126"}],"curies":[{"name":"wp","href":"https:\/\/api.w.org\/{rel}","templated":true}]}}