{"id":2789,"date":"2022-12-01T00:47:09","date_gmt":"2022-12-01T00:47:09","guid":{"rendered":"https:\/\/www.femmeharmone.com\/?page_id=2789"},"modified":"2022-12-09T16:54:20","modified_gmt":"2022-12-09T16:54:20","slug":"prokopp-maria-az-istenanya-abrazolasa-a-2022-ben-vilagoroksegge-nyilvanitott-gomoritemplomok-kozepkori-falkepein","status":"publish","type":"page","link":"https:\/\/www.femmeharmone.com\/eng\/a-noi-dimenzio\/ii-evfolyam-kulonszam\/nofelfogas-es-abrazolas\/prokopp-maria-az-istenanya-abrazolasa-a-2022-ben-vilagoroksegge-nyilvanitott-gomoritemplomok-kozepkori-falkepein\/","title":{"rendered":"<em>Prokopp M\u00e1ria:<\/em> Az Istenanya \u00e1br\u00e1zol\u00e1sa a 2022-ben Vil\u00e1g\u00f6r\u00f6ks\u00e9gg\u00e9 nyilv\u00e1n\u00edtott g\u00f6m\u00f6ri<br>templomok k\u00f6z\u00e9pkori falk\u00e9pein"},"content":{"rendered":"<p class=\"has-text-align-right\"><a href=\"https:\/\/doi.org\/10.55344\/andfhksz.2201029\" target=\"_blank\" rel=\"noreferrer noopener\">DOI: 10.55344\/andfhksz.2201029<\/a><\/p>\n\n\n\n<p><em>Absztrakt<\/em><\/p>\n\n\n\n<p>A tanulm\u00e1ny a bevezet\u0151ben a Moh\u00e1cs el\u0151tti Magyar Kir\u00e1lys\u00e1g eur\u00f3pai jelent\u0151s\u00e9g\u00e9r\u0151l sz\u00f3l, \u00e9s azon bel\u00fcl G\u00f6m\u00f6r v\u00e1rmegye ter\u00fclet\u00e9nek szerep\u00e9r\u0151l. Ez a ter\u00fclet \u0151rizte meg napjainkig a k\u00f6z\u00e9pkori magyar vid\u00e9ki v\u00e1rosok \u00e9s k\u00f6zs\u00e9gek \u00e1ltal\u00e1nos kultur\u00e1lis sz\u00ednvonal\u00e1t, mivel az \u00fajkori fejl\u0151d\u00e9s elker\u00fclte ezt a vid\u00e9ket. Majd a tanulm\u00e1ny a v\u00e1rmegye <strong><em>h\u00e9t<\/em><\/strong> templom\u00e1nak 13\u201315. sz\u00e1zadi falk\u00e9pciklusaib\u00f3l \u00e9s az 1508. \u00e9vben k\u00e9sz\u00fclt hizsny\u00f3i sz\u00e1rnyas-olt\u00e1r k\u00e9peib\u0151l emelte ki a M\u00e1ria-\u00e1br\u00e1zol\u00e1sokat, \u00e9s mutatott r\u00e1 az Istenanya \u00e1br\u00e1zol\u00e1sainak k\u00e9t \u00e9vsz\u00e1zados alakul\u00e1s\u00e1r\u00f3l a teol\u00f3giai meghat\u00e1roz\u00e1sok alapj\u00e1n.<\/p>\n\n\n\n<p><em>Kulcsszavak:<\/em> Istenanya, Efezusi zsinat (431-ben), b\u0171n n\u00e9lk\u00fcli ember, Patrona Regni.<\/p>\n\n\n\n<p class=\"has-text-align-center\"><strong>Representation of the Mother of God on the Murals of the Churches in Gemer in the Middle-Ages<\/strong><\/p>\n\n\n\n<p><em>Abstract<\/em><\/p>\n\n\n\n<p>The introduction tells about the European significance of the Kingdom of Hungary before Moh\u00e1cs, and within that the role of the territory of G\u00f6m\u00f6r. This area has preserved the general cultural standards of medieval Hungarian rural towns and villages to this day, as modern development has avoided this area. The paper highlighted the depictions of Mary from the 13th to 15th century murals of the seven churches of this region and from the winged altar of Hizsny\u00f3 made in 1508, and pointed to the two-century evolution of the depictions of the Mother of God on the basis of theological definitions.<\/p>\n\n\n\n<p><em>Keywords:<\/em> Mother of God, Council of Ephesus (431), innocent man, Patrona Regni.<\/p>\n\n\n\n<div style=\"height:100px\" aria-hidden=\"true\" class=\"wp-block-spacer\"><\/div>\n\n\n\n<div data-wp-interactive=\"core\/file\" class=\"wp-block-file\"><object data-wp-bind--hidden=\"!state.hasPdfPreview\"  class=\"wp-block-file__embed\" data=\"https:\/\/www.femmeharmone.com\/wp-content\/uploads\/2022\/12\/ND_2022KSZ_v2_2_ProkoppMaria.pdf\" type=\"application\/pdf\" style=\"width:100%;height:1100px\" aria-label=\"Embed of ND_2022KSZ_v2_2_ProkoppMaria.\"><\/object><a id=\"wp-block-file--media-865cdc5f-704a-439f-8a83-ffe79e1ef47c\" href=\"https:\/\/www.femmeharmone.com\/wp-content\/uploads\/2022\/12\/ND_2022KSZ_v2_2_ProkoppMaria.pdf\">ND_2022KSZ_v2_2_ProkoppMaria<\/a><a href=\"https:\/\/www.femmeharmone.com\/wp-content\/uploads\/2022\/12\/ND_2022KSZ_v2_2_ProkoppMaria.pdf\" class=\"wp-block-file__button wp-element-button\" download aria-describedby=\"wp-block-file--media-865cdc5f-704a-439f-8a83-ffe79e1ef47c\">Let\u00f6lt\u00e9s<\/a><\/div>","protected":false},"excerpt":{"rendered":"<p>DOI: 10.55344\/andfhksz.2201029 Absztrakt A tanulm\u00e1ny a bevezet\u0151ben a Moh\u00e1cs el\u0151tti Magyar Kir\u00e1lys\u00e1g eur\u00f3pai jelent\u0151s\u00e9g\u00e9r\u0151l sz\u00f3l, \u00e9s azon bel\u00fcl G\u00f6m\u00f6r v\u00e1rmegye ter\u00fclet\u00e9nek szerep\u00e9r\u0151l. Ez a ter\u00fclet \u0151rizte meg napjainkig a k\u00f6z\u00e9pkori magyar vid\u00e9ki v\u00e1rosok \u00e9s k\u00f6zs\u00e9gek \u00e1ltal\u00e1nos kultur\u00e1lis sz\u00ednvonal\u00e1t, mivel az \u00fajkori fejl\u0151d\u00e9s elker\u00fclte ezt a vid\u00e9ket. Majd a tanulm\u00e1ny a v\u00e1rmegye h\u00e9t templom\u00e1nak 13\u201315. sz\u00e1zadi&hellip;<\/p>","protected":false},"author":1,"featured_media":0,"parent":2725,"menu_order":1,"comment_status":"closed","ping_status":"closed","template":"page-article.php","meta":{"inline_featured_image":false,"footnotes":""},"categories":[],"tags":[],"_links":{"self":[{"href":"https:\/\/www.femmeharmone.com\/eng\/wp-json\/wp\/v2\/pages\/2789"}],"collection":[{"href":"https:\/\/www.femmeharmone.com\/eng\/wp-json\/wp\/v2\/pages"}],"about":[{"href":"https:\/\/www.femmeharmone.com\/eng\/wp-json\/wp\/v2\/types\/page"}],"author":[{"embeddable":true,"href":"https:\/\/www.femmeharmone.com\/eng\/wp-json\/wp\/v2\/users\/1"}],"replies":[{"embeddable":true,"href":"https:\/\/www.femmeharmone.com\/eng\/wp-json\/wp\/v2\/comments?post=2789"}],"version-history":[{"count":3,"href":"https:\/\/www.femmeharmone.com\/eng\/wp-json\/wp\/v2\/pages\/2789\/revisions"}],"predecessor-version":[{"id":2952,"href":"https:\/\/www.femmeharmone.com\/eng\/wp-json\/wp\/v2\/pages\/2789\/revisions\/2952"}],"up":[{"embeddable":true,"href":"https:\/\/www.femmeharmone.com\/eng\/wp-json\/wp\/v2\/pages\/2725"}],"wp:attachment":[{"href":"https:\/\/www.femmeharmone.com\/eng\/wp-json\/wp\/v2\/media?parent=2789"}],"wp:term":[{"taxonomy":"category","embeddable":true,"href":"https:\/\/www.femmeharmone.com\/eng\/wp-json\/wp\/v2\/categories?post=2789"},{"taxonomy":"post_tag","embeddable":true,"href":"https:\/\/www.femmeharmone.com\/eng\/wp-json\/wp\/v2\/tags?post=2789"}],"curies":[{"name":"wp","href":"https:\/\/api.w.org\/{rel}","templated":true}]}}

<em>Prokopp Mária:</em> Az Istenanya ábrázolása a 2022-ben Világörökséggé nyilvánított gömöri<br>templomok középkori falképein

<p class="has-text-align-right"><a href="https://doi.org/10.55344/andfhksz.2201029" target="_blank" rel="noreferrer noopener">DOI: 10.55344/andfhksz.2201029</a></p>



<p><em>Absztrakt</em></p>



<p>A tanulmány a bevezetőben a Mohács előtti Magyar Királyság európai jelentőségéről szól, és azon belül Gömör vármegye területének szerepéről. Ez a terület őrizte meg napjainkig a középkori magyar vidéki városok és községek általános kulturális színvonalát, mivel az újkori fejlődés elkerülte ezt a vidéket. Majd a tanulmány a vármegye <strong><em>hét</em></strong> templomának 13–15. századi falképciklusaiból és az 1508. évben készült hizsnyói szárnyas-oltár képeiből emelte ki a Mária-ábrázolásokat, és mutatott rá az Istenanya ábrázolásainak két évszázados alakulásáról a teológiai meghatározások alapján.</p>



<p><em>Kulcsszavak:</em> Istenanya, Efezusi zsinat (431-ben), bűn nélküli ember, Patrona Regni.</p>



<p class="has-text-align-center"><strong>Representation of the Mother of God on the Murals of the Churches in Gemer in the Middle-Ages</strong></p>



<p><em>Abstract</em></p>



<p>The introduction tells about the European significance of the Kingdom of Hungary before Mohács, and within that the role of the territory of Gömör. This area has preserved the general cultural standards of medieval Hungarian rural towns and villages to this day, as modern development has avoided this area. The paper highlighted the depictions of Mary from the 13th to 15th century murals of the seven churches of this region and from the winged altar of Hizsnyó made in 1508, and pointed to the two-century evolution of the depictions of the Mother of God on the basis of theological definitions.</p>



<p><em>Keywords:</em> Mother of God, Council of Ephesus (431), innocent man, Patrona Regni.</p>



<div style="height:100px" aria-hidden="true" class="wp-block-spacer"></div>



<div data-wp-interactive="core/file" class="wp-block-file"><object data-wp-bind--hidden="!state.hasPdfPreview"  class="wp-block-file__embed" data="https://www.femmeharmone.com/wp-content/uploads/2022/12/ND_2022KSZ_v2_2_ProkoppMaria.pdf" type="application/pdf" style="width:100%;height:1100px" aria-label="Embed of ND_2022KSZ_v2_2_ProkoppMaria."></object><a id="wp-block-file--media-865cdc5f-704a-439f-8a83-ffe79e1ef47c" href="https://www.femmeharmone.com/wp-content/uploads/2022/12/ND_2022KSZ_v2_2_ProkoppMaria.pdf">ND_2022KSZ_v2_2_ProkoppMaria</a><a href="https://www.femmeharmone.com/wp-content/uploads/2022/12/ND_2022KSZ_v2_2_ProkoppMaria.pdf" class="wp-block-file__button wp-element-button" download aria-describedby="wp-block-file--media-865cdc5f-704a-439f-8a83-ffe79e1ef47c">Letöltés</a></div>

<p>DOI: 10.55344/andfhksz.2201029 Absztrakt A tanulmány a bevezetőben a Mohács előtti Magyar Királyság európai jelentőségéről szól, és azon belül Gömör vármegye területének szerepéről. Ez a terület őrizte meg napjainkig a középkori magyar vidéki városok és községek általános kulturális színvonalát, mivel az újkori fejlődés elkerülte ezt a vidéket. Majd a tanulmány a vármegye hét templomának 13–15. századi&hellip;</p>
