{"id":3091,"date":"2022-12-29T16:30:22","date_gmt":"2022-12-29T16:30:22","guid":{"rendered":"https:\/\/www.femmeharmone.com\/?page_id=3091"},"modified":"2023-02-08T15:57:28","modified_gmt":"2023-02-08T15:57:28","slug":"beszelgetes-a-hosszu-tavu-globalis-fenntarthatosagrol-bozo-laszlo-csutora-mariakerekes-sandor-lukacs-andras-major-gyongyi-vitavezeto-kiss-karoly","status":"publish","type":"page","link":"https:\/\/www.femmeharmone.com\/eng\/a-noi-dimenzio\/ii-evfolyam-3-szam\/kerekasztal\/beszelgetes-a-hosszu-tavu-globalis-fenntarthatosagrol-bozo-laszlo-csutora-mariakerekes-sandor-lukacs-andras-major-gyongyi-vitavezeto-kiss-karoly\/","title":{"rendered":"Besz\u00e9lget\u00e9s a hossz\u00fa t\u00e1v\u00fa glob\u00e1lis fenntarthat\u00f3s\u00e1gr\u00f3l<br><em>(Boz\u00f3 L\u00e1szl\u00f3, Csutora M\u00e1ria, Kerekes S\u00e1ndor, Luk\u00e1cs Andr\u00e1s, Major Gy\u00f6ngyi, vitavezet\u0151: Kiss K\u00e1roly)<\/em>"},"content":{"rendered":"<div style=\"height:100px\" aria-hidden=\"true\" class=\"wp-block-spacer\"><\/div>\n\n\n\n<div data-wp-interactive=\"core\/file\" class=\"wp-block-file\"><object data-wp-bind--hidden=\"!state.hasPdfPreview\"  class=\"wp-block-file__embed\" data=\"https:\/\/www.femmeharmone.com\/wp-content\/uploads\/2023\/02\/ND_2022_Osz_v3_Kerekasztal_fennt.pdf\" type=\"application\/pdf\" style=\"width:100%;height:1500px\" aria-label=\"Embed of ND_2022_Osz_v3_Kerekasztal_fennt.\"><\/object><a id=\"wp-block-file--media-3ee5acb1-aada-4f40-b44a-810e12ce8c93\" href=\"https:\/\/www.femmeharmone.com\/wp-content\/uploads\/2023\/02\/ND_2022_Osz_v3_Kerekasztal_fennt.pdf\">ND_2022_Osz_v3_Kerekasztal_fennt<\/a><a href=\"https:\/\/www.femmeharmone.com\/wp-content\/uploads\/2023\/02\/ND_2022_Osz_v3_Kerekasztal_fennt.pdf\" class=\"wp-block-file__button wp-element-button\" download aria-describedby=\"wp-block-file--media-3ee5acb1-aada-4f40-b44a-810e12ce8c93\">Let\u00f6lt\u00e9s<\/a><\/div>","protected":false},"excerpt":{"rendered":"","protected":false},"author":1,"featured_media":0,"parent":3047,"menu_order":1,"comment_status":"closed","ping_status":"closed","template":"page-article.php","meta":{"inline_featured_image":false,"footnotes":""},"categories":[],"tags":[],"_links":{"self":[{"href":"https:\/\/www.femmeharmone.com\/eng\/wp-json\/wp\/v2\/pages\/3091"}],"collection":[{"href":"https:\/\/www.femmeharmone.com\/eng\/wp-json\/wp\/v2\/pages"}],"about":[{"href":"https:\/\/www.femmeharmone.com\/eng\/wp-json\/wp\/v2\/types\/page"}],"author":[{"embeddable":true,"href":"https:\/\/www.femmeharmone.com\/eng\/wp-json\/wp\/v2\/users\/1"}],"replies":[{"embeddable":true,"href":"https:\/\/www.femmeharmone.com\/eng\/wp-json\/wp\/v2\/comments?post=3091"}],"version-history":[{"count":5,"href":"https:\/\/www.femmeharmone.com\/eng\/wp-json\/wp\/v2\/pages\/3091\/revisions"}],"predecessor-version":[{"id":3311,"href":"https:\/\/www.femmeharmone.com\/eng\/wp-json\/wp\/v2\/pages\/3091\/revisions\/3311"}],"up":[{"embeddable":true,"href":"https:\/\/www.femmeharmone.com\/eng\/wp-json\/wp\/v2\/pages\/3047"}],"wp:attachment":[{"href":"https:\/\/www.femmeharmone.com\/eng\/wp-json\/wp\/v2\/media?parent=3091"}],"wp:term":[{"taxonomy":"category","embeddable":true,"href":"https:\/\/www.femmeharmone.com\/eng\/wp-json\/wp\/v2\/categories?post=3091"},{"taxonomy":"post_tag","embeddable":true,"href":"https:\/\/www.femmeharmone.com\/eng\/wp-json\/wp\/v2\/tags?post=3091"}],"curies":[{"name":"wp","href":"https:\/\/api.w.org\/{rel}","templated":true}]}}