{"id":3601,"date":"2023-08-21T02:18:31","date_gmt":"2023-08-21T02:18:31","guid":{"rendered":"https:\/\/www.femmeharmone.com\/?page_id=3601"},"modified":"2023-08-21T03:15:28","modified_gmt":"2023-08-21T03:15:28","slug":"janoki-imre-gergely-a-neuralis-halozatokrol-es-a-magyarorszagi-mestersegesintelligencia-kutatasrol","status":"publish","type":"page","link":"https:\/\/www.femmeharmone.com\/eng\/a-noi-dimenzio\/ii-evfolyam-4-szam\/tudomany\/janoki-imre-gergely-a-neuralis-halozatokrol-es-a-magyarorszagi-mestersegesintelligencia-kutatasrol\/","title":{"rendered":"<em>J\u00e1noki Imre Gergely:<\/em> A neur\u00e1lis h\u00e1l\u00f3zatokr\u00f3l \u00e9s a magyarorsz\u00e1gi mesters\u00e9gesintelligencia-kutat\u00e1sr\u00f3l"},"content":{"rendered":"<p class=\"has-text-align-right\"><a href=\"https:\/\/doi.org\/10.55344\/andfh.2204078\" target=\"_blank\" rel=\"noreferrer noopener\"><em>DOI: 10.55344\/andfh.2204078<\/em><\/a><\/p>\n\n\n\n<p><em><strong>Absztrakt<\/strong><\/em><\/p>\n\n\n\n<p><strong>2023 febru\u00e1rj\u00e1ban megrendez\u00e9sre ker\u00fclt a AI&amp;AUT Expo szakmai ki\u00e1ll\u00edt\u00e1s, amin a magyarorsz\u00e1gi mesters\u00e9ges intelligencia (MI) \u00e9s automatiz\u00e1l\u00e1s kutat\u00e1si eredm\u00e9nyeit mutatt\u00e1k be. Ehhez kapcsol\u00f3dva mutatja be a cikk a MI jelent\u00e9s\u00e9t, alapjait \u00e9s alkalmazhat\u00f3s\u00e1g\u00e1t. A neur\u00e1lis h\u00e1l\u00f3zatok ismertet\u00e9s\u00e9t a leg\u00fajabb modellek \u00e9s alkalmaz\u00e1sok r\u00f6vid bemutat\u00e1sa, valamint a szakmai ki\u00e1ll\u00edt\u00e1son szerepelt demonstr\u00e1ci\u00f3k csokra z\u00e1rja.<\/strong><\/p>\n\n\n\n<div style=\"height:100px\" aria-hidden=\"true\" class=\"wp-block-spacer\"><\/div>\n\n\n\n<div data-wp-interactive=\"core\/file\" class=\"wp-block-file\"><object data-wp-bind--hidden=\"!state.hasPdfPreview\"  class=\"wp-block-file__embed\" data=\"https:\/\/www.femmeharmone.com\/wp-content\/uploads\/2023\/08\/AND6_2022_Tel_v2_Janoki_Imre_Gergely.pdf\" type=\"application\/pdf\" style=\"width:100%;height:1500px\" aria-label=\"Embed of AND6_2022_Tel_v2_Janoki_Imre_Gergely.\"><\/object><a id=\"wp-block-file--media-c9110b3d-c8dc-42d8-a540-9772412ea3db\" href=\"https:\/\/www.femmeharmone.com\/wp-content\/uploads\/2023\/08\/AND6_2022_Tel_v2_Janoki_Imre_Gergely.pdf\">AND6_2022_Tel_v2_Janoki_Imre_Gergely<\/a><a href=\"https:\/\/www.femmeharmone.com\/wp-content\/uploads\/2023\/08\/AND6_2022_Tel_v2_Janoki_Imre_Gergely.pdf\" class=\"wp-block-file__button wp-element-button\" download aria-describedby=\"wp-block-file--media-c9110b3d-c8dc-42d8-a540-9772412ea3db\">Let\u00f6lt\u00e9s<\/a><\/div>","protected":false},"excerpt":{"rendered":"<p>DOI: 10.55344\/andfh.2204078 Absztrakt 2023 febru\u00e1rj\u00e1ban megrendez\u00e9sre ker\u00fclt a AI&amp;AUT Expo szakmai ki\u00e1ll\u00edt\u00e1s, amin a magyarorsz\u00e1gi mesters\u00e9ges intelligencia (MI) \u00e9s automatiz\u00e1l\u00e1s kutat\u00e1si eredm\u00e9nyeit mutatt\u00e1k be. Ehhez kapcsol\u00f3dva mutatja be a cikk a MI jelent\u00e9s\u00e9t, alapjait \u00e9s alkalmazhat\u00f3s\u00e1g\u00e1t. A neur\u00e1lis h\u00e1l\u00f3zatok ismertet\u00e9s\u00e9t a leg\u00fajabb modellek \u00e9s alkalmaz\u00e1sok r\u00f6vid bemutat\u00e1sa, valamint a szakmai ki\u00e1ll\u00edt\u00e1son szerepelt demonstr\u00e1ci\u00f3k csokra z\u00e1rja.<\/p>","protected":false},"author":1,"featured_media":0,"parent":3541,"menu_order":3,"comment_status":"closed","ping_status":"closed","template":"page-article.php","meta":{"inline_featured_image":false,"footnotes":""},"categories":[],"tags":[],"_links":{"self":[{"href":"https:\/\/www.femmeharmone.com\/eng\/wp-json\/wp\/v2\/pages\/3601"}],"collection":[{"href":"https:\/\/www.femmeharmone.com\/eng\/wp-json\/wp\/v2\/pages"}],"about":[{"href":"https:\/\/www.femmeharmone.com\/eng\/wp-json\/wp\/v2\/types\/page"}],"author":[{"embeddable":true,"href":"https:\/\/www.femmeharmone.com\/eng\/wp-json\/wp\/v2\/users\/1"}],"replies":[{"embeddable":true,"href":"https:\/\/www.femmeharmone.com\/eng\/wp-json\/wp\/v2\/comments?post=3601"}],"version-history":[{"count":2,"href":"https:\/\/www.femmeharmone.com\/eng\/wp-json\/wp\/v2\/pages\/3601\/revisions"}],"predecessor-version":[{"id":3655,"href":"https:\/\/www.femmeharmone.com\/eng\/wp-json\/wp\/v2\/pages\/3601\/revisions\/3655"}],"up":[{"embeddable":true,"href":"https:\/\/www.femmeharmone.com\/eng\/wp-json\/wp\/v2\/pages\/3541"}],"wp:attachment":[{"href":"https:\/\/www.femmeharmone.com\/eng\/wp-json\/wp\/v2\/media?parent=3601"}],"wp:term":[{"taxonomy":"category","embeddable":true,"href":"https:\/\/www.femmeharmone.com\/eng\/wp-json\/wp\/v2\/categories?post=3601"},{"taxonomy":"post_tag","embeddable":true,"href":"https:\/\/www.femmeharmone.com\/eng\/wp-json\/wp\/v2\/tags?post=3601"}],"curies":[{"name":"wp","href":"https:\/\/api.w.org\/{rel}","templated":true}]}}