{"id":4086,"date":"2024-03-07T13:08:19","date_gmt":"2024-03-07T13:08:19","guid":{"rendered":"https:\/\/www.femmeharmone.com\/?page_id=4086"},"modified":"2024-03-07T13:11:04","modified_gmt":"2024-03-07T13:11:04","slug":"szerkesztoi-koszonto","status":"publish","type":"page","link":"https:\/\/www.femmeharmone.com\/eng\/a-noi-dimenzio\/iii-evfolyam-1-szam\/koszonto7\/szerkesztoi-koszonto\/","title":{"rendered":"Szerkeszt\u0151i k\u00f6sz\u00f6nt\u0151"},"content":{"rendered":"<h2 class=\"wp-block-heading has-text-align-center\"><strong>T\u00f6rt\u00e9nelmi lecke n\u0151knek<\/strong><\/h2>\n\n\n\n<h3 class=\"wp-block-heading has-text-align-center\"><em><strong>\u201eA csoda az egyetlen realit\u00e1s\u201d<\/strong><\/em><\/h3>\n\n\n\n<div style=\"height:30px\" aria-hidden=\"true\" class=\"wp-block-spacer\"><\/div>\n\n\n\n<p>Az alc\u00edm egy Szepes M\u00e1ri\u00e1t\u00f3l vett id\u00e9zet. Ilyenkor, tavasszal, a term\u00e9szet \u00e9led\u00e9s\u00e9vel, az \u00e9let \u00e9led\u00e9s\u00e9vel lehet\u0151s\u00e9g\u00fcnk ny\u00edlik k\u00f6zvetlen\u00fcl \u00e1t\u00e9lni a csod\u00e1t. S a csoda \u00e9ppen az a titok, ami egy n\u0151ben megt\u00f6rt\u00e9nhet: megfoganva, testb\u0151l testt\u00e9 v\u00e1lva, kilenced h\u00f3napra fels\u00edrv\u00e1n ebben a vil\u00e1gban. \u00d6r\u00f6k miszt\u00e9rium, ahogyan a n\u0151 a vil\u00e1g kezdet\u00e9t\u0151l a vil\u00e1g v\u00e9gezet\u00e9ig \u00fajra \u00e9s \u00fajra teret nyit az ember manifeszt\u00e1ci\u00f3j\u00e1nak, test\u00e9vel \u00f6sszek\u00f6tve a l\u00e9tez\u00e9st az \u00e9lettel.<\/p>\n\n\n\n<p>A n\u0151 k\u00fcl\u00f6nleges \u00e9letfeladata miatt k\u00f6zel \u00e1ll a l\u00e9t szellemi talapzat\u00e1hoz, j\u00f3llehet nem \u00e9rti vagy magyar\u00e1zza azt, hanem \u00e9li. \u00c9s nemcsak a magzatot \u00f6nmag\u00e1ba \u00e1gyazva, hanem \u00f6nmag\u00e1t a vil\u00e1gba \u00e1gyaz\u00f3dva. Amint bel\u00fcl, \u00fagy k\u00edv\u00fcl. A n\u0151nek ez a szerves bek\u00f6t\u00f6tts\u00e9ge a l\u00e9tez\u00e9sbe az emberi \u00e9let alapja. Mindazon\u00e1ltal a n\u0151nek szabads\u00e1g\u00e1ban \u00e1ll bek\u00f6t\u00f6tts\u00e9g\u00e9t elszak\u00edtania, \u00e1t\u00e1llni, s f\u00e9rfij\u00e1t\u00e9kokat j\u00e1tszani. De ha \u00edgy d\u00f6nt, az \u00e9letnek v\u00e9ge. J\u00f6hetnek a legk\u00fcl\u00f6nlegesebb technol\u00f3gi\u00e1k, melyek kiv\u00e1ltj\u00e1k \u00e9s technik\u00e1v\u00e1 sil\u00e1ny\u00edtj\u00e1k az \u00f6sszes funkci\u00f3t a term\u00e9keny\u00fcl\u00e9st\u0151l a testet \u00f6lt\u00e9sig, elimin\u00e1lva a sz\u00fcl\u00e9s \u00e9s sz\u00fclet\u00e9s dr\u00e1m\u00e1j\u00e1t, s\u00faly\u00e1t\u00f3l megfosztva az \u00e9letet, kiiktatva az \u00e9let akarati t\u00e9nyez\u0151j\u00e9t a neml\u00e9tez\u00e9ssel szemben.<\/p>\n\n\n\n<p>Minden f\u00e9lrevezet\u0151 h\u00edresztel\u00e9ssel szemben az emberi l\u00e9t fenntarthat\u00f3s\u00e1g\u00e1nak garanci\u00e1it nem a tudom\u00e1nyban, a gazdas\u00e1gban vagy eszm\u00e9kben kell keresni, hanem azt a n\u0151k a m\u00e9h\u00fckben hordozz\u00e1k. A n\u0151knek nem egyenjog\u00fas\u00e1g\u00e9rt kell k\u00fczdeni, hanem val\u00f3s n\u0151i l\u00e9tez\u00e9s\u00fck \u2013 n\u0151is\u00e9g\u00fck \u2013 ar\u00e1nyos reprezent\u00e1ci\u00f3j\u00e1\u00e9rt a kult\u00far\u00e1ban. Ha ez megold\u00f3dna, \u00f6nmag\u00e1t\u00f3l megsz\u0171nne a maszkulin fel\u00fclreprezent\u00e1lts\u00e1g, elhaln\u00e1nak a jog, a technol\u00f3gi\u00e1k, az ideol\u00f3gi\u00e1k \u00e9letellenes vadhajt\u00e1sai, s es\u00e9ly teremt\u0151dne a l\u00e9tez\u00e9s val\u00f3s\u00e1g\u00e1ra f\u00f3kusz\u00e1lni. Ez az els\u0151dleges \u00e9s az egyetlen lecke, amit egy n\u0151nek meg kell tanulnia. Csak ennek tudata adhat es\u00e9lyt az el\u0151tt\u00fcnk \u00e1ll\u00f3, lehets\u00e9ges szingularit\u00e1sok t\u00fal\u00e9l\u00e9s\u00e9re.<\/p>\n\n\n\n<p>Tavasz van. Pattannak a r\u00fcgyek. \u00c9s m\u00e9g v\u00e1rhat\u00f3, hogy ny\u00edlnak vir\u00e1gok is. Hamarosan.<\/p>\n\n\n\n<p class=\"has-text-align-right\"><em>Major Gy\u00f6ngyi<\/em><\/p>\n\n\n\n<div style=\"height:100px\" aria-hidden=\"true\" class=\"wp-block-spacer\"><\/div>","protected":false},"excerpt":{"rendered":"<p>T\u00f6rt\u00e9nelmi lecke n\u0151knek \u201eA csoda az egyetlen realit\u00e1s\u201d Az alc\u00edm egy Szepes M\u00e1ri\u00e1t\u00f3l vett id\u00e9zet. Ilyenkor, tavasszal, a term\u00e9szet \u00e9led\u00e9s\u00e9vel, az \u00e9let \u00e9led\u00e9s\u00e9vel lehet\u0151s\u00e9g\u00fcnk ny\u00edlik k\u00f6zvetlen\u00fcl \u00e1t\u00e9lni a csod\u00e1t. S a csoda \u00e9ppen az a titok, ami egy n\u0151ben megt\u00f6rt\u00e9nhet: megfoganva, testb\u0151l testt\u00e9 v\u00e1lva, kilenced h\u00f3napra fels\u00edrv\u00e1n ebben a vil\u00e1gban. \u00d6r\u00f6k miszt\u00e9rium, ahogyan a n\u0151&hellip;<\/p>","protected":false},"author":1,"featured_media":0,"parent":4063,"menu_order":1,"comment_status":"closed","ping_status":"closed","template":"page-article.php","meta":{"inline_featured_image":false,"footnotes":""},"categories":[],"tags":[],"_links":{"self":[{"href":"https:\/\/www.femmeharmone.com\/eng\/wp-json\/wp\/v2\/pages\/4086"}],"collection":[{"href":"https:\/\/www.femmeharmone.com\/eng\/wp-json\/wp\/v2\/pages"}],"about":[{"href":"https:\/\/www.femmeharmone.com\/eng\/wp-json\/wp\/v2\/types\/page"}],"author":[{"embeddable":true,"href":"https:\/\/www.femmeharmone.com\/eng\/wp-json\/wp\/v2\/users\/1"}],"replies":[{"embeddable":true,"href":"https:\/\/www.femmeharmone.com\/eng\/wp-json\/wp\/v2\/comments?post=4086"}],"version-history":[{"count":2,"href":"https:\/\/www.femmeharmone.com\/eng\/wp-json\/wp\/v2\/pages\/4086\/revisions"}],"predecessor-version":[{"id":4097,"href":"https:\/\/www.femmeharmone.com\/eng\/wp-json\/wp\/v2\/pages\/4086\/revisions\/4097"}],"up":[{"embeddable":true,"href":"https:\/\/www.femmeharmone.com\/eng\/wp-json\/wp\/v2\/pages\/4063"}],"wp:attachment":[{"href":"https:\/\/www.femmeharmone.com\/eng\/wp-json\/wp\/v2\/media?parent=4086"}],"wp:term":[{"taxonomy":"category","embeddable":true,"href":"https:\/\/www.femmeharmone.com\/eng\/wp-json\/wp\/v2\/categories?post=4086"},{"taxonomy":"post_tag","embeddable":true,"href":"https:\/\/www.femmeharmone.com\/eng\/wp-json\/wp\/v2\/tags?post=4086"}],"curies":[{"name":"wp","href":"https:\/\/api.w.org\/{rel}","templated":true}]}}