{"id":4170,"date":"2024-03-07T15:02:15","date_gmt":"2024-03-07T15:02:15","guid":{"rendered":"https:\/\/www.femmeharmone.com\/?page_id=4170"},"modified":"2024-03-07T17:25:29","modified_gmt":"2024-03-07T17:25:29","slug":"detre-ors-hunor-james-webb-es-az-uj-vilag","status":"publish","type":"page","link":"https:\/\/www.femmeharmone.com\/eng\/a-noi-dimenzio\/iii-evfolyam-1-szam\/tudomany7\/detre-ors-hunor-james-webb-es-az-uj-vilag\/","title":{"rendered":"<em>Detre \u00d6rs Hunor:<\/em> James Webb \u00e9s az \u00faj vil\u00e1g"},"content":{"rendered":"<h3 class=\"wp-block-heading has-text-align-center\">Luca nap: M\u00faltb\u00f3l a j\u00f6v\u0151be konferencia<\/h3>\n\n\n\n<p class=\"has-text-align-center\">2022. december 13.<\/p>\n\n\n\n<p class=\"has-text-align-center\">\u00d6rm\u00e9ny Kultur\u00e1lis K\u00f6zpont, Budapest<\/p>\n\n\n\n<div style=\"height:100px\" aria-hidden=\"true\" class=\"wp-block-spacer\"><\/div>\n\n\n\n<figure class=\"wp-block-embed aligncenter is-type-video is-provider-youtube wp-block-embed-youtube wp-embed-aspect-4-3 wp-has-aspect-ratio\"><div class=\"wp-block-embed__wrapper\">\n<iframe loading=\"lazy\" title=\"James Webb \u00e9s az \u00faj vil\u00e1g\" width=\"750\" height=\"563\" src=\"https:\/\/www.youtube.com\/embed\/llh1RrZrec0?feature=oembed\" frameborder=\"0\" allow=\"accelerometer; autoplay; clipboard-write; encrypted-media; gyroscope; picture-in-picture; web-share\" allowfullscreen><\/iframe>\n<\/div><\/figure>\n\n\n\n<div style=\"height:100px\" aria-hidden=\"true\" class=\"wp-block-spacer\"><\/div>","protected":false},"excerpt":{"rendered":"<p>Luca nap: M\u00faltb\u00f3l a j\u00f6v\u0151be konferencia 2022. december 13. \u00d6rm\u00e9ny Kultur\u00e1lis K\u00f6zpont, Budapest<\/p>","protected":false},"author":1,"featured_media":0,"parent":4076,"menu_order":16,"comment_status":"closed","ping_status":"closed","template":"page-article.php","meta":{"inline_featured_image":false,"footnotes":""},"categories":[],"tags":[],"_links":{"self":[{"href":"https:\/\/www.femmeharmone.com\/eng\/wp-json\/wp\/v2\/pages\/4170"}],"collection":[{"href":"https:\/\/www.femmeharmone.com\/eng\/wp-json\/wp\/v2\/pages"}],"about":[{"href":"https:\/\/www.femmeharmone.com\/eng\/wp-json\/wp\/v2\/types\/page"}],"author":[{"embeddable":true,"href":"https:\/\/www.femmeharmone.com\/eng\/wp-json\/wp\/v2\/users\/1"}],"replies":[{"embeddable":true,"href":"https:\/\/www.femmeharmone.com\/eng\/wp-json\/wp\/v2\/comments?post=4170"}],"version-history":[{"count":3,"href":"https:\/\/www.femmeharmone.com\/eng\/wp-json\/wp\/v2\/pages\/4170\/revisions"}],"predecessor-version":[{"id":4249,"href":"https:\/\/www.femmeharmone.com\/eng\/wp-json\/wp\/v2\/pages\/4170\/revisions\/4249"}],"up":[{"embeddable":true,"href":"https:\/\/www.femmeharmone.com\/eng\/wp-json\/wp\/v2\/pages\/4076"}],"wp:attachment":[{"href":"https:\/\/www.femmeharmone.com\/eng\/wp-json\/wp\/v2\/media?parent=4170"}],"wp:term":[{"taxonomy":"category","embeddable":true,"href":"https:\/\/www.femmeharmone.com\/eng\/wp-json\/wp\/v2\/categories?post=4170"},{"taxonomy":"post_tag","embeddable":true,"href":"https:\/\/www.femmeharmone.com\/eng\/wp-json\/wp\/v2\/tags?post=4170"}],"curies":[{"name":"wp","href":"https:\/\/api.w.org\/{rel}","templated":true}]}}