{"id":4178,"date":"2024-03-07T15:12:51","date_gmt":"2024-03-07T15:12:51","guid":{"rendered":"https:\/\/www.femmeharmone.com\/?page_id=4178"},"modified":"2024-03-07T17:25:58","modified_gmt":"2024-03-07T17:25:58","slug":"tradicio-es-divat-rendhagyo-divatbemutato-a-gellert-szallo-nagytermeben","status":"publish","type":"page","link":"https:\/\/www.femmeharmone.com\/eng\/a-noi-dimenzio\/iii-evfolyam-1-szam\/kerekasztal7\/tradicio-es-divat-rendhagyo-divatbemutato-a-gellert-szallo-nagytermeben\/","title":{"rendered":"Trad\u00edci\u00f3 \u00e9s divat \u2013 Rendhagy\u00f3 divatbemutat\u00f3 a Gell\u00e9rt Sz\u00e1ll\u00f3 nagyterm\u00e9ben"},"content":{"rendered":"<p class=\"has-text-align-center\">Rendezte: Trad\u00edci\u00f3 Alap\u00edtv\u00e1ny, Birinyi J\u00f3zsef, 1990<\/p>\n\n\n\n<div style=\"height:100px\" aria-hidden=\"true\" class=\"wp-block-spacer\"><\/div>\n\n\n\n<figure class=\"wp-block-embed aligncenter is-type-video is-provider-youtube wp-block-embed-youtube wp-embed-aspect-4-3 wp-has-aspect-ratio\"><div class=\"wp-block-embed__wrapper\">\n<iframe loading=\"lazy\" title=\"Trad\u00edci\u00f3 \u00e9s divat \u2013 Rendhagy\u00f3 divatbemutat\u00f3 a Gell\u00e9rt Sz\u00e1ll\u00f3 nagyterm\u00e9ben\" width=\"750\" height=\"563\" src=\"https:\/\/www.youtube.com\/embed\/8mMCauZTJ5U?feature=oembed\" frameborder=\"0\" allow=\"accelerometer; autoplay; clipboard-write; encrypted-media; gyroscope; picture-in-picture; web-share\" allowfullscreen><\/iframe>\n<\/div><\/figure>\n\n\n\n<div style=\"height:100px\" aria-hidden=\"true\" class=\"wp-block-spacer\"><\/div>","protected":false},"excerpt":{"rendered":"<p>Rendezte: Trad\u00edci\u00f3 Alap\u00edtv\u00e1ny, Birinyi J\u00f3zsef, 1990<\/p>","protected":false},"author":1,"featured_media":0,"parent":4080,"menu_order":2,"comment_status":"closed","ping_status":"closed","template":"page-article.php","meta":{"inline_featured_image":false,"footnotes":""},"categories":[],"tags":[],"_links":{"self":[{"href":"https:\/\/www.femmeharmone.com\/eng\/wp-json\/wp\/v2\/pages\/4178"}],"collection":[{"href":"https:\/\/www.femmeharmone.com\/eng\/wp-json\/wp\/v2\/pages"}],"about":[{"href":"https:\/\/www.femmeharmone.com\/eng\/wp-json\/wp\/v2\/types\/page"}],"author":[{"embeddable":true,"href":"https:\/\/www.femmeharmone.com\/eng\/wp-json\/wp\/v2\/users\/1"}],"replies":[{"embeddable":true,"href":"https:\/\/www.femmeharmone.com\/eng\/wp-json\/wp\/v2\/comments?post=4178"}],"version-history":[{"count":2,"href":"https:\/\/www.femmeharmone.com\/eng\/wp-json\/wp\/v2\/pages\/4178\/revisions"}],"predecessor-version":[{"id":4250,"href":"https:\/\/www.femmeharmone.com\/eng\/wp-json\/wp\/v2\/pages\/4178\/revisions\/4250"}],"up":[{"embeddable":true,"href":"https:\/\/www.femmeharmone.com\/eng\/wp-json\/wp\/v2\/pages\/4080"}],"wp:attachment":[{"href":"https:\/\/www.femmeharmone.com\/eng\/wp-json\/wp\/v2\/media?parent=4178"}],"wp:term":[{"taxonomy":"category","embeddable":true,"href":"https:\/\/www.femmeharmone.com\/eng\/wp-json\/wp\/v2\/categories?post=4178"},{"taxonomy":"post_tag","embeddable":true,"href":"https:\/\/www.femmeharmone.com\/eng\/wp-json\/wp\/v2\/tags?post=4178"}],"curies":[{"name":"wp","href":"https:\/\/api.w.org\/{rel}","templated":true}]}}