{"id":4180,"date":"2024-03-07T15:14:45","date_gmt":"2024-03-07T15:14:45","guid":{"rendered":"https:\/\/www.femmeharmone.com\/?page_id=4180"},"modified":"2024-03-07T18:28:58","modified_gmt":"2024-03-07T18:28:58","slug":"mily-divatshow-jozsa-melinda-mily-ruha-es-ekszertervezo-bemutatoja","status":"publish","type":"page","link":"https:\/\/www.femmeharmone.com\/eng\/a-noi-dimenzio\/iii-evfolyam-1-szam\/kerekasztal7\/mily-divatshow-jozsa-melinda-mily-ruha-es-ekszertervezo-bemutatoja\/","title":{"rendered":"MilY Divatshow \u2013 J\u00f3zsa Melinda MilY ruha- \u00e9s \u00e9kszertervez\u0151 bemutat\u00f3ja"},"content":{"rendered":"<div style=\"height:100px\" aria-hidden=\"true\" class=\"wp-block-spacer\"><\/div>\n\n\n\n<p>Szir\u00e1ky G\u00e1bor koreogr\u00e1fus a lehet\u0151s\u00e9gekt\u0151l hat\u00e1rolt fant\u00e1zia inspir\u00e1ci\u00f3j\u00e1ban egy hagyom\u00e1nyos \u00e9rtelemben vett divatbemutat\u00f3 helyett l\u00e9nyeg\u00e9ben egy performanszt helyezett el\u00e9nk. Ebben legal\u00e1bb h\u00e1rom l\u00e9nyeges \u00f6sszetev\u0151 egyens\u00falyban l\u00e9v\u0151 megjelen\u00edt\u00e9s\u00e9t oldotta meg. Verb\u00e1lisan is kifejezte \u00e9s kifejtette az \u00f6lt\u00f6zetek&nbsp;\u00e9s szem\u00e9lyis\u00e9gek harm\u00f3ni\u00e1j\u00e1nak koncepci\u00f3j\u00e1t, a modellk\u00e9nt alkalmazott sz\u00ednm\u0171v\u00e9szek \u00e9s t\u00e1ncm\u0171v\u00e9szek szem\u00e9lyis\u00e9g\u00e9re f\u00f3kusz\u00e1lva,&nbsp;mozg\u00e1sm\u0171v\u00e9szeti eszk\u00f6z\u00f6kkel demonstr\u00e1lta a szem\u00e9lyis\u00e9g \u00e9s viselet szerves \u00f6sszef\u00fcgg\u00e9s\u00e9nek lehet\u0151s\u00e9geit, s egyben bemutatott egy ennek a koncepci\u00f3nak megfelel\u0151 kollekci\u00f3t. Ez a megold\u00e1s nem felt\u00e9tlen rengeti meg a divatipart, de \u00e9lvezet szembes\u00fclni azzal, hogy mennyi frissess\u00e9g, elevens\u00e9g \u00e9s lend\u00fclet az elk\u00e9pzel\u00e9s eredm\u00e9nye.&nbsp;<\/p>\n\n\n\n<p>Fell\u00e9p\u0151k:<br><strong><em>Bicskey Zs\u00f3fia Anna<\/em><\/strong><br><strong><em>Friedrick Franciska<\/em><\/strong><br><strong><em>Orosz Nikoletta<\/em><\/strong><br><strong><em>Peth\u0151 N\u00f3ra Kincs\u0151<\/em><\/strong><br><strong><em>Szir\u00e1ky T\u00edmea<\/em><\/strong><br><strong><em>Sz\u0151cs Barbara<\/em><\/strong><\/p>\n\n\n\n<div style=\"height:100px\" aria-hidden=\"true\" class=\"wp-block-spacer\"><\/div>\n\n\n\n<figure class=\"wp-block-embed aligncenter is-type-video is-provider-youtube wp-block-embed-youtube wp-embed-aspect-16-9 wp-has-aspect-ratio\"><div class=\"wp-block-embed__wrapper\">\n<iframe loading=\"lazy\" title=\"Femme Harmone Divatshow \u2013 J\u00f3zsa Melinda \u201eMilY&quot; ruha- \u00e9s \u00e9kszertervez\u0151 bemutat\u00f3ja\" width=\"750\" height=\"422\" src=\"https:\/\/www.youtube.com\/embed\/aGf6gIYy5JM?feature=oembed\" frameborder=\"0\" allow=\"accelerometer; autoplay; clipboard-write; encrypted-media; gyroscope; picture-in-picture; web-share\" allowfullscreen><\/iframe>\n<\/div><\/figure>\n\n\n\n<div style=\"height:100px\" aria-hidden=\"true\" class=\"wp-block-spacer\"><\/div>","protected":false},"excerpt":{"rendered":"<p>Szir\u00e1ky G\u00e1bor koreogr\u00e1fus a lehet\u0151s\u00e9gekt\u0151l hat\u00e1rolt fant\u00e1zia inspir\u00e1ci\u00f3j\u00e1ban egy hagyom\u00e1nyos \u00e9rtelemben vett divatbemutat\u00f3 helyett l\u00e9nyeg\u00e9ben egy performanszt helyezett el\u00e9nk. Ebben legal\u00e1bb h\u00e1rom l\u00e9nyeges \u00f6sszetev\u0151 egyens\u00falyban l\u00e9v\u0151 megjelen\u00edt\u00e9s\u00e9t oldotta meg. Verb\u00e1lisan is kifejezte \u00e9s kifejtette az \u00f6lt\u00f6zetek&nbsp;\u00e9s szem\u00e9lyis\u00e9gek harm\u00f3ni\u00e1j\u00e1nak koncepci\u00f3j\u00e1t, a modellk\u00e9nt alkalmazott sz\u00ednm\u0171v\u00e9szek \u00e9s t\u00e1ncm\u0171v\u00e9szek szem\u00e9lyis\u00e9g\u00e9re f\u00f3kusz\u00e1lva,&nbsp;mozg\u00e1sm\u0171v\u00e9szeti eszk\u00f6z\u00f6kkel demonstr\u00e1lta a szem\u00e9lyis\u00e9g \u00e9s viselet szerves \u00f6sszef\u00fcgg\u00e9s\u00e9nek&hellip;<\/p>","protected":false},"author":1,"featured_media":0,"parent":4080,"menu_order":3,"comment_status":"closed","ping_status":"closed","template":"page-article.php","meta":{"inline_featured_image":false,"footnotes":""},"categories":[],"tags":[],"_links":{"self":[{"href":"https:\/\/www.femmeharmone.com\/eng\/wp-json\/wp\/v2\/pages\/4180"}],"collection":[{"href":"https:\/\/www.femmeharmone.com\/eng\/wp-json\/wp\/v2\/pages"}],"about":[{"href":"https:\/\/www.femmeharmone.com\/eng\/wp-json\/wp\/v2\/types\/page"}],"author":[{"embeddable":true,"href":"https:\/\/www.femmeharmone.com\/eng\/wp-json\/wp\/v2\/users\/1"}],"replies":[{"embeddable":true,"href":"https:\/\/www.femmeharmone.com\/eng\/wp-json\/wp\/v2\/comments?post=4180"}],"version-history":[{"count":4,"href":"https:\/\/www.femmeharmone.com\/eng\/wp-json\/wp\/v2\/pages\/4180\/revisions"}],"predecessor-version":[{"id":4262,"href":"https:\/\/www.femmeharmone.com\/eng\/wp-json\/wp\/v2\/pages\/4180\/revisions\/4262"}],"up":[{"embeddable":true,"href":"https:\/\/www.femmeharmone.com\/eng\/wp-json\/wp\/v2\/pages\/4080"}],"wp:attachment":[{"href":"https:\/\/www.femmeharmone.com\/eng\/wp-json\/wp\/v2\/media?parent=4180"}],"wp:term":[{"taxonomy":"category","embeddable":true,"href":"https:\/\/www.femmeharmone.com\/eng\/wp-json\/wp\/v2\/categories?post=4180"},{"taxonomy":"post_tag","embeddable":true,"href":"https:\/\/www.femmeharmone.com\/eng\/wp-json\/wp\/v2\/tags?post=4180"}],"curies":[{"name":"wp","href":"https:\/\/api.w.org\/{rel}","templated":true}]}}