{"id":4484,"date":"2024-06-26T22:40:05","date_gmt":"2024-06-26T22:40:05","guid":{"rendered":"https:\/\/www.femmeharmone.com\/?page_id=4484"},"modified":"2024-06-27T01:06:37","modified_gmt":"2024-06-27T01:06:37","slug":"franz-schubert-erlkonig-eloadja-boganyi-gergely","status":"publish","type":"page","link":"https:\/\/www.femmeharmone.com\/eng\/a-noi-dimenzio\/iii-evfolyam-2-szam\/zene8\/franz-schubert-erlkonig-eloadja-boganyi-gergely\/","title":{"rendered":"<em>Franz Schubert:<\/em> Erlk\u00f6nig \u2013 El\u0151adja <em>Bog\u00e1nyi Gergely<\/em>"},"content":{"rendered":"<div style=\"height:100px\" aria-hidden=\"true\" class=\"wp-block-spacer\"><\/div>\n\n\n\n<figure class=\"wp-block-embed is-type-video is-provider-youtube wp-block-embed-youtube wp-embed-aspect-16-9 wp-has-aspect-ratio\"><div class=\"wp-block-embed__wrapper\">\n<iframe loading=\"lazy\" title=\"Franz Schubert: Erlk\u00f6nig \u2013 El\u0151adja Bog\u00e1nyi Gergely\" width=\"750\" height=\"422\" src=\"https:\/\/www.youtube.com\/embed\/wIlU01b3MSg?feature=oembed\" frameborder=\"0\" allow=\"accelerometer; autoplay; clipboard-write; encrypted-media; gyroscope; picture-in-picture; web-share\" referrerpolicy=\"strict-origin-when-cross-origin\" allowfullscreen><\/iframe>\n<\/div><\/figure>\n\n\n\n<p class=\"has-text-align-center\"><strong>El\u0151adja: Bog\u00e1nyi Gergely<\/strong><\/p>\n\n\n\n<p class=\"has-text-align-center\"><strong>A felv\u00e9telt k\u00e9sz\u00edtette: Erd\u00e9lyi P\u00e9ter<\/strong><\/p>\n\n\n\n<p class=\"has-text-align-center\"><strong>Rendez\u0151: Szir\u00e1ky G\u00e1bor<\/strong><\/p>\n\n\n\n<p class=\"has-text-align-center\"><strong>Vide\u00f3: G\u00e1bor Andr\u00e1s, L\u00e1szl\u00f3 P\u00e9ter<\/strong><\/p>\n\n\n\n<div style=\"height:100px\" aria-hidden=\"true\" class=\"wp-block-spacer\"><\/div>","protected":false},"excerpt":{"rendered":"<p>El\u0151adja: Bog\u00e1nyi Gergely A felv\u00e9telt k\u00e9sz\u00edtette: Erd\u00e9lyi P\u00e9ter Rendez\u0151: Szir\u00e1ky G\u00e1bor Vide\u00f3: G\u00e1bor Andr\u00e1s, L\u00e1szl\u00f3 P\u00e9ter<\/p>","protected":false},"author":1,"featured_media":0,"parent":4470,"menu_order":1,"comment_status":"closed","ping_status":"closed","template":"page-article.php","meta":{"inline_featured_image":false,"footnotes":""},"categories":[],"tags":[],"_links":{"self":[{"href":"https:\/\/www.femmeharmone.com\/eng\/wp-json\/wp\/v2\/pages\/4484"}],"collection":[{"href":"https:\/\/www.femmeharmone.com\/eng\/wp-json\/wp\/v2\/pages"}],"about":[{"href":"https:\/\/www.femmeharmone.com\/eng\/wp-json\/wp\/v2\/types\/page"}],"author":[{"embeddable":true,"href":"https:\/\/www.femmeharmone.com\/eng\/wp-json\/wp\/v2\/users\/1"}],"replies":[{"embeddable":true,"href":"https:\/\/www.femmeharmone.com\/eng\/wp-json\/wp\/v2\/comments?post=4484"}],"version-history":[{"count":6,"href":"https:\/\/www.femmeharmone.com\/eng\/wp-json\/wp\/v2\/pages\/4484\/revisions"}],"predecessor-version":[{"id":4584,"href":"https:\/\/www.femmeharmone.com\/eng\/wp-json\/wp\/v2\/pages\/4484\/revisions\/4584"}],"up":[{"embeddable":true,"href":"https:\/\/www.femmeharmone.com\/eng\/wp-json\/wp\/v2\/pages\/4470"}],"wp:attachment":[{"href":"https:\/\/www.femmeharmone.com\/eng\/wp-json\/wp\/v2\/media?parent=4484"}],"wp:term":[{"taxonomy":"category","embeddable":true,"href":"https:\/\/www.femmeharmone.com\/eng\/wp-json\/wp\/v2\/categories?post=4484"},{"taxonomy":"post_tag","embeddable":true,"href":"https:\/\/www.femmeharmone.com\/eng\/wp-json\/wp\/v2\/tags?post=4484"}],"curies":[{"name":"wp","href":"https:\/\/api.w.org\/{rel}","templated":true}]}}