{"id":4507,"date":"2024-06-26T23:01:33","date_gmt":"2024-06-26T23:01:33","guid":{"rendered":"https:\/\/www.femmeharmone.com\/?page_id=4507"},"modified":"2024-10-11T15:33:33","modified_gmt":"2024-10-11T15:33:33","slug":"major-gyongyi-versenykepesseg-es-orszagimazs-az-mi-korszakaban","status":"publish","type":"page","link":"https:\/\/www.femmeharmone.com\/eng\/a-noi-dimenzio\/iii-evfolyam-2-szam\/tudomany8\/major-gyongyi-versenykepesseg-es-orszagimazs-az-mi-korszakaban\/","title":{"rendered":"<em>Major Gy\u00f6ngyi:<\/em> Versenyk\u00e9pess\u00e9g \u00e9s orsz\u00e1gim\u00e1zs az MI korszak\u00e1ban"},"content":{"rendered":"\n<p class=\"has-text-align-right\"><em><a href=\"https:\/\/doi.org\/10.55344\/andfh.2302114\">DOI: 10.55344\/andfh.2302114<\/a><\/em><\/p>\n\n\n\n<div style=\"height:100px\" aria-hidden=\"true\" class=\"wp-block-spacer\"><\/div>\n\n\n\n<p><em><strong>Absztrakt<\/strong><\/em><\/p>\n\n\n\n<p><strong>A mesters\u00e9ges intelligencia korszak\u00e1ban kulcsfontoss\u00e1g\u00fav\u00e1 v\u00e1lhat a nemzet szubsztanci\u00e1lis megk\u00f6zel\u00edt\u00e9se. A tanulm\u00e1ny annak vizsg\u00e1lat\u00e1ra f\u00f3kusz\u00e1l, hogy nemzetgazdas\u00e1gi szinten az \u00faj versenyk\u00e9pess\u00e9g koncepci\u00f3ja hogyan f\u00fcgg \u00f6ssze egy olyan \u00faj nemzetstrat\u00e9gi\u00e1val, amely m\u00e1r gy\u00f6keresen \u00faj tartalmakat \u00e9s form\u00e1kat jelen\u00edt meg.<\/strong><\/p>\n\n\n\n<p><strong>A mesters\u00e9ges intelligencia \u00e9s a kvantumsz\u00e1m\u00edt\u00f3g\u00e9pek realit\u00e1sa \u00faj nemzet\u00e9rtelmez\u00e9st motiv\u00e1l, k\u00e9rd\u00e9s azonban, hogy a hagyom\u00e1ny- \u00e9s kult\u00farak\u00f6zpont\u00fa nemzetfelfog\u00e1s \u00e9s a nemzet szubsztancialit\u00e1sban \u00e9rtelmezett szerepe a versenyk\u00e9pess\u00e9gre alapoz\u00f3 gazdas\u00e1gi funkcionalit\u00e1ssal m\u0171k\u00f6d\u00e9sbe hozhat\u00f3-e. Egyre kardin\u00e1lisabb gazdas\u00e1gi k\u00e9rd\u00e9ss\u00e9 v\u00e1lik a nemzet megmarad\u00e1s\u00e1nak \u00e9s az \u00f6ssznemzeti fenntarthat\u00f3s\u00e1g\u00e1nak szempontj\u00e1b\u00f3l az, hogy az \u0151si tud\u00e1sok feleleven\u00edt\u00e9s\u00e9vel a lokalit\u00e1sok k\u00e9pesek-e a nemzeti identit\u00e1s \u00fajj\u00e1teremt\u00e9s\u00e9re. K\u00f6vetkez\u00e9sk\u00e9ppen l\u00e9nyegi k\u00e9rd\u00e9sk\u00e9nt jelenik meg az, hogy a r\u00e9gi \u00e9s \u00faj tud\u00e1sok szint\u00e9zis\u00e9ben a lokalit\u00e1sok tudatosan \u00e1t tudj\u00e1k-e alak\u00edtani bels\u0151 \u00e9let\u00fcket \u00fagy, hogy az innovat\u00edv-kreat\u00edv tud\u00e1salkalmaz\u00e1ssal visszahathasson egyben a glob\u00e1lis szint posztmodern \u00e9s poszt-posztmodern<br>megnyilv\u00e1nul\u00e1saira is.<\/strong><\/p>\n\n\n\n<p><strong>A 21. sz\u00e1zad form\u00e1l\u00f3i azok lesznek, akik \u00e9rtelmezni tudj\u00e1k a glob\u00e1lis folyamatokat, s az egyedi emberi kreativit\u00e1s, az egy\u00fcttm\u0171k\u00f6d\u0151-k\u00e9pess\u00e9g \u00e9s a technol\u00f3giai innov\u00e1ci\u00f3k ment\u00e9n r\u00e9szeseiv\u00e9 v\u00e1lhatnak a t\u00e9rk\u00e9pek \u00fajrarajzol\u00e1s\u00e1nak. Mik\u00f6zben a j\u00e1t\u00e9kszab\u00e1lyok glob\u00e1lis szinten t\u00f6rt\u00e9n\u0151 \u00e9rtelmez\u00e9s\u00e9re ir\u00e1nyul\u00f3 t\u00f6rekv\u00e9sek egyre nagyobb akad\u00e1lyokba \u00fctk\u00f6znek, a mikroszintek akaratlanul is lehet\u0151s\u00e9ghez jutnak, hiszen az egyre komplexebb\u00e9 v\u00e1l\u00f3 glob\u00e1lis gazdas\u00e1gban az innov\u00e1ci\u00f3 inspir\u00e1ci\u00f3ja a h\u00e1l\u00f3zatokban megjelen\u0151 \u00faj partnerekt\u0151l is \u00e9rkezhet. Ebb\u0151l k\u00f6vetkez\u0151en fontos k\u00e9rd\u00e9ss\u00e9 v\u00e1lhat az, hogy a periferikus l\u00e9tez\u00e9s mik\u00e9nt konvert\u00e1lhat\u00f3 versenyk\u00e9pess\u00e9gi el\u0151nny\u00e9 \u00e9ppen az\u00e1ltal, hogy az \u00faj gazdas\u00e1gi kontextus nem a kontinuit\u00e1s (a felz\u00e1rk\u00f3z\u00e1s \u00e9s utol\u00e9r\u00e9s) strat\u00e9gi\u00e1j\u00e1t d\u00edjazza, hanem azt, amely \u00faj elvrendszer ment\u00e9n struktur\u00e1l\u00f3dik.<\/strong><\/p>\n\n\n\n<p><em><strong>\u201eEgy kiv\u00e9teles geopillanat r\u00e9szesei vagyunk, amikor fel\u00fclm\u00falhatatlan emberi \u00e9rt\u00e9kek \u00e9s technol\u00f3giai innov\u00e1ci\u00f3k rajzolj\u00e1k \u00e1t a t\u00e9rk\u00e9peket. Az ezer sz\u00e1llal egym\u00e1sba kapaszkod\u00f3 glob\u00e1lis vil\u00e1g az \u00faj inspir\u00e1ci\u00f3kat az egyedi kreativit\u00e1sban, az \u00faj partnereket a lok\u00e1lis h\u00e1l\u00f3zatokban keresi \u2013 a m\u00falt hat\u00e1rvid\u00e9keib\u0151l \u00edgy alakulnak ki a j\u00f6v\u0151 k\u00f6zpontjai.<br>A f\u00f6ldrajz ism\u00e9t fel\u00e9rt\u00e9kel\u0151d\u00f6tt. A 21. sz\u00e1zad felfedez\u0151i azok lesznek, akik k\u00e9pesek \u00e9rtelmezni a glob\u00e1lis folyamatokat, \u00e9s van b\u00e1tors\u00e1guk \u00fajrarajzolni a 21. sz\u00e1zad t\u00e9rk\u00e9p\u00e9t, hogy maradand\u00f3 \u00e9rt\u00e9ket adjanak a vil\u00e1gnak.\u201d<a id=\"_ftnref1\" href=\"#_ftn1\"><sup><sup>[1]<\/sup><\/sup><\/a><\/strong><\/em><\/p>\n\n\n\n<p><strong>A tanulm\u00e1ny c\u00e9lja kett\u0151s. R\u00e9szben r\u00e1 k\u00edv\u00e1n mutatni arra, hogy a geopillanatnak nevezett \u201eid\u0151szakban\u201d a kreativit\u00e1ssal tel\u00edtett lokalit\u00e1sokban megjelen\u0151 amb\u00edci\u00f3k dinamik\u00e1ja alkalmas lehet a kor k\u00f6vetelm\u00e9nyeinek szintj\u00e9n elv\u00e9gezni a megfelel\u0151 innov\u00e1ci\u00f3t, amellyel a perif\u00e9ria gazdas\u00e1gai is t\u00e9nylegesen hossz\u00fa t\u00e1von versenyk\u00e9pess\u00e9 v\u00e1lhatnak. A h\u00e1l\u00f3zatos rendszerben l\u00e9trej\u00f6v\u0151 lokalit\u00e1sok renesz\u00e1nsz\u00e1t azonban nagyban befoly\u00e1solja \u00e9ppen maguknak a lokalit\u00e1soknak a j\u00f6v\u0151koncepci\u00f3ja. A frissen induk\u00e1lt versenyk\u00e9pess\u00e9g egyre jobban v\u00e1lik<br>a kommunik\u00e1ci\u00f3s strat\u00e9gia \u2012 az \u00fan. brand-identit\u00e1s \u2012 f\u00fcggv\u00e9ny\u00e9v\u00e9, a sikeres kommunik\u00e1ci\u00f3 pedig \u00f6sszess\u00e9g\u00e9ben egyre ink\u00e1bb identit\u00e1salap\u00fav\u00e1 lesz.&nbsp;<\/strong><\/p>\n\n\n\n<p><strong>Kulcsszavak: <\/strong>frakt\u00e1l, nemzet, versenyk\u00e9pess\u00e9g, MI, identit\u00e1s<\/p>\n\n\n\n<hr class=\"wp-block-separator has-alpha-channel-opacity\"\/>\n\n\n\n<p><a href=\"#_ftnref1\" id=\"_ftn1\">[1]<\/a> CSIZMADIA, N. 2016. <em>Geopillanat.<\/em>&nbsp; L\u2019Harmattan, Budapest, 369. o<em>.<\/em><\/p>\n\n\n\n<div style=\"height:100px\" aria-hidden=\"true\" class=\"wp-block-spacer\"><\/div>\n\n\n\n<div data-wp-interactive=\"core\/file\" class=\"wp-block-file\"><object data-wp-bind--hidden=\"!state.hasPdfPreview\"  class=\"wp-block-file__embed\" data=\"https:\/\/www.femmeharmone.com\/wp-content\/uploads\/2024\/10\/AND8_2023_Nyar_v1_1_Major_Gyongyi.pdf\" type=\"application\/pdf\" style=\"width:100%;height:1500px\" aria-label=\"Embed of AND8_2023_Nyar_v1_1_Major_Gyongyi.\"><\/object><a id=\"wp-block-file--media-56409aeb-3e4f-4c7a-bfd1-402694f8babc\" href=\"https:\/\/www.femmeharmone.com\/wp-content\/uploads\/2024\/10\/AND8_2023_Nyar_v1_1_Major_Gyongyi.pdf\">AND8_2023_Nyar_v1_1_Major_Gyongyi<\/a><a href=\"https:\/\/www.femmeharmone.com\/wp-content\/uploads\/2024\/10\/AND8_2023_Nyar_v1_1_Major_Gyongyi.pdf\" class=\"wp-block-file__button wp-element-button\" download aria-describedby=\"wp-block-file--media-56409aeb-3e4f-4c7a-bfd1-402694f8babc\">Let\u00f6lt\u00e9s<\/a><\/div>\n","protected":false},"excerpt":{"rendered":"<p>DOI: 10.55344\/andfh.2302114 Absztrakt A mesters\u00e9ges intelligencia korszak\u00e1ban kulcsfontoss\u00e1g\u00fav\u00e1 v\u00e1lhat a nemzet szubsztanci\u00e1lis megk\u00f6zel\u00edt\u00e9se. A tanulm\u00e1ny annak vizsg\u00e1lat\u00e1ra f\u00f3kusz\u00e1l, hogy nemzetgazdas\u00e1gi szinten az \u00faj versenyk\u00e9pess\u00e9g koncepci\u00f3ja hogyan f\u00fcgg \u00f6ssze egy olyan \u00faj nemzetstrat\u00e9gi\u00e1val, amely m\u00e1r gy\u00f6keresen \u00faj tartalmakat \u00e9s form\u00e1kat jelen\u00edt meg. A mesters\u00e9ges intelligencia \u00e9s a kvantumsz\u00e1m\u00edt\u00f3g\u00e9pek realit\u00e1sa \u00faj nemzet\u00e9rtelmez\u00e9st motiv\u00e1l, k\u00e9rd\u00e9s azonban, hogy a&hellip;<\/p>","protected":false},"author":1,"featured_media":0,"parent":4476,"menu_order":4,"comment_status":"closed","ping_status":"closed","template":"page-article.php","meta":{"inline_featured_image":false,"footnotes":""},"categories":[],"tags":[],"_links":{"self":[{"href":"https:\/\/www.femmeharmone.com\/eng\/wp-json\/wp\/v2\/pages\/4507"}],"collection":[{"href":"https:\/\/www.femmeharmone.com\/eng\/wp-json\/wp\/v2\/pages"}],"about":[{"href":"https:\/\/www.femmeharmone.com\/eng\/wp-json\/wp\/v2\/types\/page"}],"author":[{"embeddable":true,"href":"https:\/\/www.femmeharmone.com\/eng\/wp-json\/wp\/v2\/users\/1"}],"replies":[{"embeddable":true,"href":"https:\/\/www.femmeharmone.com\/eng\/wp-json\/wp\/v2\/comments?post=4507"}],"version-history":[{"count":5,"href":"https:\/\/www.femmeharmone.com\/eng\/wp-json\/wp\/v2\/pages\/4507\/revisions"}],"predecessor-version":[{"id":4847,"href":"https:\/\/www.femmeharmone.com\/eng\/wp-json\/wp\/v2\/pages\/4507\/revisions\/4847"}],"up":[{"embeddable":true,"href":"https:\/\/www.femmeharmone.com\/eng\/wp-json\/wp\/v2\/pages\/4476"}],"wp:attachment":[{"href":"https:\/\/www.femmeharmone.com\/eng\/wp-json\/wp\/v2\/media?parent=4507"}],"wp:term":[{"taxonomy":"category","embeddable":true,"href":"https:\/\/www.femmeharmone.com\/eng\/wp-json\/wp\/v2\/categories?post=4507"},{"taxonomy":"post_tag","embeddable":true,"href":"https:\/\/www.femmeharmone.com\/eng\/wp-json\/wp\/v2\/tags?post=4507"}],"curies":[{"name":"wp","href":"https:\/\/api.w.org\/{rel}","templated":true}]}}

<em>Major Gyöngyi:</em> Versenyképesség és országimázs az MI korszakában

<p class="has-text-align-right"><em><a href="https://doi.org/10.55344/andfh.2302114">DOI: 10.55344/andfh.2302114</a></em></p>



<div style="height:100px" aria-hidden="true" class="wp-block-spacer"></div>



<p><em><strong>Absztrakt</strong></em></p>



<p><strong>A mesterséges intelligencia korszakában kulcsfontosságúvá válhat a nemzet szubsztanciális megközelítése. A tanulmány annak vizsgálatára fókuszál, hogy nemzetgazdasági szinten az új versenyképesség koncepciója hogyan függ össze egy olyan új nemzetstratégiával, amely már gyökeresen új tartalmakat és formákat jelenít meg.</strong></p>



<p><strong>A mesterséges intelligencia és a kvantumszámítógépek realitása új nemzetértelmezést motivál, kérdés azonban, hogy a hagyomány- és kultúraközpontú nemzetfelfogás és a nemzet szubsztancialitásban értelmezett szerepe a versenyképességre alapozó gazdasági funkcionalitással működésbe hozható-e. Egyre kardinálisabb gazdasági kérdéssé válik a nemzet megmaradásának és az össznemzeti fenntarthatóságának szempontjából az, hogy az ősi tudások felelevenítésével a lokalitások képesek-e a nemzeti identitás újjáteremtésére. Következésképpen lényegi kérdésként jelenik meg az, hogy a régi és új tudások szintézisében a lokalitások tudatosan át tudják-e alakítani belső életüket úgy, hogy az innovatív-kreatív tudásalkalmazással visszahathasson egyben a globális szint posztmodern és poszt-posztmodern<br>megnyilvánulásaira is.</strong></p>



<p><strong>A 21. század formálói azok lesznek, akik értelmezni tudják a globális folyamatokat, s az egyedi emberi kreativitás, az együttműködő-képesség és a technológiai innovációk mentén részeseivé válhatnak a térképek újrarajzolásának. Miközben a játékszabályok globális szinten történő értelmezésére irányuló törekvések egyre nagyobb akadályokba ütköznek, a mikroszintek akaratlanul is lehetőséghez jutnak, hiszen az egyre komplexebbé váló globális gazdaságban az innováció inspirációja a hálózatokban megjelenő új partnerektől is érkezhet. Ebből következően fontos kérdéssé válhat az, hogy a periferikus létezés miként konvertálható versenyképességi előnnyé éppen azáltal, hogy az új gazdasági kontextus nem a kontinuitás (a felzárkózás és utolérés) stratégiáját díjazza, hanem azt, amely új elvrendszer mentén strukturálódik.</strong></p>



<p><em><strong>„Egy kivételes geopillanat részesei vagyunk, amikor felülmúlhatatlan emberi értékek és technológiai innovációk rajzolják át a térképeket. Az ezer szállal egymásba kapaszkodó globális világ az új inspirációkat az egyedi kreativitásban, az új partnereket a lokális hálózatokban keresi – a múlt határvidékeiből így alakulnak ki a jövő központjai.<br>A földrajz ismét felértékelődött. A 21. század felfedezői azok lesznek, akik képesek értelmezni a globális folyamatokat, és van bátorságuk újrarajzolni a 21. század térképét, hogy maradandó értéket adjanak a világnak.”<a id="_ftnref1" href="#_ftn1"><sup><sup>[1]</sup></sup></a></strong></em></p>



<p><strong>A tanulmány célja kettős. Részben rá kíván mutatni arra, hogy a geopillanatnak nevezett „időszakban” a kreativitással telített lokalitásokban megjelenő ambíciók dinamikája alkalmas lehet a kor követelményeinek szintjén elvégezni a megfelelő innovációt, amellyel a periféria gazdaságai is ténylegesen hosszú távon versenyképessé válhatnak. A hálózatos rendszerben létrejövő lokalitások reneszánszát azonban nagyban befolyásolja éppen maguknak a lokalitásoknak a jövőkoncepciója. A frissen indukált versenyképesség egyre jobban válik<br>a kommunikációs stratégia ‒ az ún. brand-identitás ‒ függvényévé, a sikeres kommunikáció pedig összességében egyre inkább identitásalapúvá lesz.&nbsp;</strong></p>



<p><strong>Kulcsszavak: </strong>fraktál, nemzet, versenyképesség, MI, identitás</p>



<hr class="wp-block-separator has-alpha-channel-opacity"/>



<p><a href="#_ftnref1" id="_ftn1">[1]</a> CSIZMADIA, N. 2016. <em>Geopillanat.</em>&nbsp; L’Harmattan, Budapest, 369. o<em>.</em></p>



<div style="height:100px" aria-hidden="true" class="wp-block-spacer"></div>



<div data-wp-interactive="core/file" class="wp-block-file"><object data-wp-bind--hidden="!state.hasPdfPreview"  class="wp-block-file__embed" data="https://www.femmeharmone.com/wp-content/uploads/2024/10/AND8_2023_Nyar_v1_1_Major_Gyongyi.pdf" type="application/pdf" style="width:100%;height:1500px" aria-label="Embed of AND8_2023_Nyar_v1_1_Major_Gyongyi."></object><a id="wp-block-file--media-56409aeb-3e4f-4c7a-bfd1-402694f8babc" href="https://www.femmeharmone.com/wp-content/uploads/2024/10/AND8_2023_Nyar_v1_1_Major_Gyongyi.pdf">AND8_2023_Nyar_v1_1_Major_Gyongyi</a><a href="https://www.femmeharmone.com/wp-content/uploads/2024/10/AND8_2023_Nyar_v1_1_Major_Gyongyi.pdf" class="wp-block-file__button wp-element-button" download aria-describedby="wp-block-file--media-56409aeb-3e4f-4c7a-bfd1-402694f8babc">Letöltés</a></div>

<p>DOI: 10.55344/andfh.2302114 Absztrakt A mesterséges intelligencia korszakában kulcsfontosságúvá válhat a nemzet szubsztanciális megközelítése. A tanulmány annak vizsgálatára fókuszál, hogy nemzetgazdasági szinten az új versenyképesség koncepciója hogyan függ össze egy olyan új nemzetstratégiával, amely már gyökeresen új tartalmakat és formákat jelenít meg. A mesterséges intelligencia és a kvantumszámítógépek realitása új nemzetértelmezést motivál, kérdés azonban, hogy a&hellip;</p>
