{"id":4927,"date":"2024-11-12T10:32:49","date_gmt":"2024-11-12T10:32:49","guid":{"rendered":"https:\/\/www.femmeharmone.com\/?page_id=4927"},"modified":"2025-11-05T15:08:22","modified_gmt":"2025-11-05T15:08:22","slug":"eletmod-es-anyagi-kultura-a-magyar-kiralysagban-az-ujkorban","status":"publish","type":"page","link":"https:\/\/www.femmeharmone.com\/eng\/kutatointezet\/projektek\/tortenelmi-eloadas-sorozatok\/eletmod-es-anyagi-kultura-a-magyar-kiralysagban-az-ujkorban\/","title":{"rendered":"\u00c9letm\u00f3d \u00e9s anyagi kult\u00fara a Magyar Kir\u00e1lys\u00e1gban az \u00fajkorban"},"content":{"rendered":"<div style=\"height:50px\" aria-hidden=\"true\" class=\"wp-block-spacer\"><\/div>\n\n\n\n<h3 class=\"wp-block-heading has-text-align-center\">Projektvezet\u0151 \u00e9s el\u0151ad\u00f3: <strong>Dr. Zsuzsanna J. \u00dajv\u00e1ry<\/strong><\/h3>\n\n\n\n<div style=\"height:50px\" aria-hidden=\"true\" class=\"wp-block-spacer\"><\/div>\n\n\n\n<p>2024 \u0151sz\u00e9n ind\u00edtott sorozatunk c\u00edme: <strong>\u00c9letm\u00f3d \u00e9s anyagi kult\u00fara a Magyar Kir\u00e1lys\u00e1gban az \u00fajkorban<\/strong>. A sorozat rendezv\u00e9nyeit <em><strong>Dr. Zsuzsanna J. \u00dajv\u00e1ry<\/strong><\/em> t\u00f6rt\u00e9n\u00e9sz, a P\u00e1zm\u00e1ny P\u00e9ter Katolikus Egyetem T\u00f6rt\u00e9nettudom\u00e1nyi Doktori Iskol\u00e1j\u00e1nak tan\u00e1ra, a Kort\u00e1rs N\u0151i Reflexi\u00f3k F\u00f3ruma tudom\u00e1nyos igazgat\u00f3ja szervezi.<\/p>\n\n\n\n<p>Minden el\u0151ad\u00e1s megtekinthet\u0151 az al\u00e1bbi lej\u00e1tsz\u00e1si list\u00e1ban, a leg\u00fajabb van el\u00f6l, jobb fels\u0151 sarokban a list\u00e1ra kattintva lehet a kor\u00e1bbiakra v\u00e1ltani. <\/p>\n\n\n\n<figure class=\"wp-block-embed is-type-video is-provider-youtube wp-block-embed-youtube wp-embed-aspect-16-9 wp-has-aspect-ratio\"><div class=\"wp-block-embed__wrapper\">\n<iframe loading=\"lazy\" title=\"\u00c9letm\u00f3d \u00e9s anyagi kult\u00fara a Magyar Kir\u00e1lys\u00e1gban az \u00fajkorban\" width=\"750\" height=\"422\" src=\"https:\/\/www.youtube.com\/embed\/videoseries?list=PLDrVPXYa4K3AUGynpeE8ckGEP04GthHMu\" frameborder=\"0\" allow=\"accelerometer; autoplay; clipboard-write; encrypted-media; gyroscope; picture-in-picture; web-share\" referrerpolicy=\"strict-origin-when-cross-origin\" allowfullscreen><\/iframe>\n<\/div><\/figure>\n\n\n\n<div style=\"height:50px\" aria-hidden=\"true\" class=\"wp-block-spacer\"><\/div>\n\n\n\n<p class=\"has-text-align-center\">1.<br>2024. okt\u00f3ber 15.<br>Hol \u00e9ltek el\u0151deink? V\u00e1r, kast\u00e9ly, v\u00e1rosi \u00e9s falusi h\u00e1zak<\/p>\n\n\n\n<p class=\"has-text-align-center\">2.<br>2024. november 12.<br>Hol \u00e9ltek el\u0151deink? V\u00e1r, kast\u00e9ly, v\u00e1rosi \u00e9s falusi h\u00e1zak 2.<\/p>\n\n\n\n<p class=\"has-text-align-center\">3.<br>2024. december 03.<br>El\u0151deink \u00fcnnepi asztala<\/p>\n\n\n\n<p class=\"has-text-align-center\">4.<br>2025. m\u00e1rcius 18.<br>Csal\u00e1di \u00fcnnepek a kora \u00fajkori Magyarorsz\u00e1gon<\/p>\n\n\n\n<p class=\"has-text-align-center\">5.<br>2025. \u00e1prilis 15.<br>Keresztel\u0151 \u00e9s csal\u00e1d<\/p>\n\n\n\n<p class=\"has-text-align-center\">6.<br>2025. m\u00e1jus 06.<br>A temet\u00e9s v\u00e9gtisztess\u00e9ge<\/p>\n\n\n\n<p class=\"has-text-align-center\">7.<br>2025. j\u00fanius 19.<br>Nemesi, polg\u00e1ri, paraszti sz\u00f3rakoz\u00e1s a kora \u00fajkori Magyarorsz\u00e1gon<\/p>","protected":false},"excerpt":{"rendered":"<p>Projektvezet\u0151 \u00e9s el\u0151ad\u00f3: Dr. J. \u00dajv\u00e1ry Zsuzsanna 2024 \u0151sz\u00e9n ind\u00edtott sorozatunk c\u00edme: \u00c9letm\u00f3d \u00e9s anyagi kult\u00fara a Magyar Kir\u00e1lys\u00e1gban az \u00fajkorban. A sorozat rendezv\u00e9nyeit Dr. J. \u00dajv\u00e1ry Zsuzsanna t\u00f6rt\u00e9n\u00e9sz, a P\u00e1zm\u00e1ny P\u00e9ter Katolikus Egyetem T\u00f6rt\u00e9nettudom\u00e1nyi Doktori Iskol\u00e1j\u00e1nak tan\u00e1ra, a Kort\u00e1rs N\u0151i Reflexi\u00f3k F\u00f3ruma tudom\u00e1nyos igazgat\u00f3ja szervezi. Minden el\u0151ad\u00e1s megtekinthet\u0151 az al\u00e1bbi lej\u00e1tsz\u00e1si list\u00e1ban, a leg\u00fajabb&hellip;<\/p>","protected":false},"author":1,"featured_media":0,"parent":4955,"menu_order":3,"comment_status":"closed","ping_status":"closed","template":"","meta":{"inline_featured_image":false,"footnotes":""},"categories":[],"tags":[],"_links":{"self":[{"href":"https:\/\/www.femmeharmone.com\/eng\/wp-json\/wp\/v2\/pages\/4927"}],"collection":[{"href":"https:\/\/www.femmeharmone.com\/eng\/wp-json\/wp\/v2\/pages"}],"about":[{"href":"https:\/\/www.femmeharmone.com\/eng\/wp-json\/wp\/v2\/types\/page"}],"author":[{"embeddable":true,"href":"https:\/\/www.femmeharmone.com\/eng\/wp-json\/wp\/v2\/users\/1"}],"replies":[{"embeddable":true,"href":"https:\/\/www.femmeharmone.com\/eng\/wp-json\/wp\/v2\/comments?post=4927"}],"version-history":[{"count":13,"href":"https:\/\/www.femmeharmone.com\/eng\/wp-json\/wp\/v2\/pages\/4927\/revisions"}],"predecessor-version":[{"id":6290,"href":"https:\/\/www.femmeharmone.com\/eng\/wp-json\/wp\/v2\/pages\/4927\/revisions\/6290"}],"up":[{"embeddable":true,"href":"https:\/\/www.femmeharmone.com\/eng\/wp-json\/wp\/v2\/pages\/4955"}],"wp:attachment":[{"href":"https:\/\/www.femmeharmone.com\/eng\/wp-json\/wp\/v2\/media?parent=4927"}],"wp:term":[{"taxonomy":"category","embeddable":true,"href":"https:\/\/www.femmeharmone.com\/eng\/wp-json\/wp\/v2\/categories?post=4927"},{"taxonomy":"post_tag","embeddable":true,"href":"https:\/\/www.femmeharmone.com\/eng\/wp-json\/wp\/v2\/tags?post=4927"}],"curies":[{"name":"wp","href":"https:\/\/api.w.org\/{rel}","templated":true}]}}

Életmód és anyagi kultúra a Magyar Királyságban az újkorban

<div style="height:50px" aria-hidden="true" class="wp-block-spacer"></div>



<h3 class="wp-block-heading has-text-align-center">Projektvezető és előadó: <strong>Dr. Zsuzsanna J. Újváry</strong></h3>



<div style="height:50px" aria-hidden="true" class="wp-block-spacer"></div>



<p>2024 őszén indított sorozatunk címe: <strong>Életmód és anyagi kultúra a Magyar Királyságban az újkorban</strong>. A sorozat rendezvényeit <em><strong>Dr. Zsuzsanna J. Újváry</strong></em> történész, a Pázmány Péter Katolikus Egyetem Történettudományi Doktori Iskolájának tanára, a Kortárs Női Reflexiók Fóruma tudományos igazgatója szervezi.</p>



<p>Minden előadás megtekinthető az alábbi lejátszási listában, a legújabb van elöl, jobb felső sarokban a listára kattintva lehet a korábbiakra váltani. </p>



<figure class="wp-block-embed is-type-video is-provider-youtube wp-block-embed-youtube wp-embed-aspect-16-9 wp-has-aspect-ratio"><div class="wp-block-embed__wrapper">
<iframe loading="lazy" title="Életmód és anyagi kultúra a Magyar Királyságban az újkorban" width="750" height="422" src="https://www.youtube.com/embed/videoseries?list=PLDrVPXYa4K3AUGynpeE8ckGEP04GthHMu" frameborder="0" allow="accelerometer; autoplay; clipboard-write; encrypted-media; gyroscope; picture-in-picture; web-share" referrerpolicy="strict-origin-when-cross-origin" allowfullscreen></iframe>
</div></figure>



<div style="height:50px" aria-hidden="true" class="wp-block-spacer"></div>



<p class="has-text-align-center">1.<br>2024. október 15.<br>Hol éltek elődeink? Vár, kastély, városi és falusi házak</p>



<p class="has-text-align-center">2.<br>2024. november 12.<br>Hol éltek elődeink? Vár, kastély, városi és falusi házak 2.</p>



<p class="has-text-align-center">3.<br>2024. december 03.<br>Elődeink ünnepi asztala</p>



<p class="has-text-align-center">4.<br>2025. március 18.<br>Családi ünnepek a kora újkori Magyarországon</p>



<p class="has-text-align-center">5.<br>2025. április 15.<br>Keresztelő és család</p>



<p class="has-text-align-center">6.<br>2025. május 06.<br>A temetés végtisztessége</p>



<p class="has-text-align-center">7.<br>2025. június 19.<br>Nemesi, polgári, paraszti szórakozás a kora újkori Magyarországon</p>

<p>Projektvezető és előadó: Dr. J. Újváry Zsuzsanna 2024 őszén indított sorozatunk címe: Életmód és anyagi kultúra a Magyar Királyságban az újkorban. A sorozat rendezvényeit Dr. J. Újváry Zsuzsanna történész, a Pázmány Péter Katolikus Egyetem Történettudományi Doktori Iskolájának tanára, a Kortárs Női Reflexiók Fóruma tudományos igazgatója szervezi. Minden előadás megtekinthető az alábbi lejátszási listában, a legújabb&hellip;</p>
