{"id":5108,"date":"2024-12-18T00:55:57","date_gmt":"2024-12-18T00:55:57","guid":{"rendered":"https:\/\/www.femmeharmone.com\/?page_id=5108"},"modified":"2024-12-18T04:13:15","modified_gmt":"2024-12-18T04:13:15","slug":"suto-zoltan-a-szemely-halala-a-posztmodernben","status":"publish","type":"page","link":"https:\/\/www.femmeharmone.com\/eng\/a-noi-dimenzio\/iii-evfolyam-3-szam\/tudomany\/suto-zoltan-a-szemely-halala-a-posztmodernben\/","title":{"rendered":"<em>S\u00fct\u0151 Zolt\u00e1n:<\/em> A szem\u00e9ly hal\u00e1la a posztmodernben"},"content":{"rendered":"<p class=\"has-text-align-right\"><em><a href=\"https:\/\/doi.org\/10.55344\/andfh.2303017\">DOI: 10.55344\/andfh.2303017<\/a><\/em><\/p>\n\n\n\n<div style=\"height:100px\" aria-hidden=\"true\" class=\"wp-block-spacer\"><\/div>\n\n\n\n<p><em><strong>Absztrakt<\/strong><\/em><\/p>\n\n\n\n<p><strong>Amennyiben a szem\u00e9ly fogalm\u00e1nak jelenlegi \u00e9rtelmez\u00e9s\u00e9t, illetve j\u00f6v\u0151beli lehet\u0151s\u00e9geit meg akarjuk hat\u00e1rozni, \u00fagy \u00e9rdemes kult\u00fart\u00f6rt\u00e9neti k\u00f6rnyezet\u00e9ben vizsg\u00e1lni folyamatos jelent\u00e9sv\u00e1ltoz\u00e1s\u00e1t. A jelent\u00e9sv\u00e1ltoz\u00e1s folyamat\u00e1nak vizsg\u00e1lat\u00e1hoz viszont elengedhetetlen egy adott kor, valamint az \u00f3kort\u00f3l egys\u00e9ges fejl\u0151d\u00e9si \u00edvet le\u00edr\u00f3 eur\u00f3pai kult\u00fara gondolkod\u00e1sstrukt\u00far\u00e1j\u00e1ban, a fogalomr\u00f3l \u00e9s az emberr\u0151l mint \u00f6nreflexi\u00f3ja t\u00e1rgy\u00e1r\u00f3l alkotott fogalm\u00e1nak vizsg\u00e1lata. A teljes folyamat meg\u00e9rt\u00e9se vezethet el a posztmodern meg\u00e9rt\u00e9s\u00e9hez, \u00e9s ahhoz, ami a posztmodern ut\u00e1n k\u00f6vetkezhet.<\/strong><\/p>\n\n\n\n<div style=\"height:100px\" aria-hidden=\"true\" class=\"wp-block-spacer\"><\/div>\n\n\n\n<div data-wp-interactive=\"core\/file\" class=\"wp-block-file\"><object data-wp-bind--hidden=\"!state.hasPdfPreview\"  class=\"wp-block-file__embed\" data=\"https:\/\/www.femmeharmone.com\/wp-content\/uploads\/2024\/12\/AND9_2023_Osz_v1_0_Suto_Posztmodern.pdf\" type=\"application\/pdf\" style=\"width:100%;height:1500px\" aria-label=\"Embed of AND9_2023_Osz_v1_0_Suto_Posztmodern.\"><\/object><a id=\"wp-block-file--media-d97b9ad2-0007-4225-a104-07db5808c4f0\" href=\"https:\/\/www.femmeharmone.com\/wp-content\/uploads\/2024\/12\/AND9_2023_Osz_v1_0_Suto_Posztmodern.pdf\">AND9_2023_Osz_v1_0_Suto_Posztmodern<\/a><a href=\"https:\/\/www.femmeharmone.com\/wp-content\/uploads\/2024\/12\/AND9_2023_Osz_v1_0_Suto_Posztmodern.pdf\" class=\"wp-block-file__button wp-element-button\" download aria-describedby=\"wp-block-file--media-d97b9ad2-0007-4225-a104-07db5808c4f0\">Let\u00f6lt\u00e9s<\/a><\/div>","protected":false},"excerpt":{"rendered":"<p>DOI: 10.55344\/andfh.2303017 Absztrakt Amennyiben a szem\u00e9ly fogalm\u00e1nak jelenlegi \u00e9rtelmez\u00e9s\u00e9t, illetve j\u00f6v\u0151beli lehet\u0151s\u00e9geit meg akarjuk hat\u00e1rozni, \u00fagy \u00e9rdemes kult\u00fart\u00f6rt\u00e9neti k\u00f6rnyezet\u00e9ben vizsg\u00e1lni folyamatos jelent\u00e9sv\u00e1ltoz\u00e1s\u00e1t. A jelent\u00e9sv\u00e1ltoz\u00e1s folyamat\u00e1nak vizsg\u00e1lat\u00e1hoz viszont elengedhetetlen egy adott kor, valamint az \u00f3kort\u00f3l egys\u00e9ges fejl\u0151d\u00e9si \u00edvet le\u00edr\u00f3 eur\u00f3pai kult\u00fara gondolkod\u00e1sstrukt\u00far\u00e1j\u00e1ban, a fogalomr\u00f3l \u00e9s az emberr\u0151l mint \u00f6nreflexi\u00f3ja t\u00e1rgy\u00e1r\u00f3l alkotott fogalm\u00e1nak vizsg\u00e1lata. A teljes folyamat&hellip;<\/p>","protected":false},"author":1,"featured_media":0,"parent":5073,"menu_order":3,"comment_status":"closed","ping_status":"closed","template":"page-article.php","meta":{"inline_featured_image":false,"footnotes":""},"categories":[],"tags":[],"_links":{"self":[{"href":"https:\/\/www.femmeharmone.com\/eng\/wp-json\/wp\/v2\/pages\/5108"}],"collection":[{"href":"https:\/\/www.femmeharmone.com\/eng\/wp-json\/wp\/v2\/pages"}],"about":[{"href":"https:\/\/www.femmeharmone.com\/eng\/wp-json\/wp\/v2\/types\/page"}],"author":[{"embeddable":true,"href":"https:\/\/www.femmeharmone.com\/eng\/wp-json\/wp\/v2\/users\/1"}],"replies":[{"embeddable":true,"href":"https:\/\/www.femmeharmone.com\/eng\/wp-json\/wp\/v2\/comments?post=5108"}],"version-history":[{"count":4,"href":"https:\/\/www.femmeharmone.com\/eng\/wp-json\/wp\/v2\/pages\/5108\/revisions"}],"predecessor-version":[{"id":5207,"href":"https:\/\/www.femmeharmone.com\/eng\/wp-json\/wp\/v2\/pages\/5108\/revisions\/5207"}],"up":[{"embeddable":true,"href":"https:\/\/www.femmeharmone.com\/eng\/wp-json\/wp\/v2\/pages\/5073"}],"wp:attachment":[{"href":"https:\/\/www.femmeharmone.com\/eng\/wp-json\/wp\/v2\/media?parent=5108"}],"wp:term":[{"taxonomy":"category","embeddable":true,"href":"https:\/\/www.femmeharmone.com\/eng\/wp-json\/wp\/v2\/categories?post=5108"},{"taxonomy":"post_tag","embeddable":true,"href":"https:\/\/www.femmeharmone.com\/eng\/wp-json\/wp\/v2\/tags?post=5108"}],"curies":[{"name":"wp","href":"https:\/\/api.w.org\/{rel}","templated":true}]}}