{"id":5114,"date":"2024-12-18T01:03:08","date_gmt":"2024-12-18T01:03:08","guid":{"rendered":"https:\/\/www.femmeharmone.com\/?page_id=5114"},"modified":"2024-12-18T04:13:51","modified_gmt":"2024-12-18T04:13:51","slug":"morafkova-laura-a-muveszet-atalakulasa-a-mesterseges-intelligencia-tukreben","status":"publish","type":"page","link":"https:\/\/www.femmeharmone.com\/eng\/a-noi-dimenzio\/iii-evfolyam-3-szam\/tudomany\/morafkova-laura-a-muveszet-atalakulasa-a-mesterseges-intelligencia-tukreben\/","title":{"rendered":"<em>Morafkov\u00e1 Laura:<\/em> A m\u0171v\u00e9szet \u00e1talakul\u00e1sa a mesters\u00e9ges intelligencia t\u00fckr\u00e9ben"},"content":{"rendered":"<p class=\"has-text-align-right\"><em><a href=\"https:\/\/doi.org\/10.55344\/andfh.2303046\">DOI: 10.55344\/andfh.2303046<\/a><\/em><\/p>\n\n\n\n<div style=\"height:100px\" aria-hidden=\"true\" class=\"wp-block-spacer\"><\/div>\n\n\n\n<p><em><strong>Absztrakt<\/strong><\/em><\/p>\n\n\n\n<p><strong>A m\u0171alkot\u00e1sok egy r\u00e9sze a vil\u00e1gra adott reflexi\u00f3k\u00e9nt \u00e9rtelmezhet\u0151, ebb\u0151l a megvil\u00e1g\u00edt\u00e1sb\u00f3l alkalmass\u00e1 v\u00e1lik arra, hogy visszat\u00fckr\u00f6zze azt a korszakot, valamint sz\u0171kebb k\u00f6rnyezetet, amelyben l\u00e9trej\u00f6tt. Feltehetj\u00fck a k\u00e9rd\u00e9st, hogy a mesters\u00e9ges intelligencia \u00e1ltal gener\u00e1lt alkot\u00e1sok hogyan t\u00fckr\u00f6zik vissza a huszonegyedik sz\u00e1zad mili\u0151j\u00e9t. Jobban meg\u00e9rthetj\u00fck a mesters\u00e9ges intelligencia kreat\u00edv iparra gyakorolt hat\u00e1s\u00e1t, ha megvizsg\u00e1ljuk, hogy a legmeghat\u00e1roz\u00f3bb technol\u00f3giai fejleszt\u00e9sek milyen m\u00f3don form\u00e1lt\u00e1k \u00e1t a m\u0171v\u00e9szetet, k\u00fcl\u00f6n\u00f6s tekintettel a vizu\u00e1lis kult\u00far\u00e1t. A m\u0171v\u00e9szett\u00f6rt\u00e9net sor\u00e1n kibontakoz\u00f3 jelens\u00e9gek ismerete r\u00e9v\u00e9n tetten \u00e9rhetj\u00fck azt a technol\u00f3giai forradalmat, amely napjainkat jellemzi.<\/strong><\/p>\n\n\n\n<div style=\"height:100px\" aria-hidden=\"true\" class=\"wp-block-spacer\"><\/div>\n\n\n\n<div data-wp-interactive=\"core\/file\" class=\"wp-block-file\"><object data-wp-bind--hidden=\"!state.hasPdfPreview\"  class=\"wp-block-file__embed\" data=\"https:\/\/www.femmeharmone.com\/wp-content\/uploads\/2024\/12\/AND9_2023_Osz_v1_0_Morafkova.pdf\" type=\"application\/pdf\" style=\"width:100%;height:1500px\" aria-label=\"Embed of AND9_2023_Osz_v1_0_Morafkova.\"><\/object><a id=\"wp-block-file--media-4cdce56e-42fc-4301-9601-7cd6186b6002\" href=\"https:\/\/www.femmeharmone.com\/wp-content\/uploads\/2024\/12\/AND9_2023_Osz_v1_0_Morafkova.pdf\">AND9_2023_Osz_v1_0_Morafkova<\/a><a href=\"https:\/\/www.femmeharmone.com\/wp-content\/uploads\/2024\/12\/AND9_2023_Osz_v1_0_Morafkova.pdf\" class=\"wp-block-file__button wp-element-button\" download aria-describedby=\"wp-block-file--media-4cdce56e-42fc-4301-9601-7cd6186b6002\">Let\u00f6lt\u00e9s<\/a><\/div>","protected":false},"excerpt":{"rendered":"<p>DOI: 10.55344\/andfh.2303046 Absztrakt A m\u0171alkot\u00e1sok egy r\u00e9sze a vil\u00e1gra adott reflexi\u00f3k\u00e9nt \u00e9rtelmezhet\u0151, ebb\u0151l a megvil\u00e1g\u00edt\u00e1sb\u00f3l alkalmass\u00e1 v\u00e1lik arra, hogy visszat\u00fckr\u00f6zze azt a korszakot, valamint sz\u0171kebb k\u00f6rnyezetet, amelyben l\u00e9trej\u00f6tt. Feltehetj\u00fck a k\u00e9rd\u00e9st, hogy a mesters\u00e9ges intelligencia \u00e1ltal gener\u00e1lt alkot\u00e1sok hogyan t\u00fckr\u00f6zik vissza a huszonegyedik sz\u00e1zad mili\u0151j\u00e9t. Jobban meg\u00e9rthetj\u00fck a mesters\u00e9ges intelligencia kreat\u00edv iparra gyakorolt hat\u00e1s\u00e1t, ha&hellip;<\/p>","protected":false},"author":1,"featured_media":0,"parent":5073,"menu_order":6,"comment_status":"closed","ping_status":"closed","template":"page-article.php","meta":{"inline_featured_image":false,"footnotes":""},"categories":[],"tags":[],"_links":{"self":[{"href":"https:\/\/www.femmeharmone.com\/eng\/wp-json\/wp\/v2\/pages\/5114"}],"collection":[{"href":"https:\/\/www.femmeharmone.com\/eng\/wp-json\/wp\/v2\/pages"}],"about":[{"href":"https:\/\/www.femmeharmone.com\/eng\/wp-json\/wp\/v2\/types\/page"}],"author":[{"embeddable":true,"href":"https:\/\/www.femmeharmone.com\/eng\/wp-json\/wp\/v2\/users\/1"}],"replies":[{"embeddable":true,"href":"https:\/\/www.femmeharmone.com\/eng\/wp-json\/wp\/v2\/comments?post=5114"}],"version-history":[{"count":3,"href":"https:\/\/www.femmeharmone.com\/eng\/wp-json\/wp\/v2\/pages\/5114\/revisions"}],"predecessor-version":[{"id":5210,"href":"https:\/\/www.femmeharmone.com\/eng\/wp-json\/wp\/v2\/pages\/5114\/revisions\/5210"}],"up":[{"embeddable":true,"href":"https:\/\/www.femmeharmone.com\/eng\/wp-json\/wp\/v2\/pages\/5073"}],"wp:attachment":[{"href":"https:\/\/www.femmeharmone.com\/eng\/wp-json\/wp\/v2\/media?parent=5114"}],"wp:term":[{"taxonomy":"category","embeddable":true,"href":"https:\/\/www.femmeharmone.com\/eng\/wp-json\/wp\/v2\/categories?post=5114"},{"taxonomy":"post_tag","embeddable":true,"href":"https:\/\/www.femmeharmone.com\/eng\/wp-json\/wp\/v2\/tags?post=5114"}],"curies":[{"name":"wp","href":"https:\/\/api.w.org\/{rel}","templated":true}]}}