{"id":5116,"date":"2024-12-18T01:04:21","date_gmt":"2024-12-18T01:04:21","guid":{"rendered":"https:\/\/www.femmeharmone.com\/?page_id=5116"},"modified":"2024-12-18T04:14:02","modified_gmt":"2024-12-18T04:14:02","slug":"zsoldos-peter-mit-tanulhatunk-a-mesterseges-intelligenciatol-az-alkotasrol","status":"publish","type":"page","link":"https:\/\/www.femmeharmone.com\/eng\/a-noi-dimenzio\/iii-evfolyam-3-szam\/tudomany\/zsoldos-peter-mit-tanulhatunk-a-mesterseges-intelligenciatol-az-alkotasrol\/","title":{"rendered":"<em>Zsoldos P\u00e9ter:<\/em> Mit tanulhatunk a mesters\u00e9ges intelligenci\u00e1t\u00f3l az alkot\u00e1sr\u00f3l?"},"content":{"rendered":"<p class=\"has-text-align-right\"><em><a href=\"https:\/\/doi.org\/10.55344\/andfh.2303055\">DOI: 10.55344\/andfh.2303055<\/a><\/em><\/p>\n\n\n\n<div style=\"height:100px\" aria-hidden=\"true\" class=\"wp-block-spacer\"><\/div>\n\n\n\n<p><em><strong>Absztrakt<\/strong><\/em><\/p>\n\n\n\n<p><strong>A mesters\u00e9ges intelligencia viselked\u00e9se mind alkot\u00f3k\u00e9nt, mind pedig fogyaszt\u00f3k\u00e9nt k\u00eds\u00e9rtetiesen hasonl\u00edt az ember\u00e9re. Az ember saj\u00e1t k\u00e9pm\u00e1s\u00e1ra intelligens alkot\u00f3t teremtett. Ez eddig soha nem l\u00e1tott lehet\u0151s\u00e9get k\u00edn\u00e1l az \u00f6nreflexi\u00f3ra \u00e9s az alkot\u00e1si folyamataink meg\u00e9rt\u00e9s\u00e9re. Mi t\u00f6bb, komoly k\u00e9rd\u00e9seket vet fel Istennel val\u00f3 kapcsolatunkr\u00f3l.<\/strong><\/p>\n\n\n\n<div style=\"height:100px\" aria-hidden=\"true\" class=\"wp-block-spacer\"><\/div>\n\n\n\n<div data-wp-interactive=\"core\/file\" class=\"wp-block-file\"><object data-wp-bind--hidden=\"!state.hasPdfPreview\"  class=\"wp-block-file__embed\" data=\"https:\/\/www.femmeharmone.com\/wp-content\/uploads\/2024\/12\/AND9_2023_Osz_v1_0_Zsoldos.pdf\" type=\"application\/pdf\" style=\"width:100%;height:1500px\" aria-label=\"Embed of AND9_2023_Osz_v1_0_Zsoldos.\"><\/object><a id=\"wp-block-file--media-af9af7f7-bcd3-47c9-b2fb-1a62b1bb4e8b\" href=\"https:\/\/www.femmeharmone.com\/wp-content\/uploads\/2024\/12\/AND9_2023_Osz_v1_0_Zsoldos.pdf\">AND9_2023_Osz_v1_0_Zsoldos<\/a><a href=\"https:\/\/www.femmeharmone.com\/wp-content\/uploads\/2024\/12\/AND9_2023_Osz_v1_0_Zsoldos.pdf\" class=\"wp-block-file__button wp-element-button\" download aria-describedby=\"wp-block-file--media-af9af7f7-bcd3-47c9-b2fb-1a62b1bb4e8b\">Let\u00f6lt\u00e9s<\/a><\/div>","protected":false},"excerpt":{"rendered":"<p>DOI: 10.55344\/andfh.2303055 Absztrakt A mesters\u00e9ges intelligencia viselked\u00e9se mind alkot\u00f3k\u00e9nt, mind pedig fogyaszt\u00f3k\u00e9nt k\u00eds\u00e9rtetiesen hasonl\u00edt az ember\u00e9re. Az ember saj\u00e1t k\u00e9pm\u00e1s\u00e1ra intelligens alkot\u00f3t teremtett. Ez eddig soha nem l\u00e1tott lehet\u0151s\u00e9get k\u00edn\u00e1l az \u00f6nreflexi\u00f3ra \u00e9s az alkot\u00e1si folyamataink meg\u00e9rt\u00e9s\u00e9re. Mi t\u00f6bb, komoly k\u00e9rd\u00e9seket vet fel Istennel val\u00f3 kapcsolatunkr\u00f3l.<\/p>","protected":false},"author":1,"featured_media":0,"parent":5073,"menu_order":7,"comment_status":"closed","ping_status":"closed","template":"page-article.php","meta":{"inline_featured_image":false,"footnotes":""},"categories":[],"tags":[],"_links":{"self":[{"href":"https:\/\/www.femmeharmone.com\/eng\/wp-json\/wp\/v2\/pages\/5116"}],"collection":[{"href":"https:\/\/www.femmeharmone.com\/eng\/wp-json\/wp\/v2\/pages"}],"about":[{"href":"https:\/\/www.femmeharmone.com\/eng\/wp-json\/wp\/v2\/types\/page"}],"author":[{"embeddable":true,"href":"https:\/\/www.femmeharmone.com\/eng\/wp-json\/wp\/v2\/users\/1"}],"replies":[{"embeddable":true,"href":"https:\/\/www.femmeharmone.com\/eng\/wp-json\/wp\/v2\/comments?post=5116"}],"version-history":[{"count":3,"href":"https:\/\/www.femmeharmone.com\/eng\/wp-json\/wp\/v2\/pages\/5116\/revisions"}],"predecessor-version":[{"id":5211,"href":"https:\/\/www.femmeharmone.com\/eng\/wp-json\/wp\/v2\/pages\/5116\/revisions\/5211"}],"up":[{"embeddable":true,"href":"https:\/\/www.femmeharmone.com\/eng\/wp-json\/wp\/v2\/pages\/5073"}],"wp:attachment":[{"href":"https:\/\/www.femmeharmone.com\/eng\/wp-json\/wp\/v2\/media?parent=5116"}],"wp:term":[{"taxonomy":"category","embeddable":true,"href":"https:\/\/www.femmeharmone.com\/eng\/wp-json\/wp\/v2\/categories?post=5116"},{"taxonomy":"post_tag","embeddable":true,"href":"https:\/\/www.femmeharmone.com\/eng\/wp-json\/wp\/v2\/tags?post=5116"}],"curies":[{"name":"wp","href":"https:\/\/api.w.org\/{rel}","templated":true}]}}