{"id":5129,"date":"2024-12-18T01:22:33","date_gmt":"2024-12-18T01:22:33","guid":{"rendered":"https:\/\/www.femmeharmone.com\/?page_id=5129"},"modified":"2024-12-18T04:21:17","modified_gmt":"2024-12-18T04:21:17","slug":"csikvari-f-andras-a-tarsadalmi-lathatatlan-kez-vernon-l-smith-es-bart-j-wilson-a-kozgazdasagtan-humanizalasa-cimu-konyvenek-ismertetese","status":"publish","type":"page","link":"https:\/\/www.femmeharmone.com\/eng\/a-noi-dimenzio\/iii-evfolyam-3-szam\/szemle\/csikvari-f-andras-a-tarsadalmi-lathatatlan-kez-vernon-l-smith-es-bart-j-wilson-a-kozgazdasagtan-humanizalasa-cimu-konyvenek-ismertetese\/","title":{"rendered":"<em>Csikv\u00e1ri F. Andr\u00e1s:<\/em> A t\u00e1rsadalmi l\u00e1thatatlan k\u00e9z \u2013 Vernon L. Smith \u00e9s Bart J. Wilson: <em>A k\u00f6zgazdas\u00e1gtan humaniz\u00e1l\u00e1sa<\/em> c\u00edm\u0171 k\u00f6nyv\u00e9nek ismertet\u00e9se"},"content":{"rendered":"<div style=\"height:100px\" aria-hidden=\"true\" class=\"wp-block-spacer\"><\/div>\n\n\n\n<div data-wp-interactive=\"core\/file\" class=\"wp-block-file\"><object data-wp-bind--hidden=\"!state.hasPdfPreview\"  class=\"wp-block-file__embed\" data=\"https:\/\/www.femmeharmone.com\/wp-content\/uploads\/2024\/12\/AND9_2023_Osz_v1_0_Csikvari.pdf\" type=\"application\/pdf\" style=\"width:100%;height:1500px\" aria-label=\"Embed of AND9_2023_Osz_v1_0_Csikvari.\"><\/object><a id=\"wp-block-file--media-c1b3fcaa-6a76-44b0-a729-ead53d260f49\" href=\"https:\/\/www.femmeharmone.com\/wp-content\/uploads\/2024\/12\/AND9_2023_Osz_v1_0_Csikvari.pdf\">AND9_2023_Osz_v1_0_Csikvari<\/a><a href=\"https:\/\/www.femmeharmone.com\/wp-content\/uploads\/2024\/12\/AND9_2023_Osz_v1_0_Csikvari.pdf\" class=\"wp-block-file__button wp-element-button\" download aria-describedby=\"wp-block-file--media-c1b3fcaa-6a76-44b0-a729-ead53d260f49\">Let\u00f6lt\u00e9s<\/a><\/div>","protected":false},"excerpt":{"rendered":"","protected":false},"author":1,"featured_media":0,"parent":5077,"menu_order":2,"comment_status":"closed","ping_status":"closed","template":"page-article.php","meta":{"inline_featured_image":false,"footnotes":""},"categories":[],"tags":[],"_links":{"self":[{"href":"https:\/\/www.femmeharmone.com\/eng\/wp-json\/wp\/v2\/pages\/5129"}],"collection":[{"href":"https:\/\/www.femmeharmone.com\/eng\/wp-json\/wp\/v2\/pages"}],"about":[{"href":"https:\/\/www.femmeharmone.com\/eng\/wp-json\/wp\/v2\/types\/page"}],"author":[{"embeddable":true,"href":"https:\/\/www.femmeharmone.com\/eng\/wp-json\/wp\/v2\/users\/1"}],"replies":[{"embeddable":true,"href":"https:\/\/www.femmeharmone.com\/eng\/wp-json\/wp\/v2\/comments?post=5129"}],"version-history":[{"count":5,"href":"https:\/\/www.femmeharmone.com\/eng\/wp-json\/wp\/v2\/pages\/5129\/revisions"}],"predecessor-version":[{"id":5222,"href":"https:\/\/www.femmeharmone.com\/eng\/wp-json\/wp\/v2\/pages\/5129\/revisions\/5222"}],"up":[{"embeddable":true,"href":"https:\/\/www.femmeharmone.com\/eng\/wp-json\/wp\/v2\/pages\/5077"}],"wp:attachment":[{"href":"https:\/\/www.femmeharmone.com\/eng\/wp-json\/wp\/v2\/media?parent=5129"}],"wp:term":[{"taxonomy":"category","embeddable":true,"href":"https:\/\/www.femmeharmone.com\/eng\/wp-json\/wp\/v2\/categories?post=5129"},{"taxonomy":"post_tag","embeddable":true,"href":"https:\/\/www.femmeharmone.com\/eng\/wp-json\/wp\/v2\/tags?post=5129"}],"curies":[{"name":"wp","href":"https:\/\/api.w.org\/{rel}","templated":true}]}}