{"id":5253,"date":"2024-12-24T04:17:04","date_gmt":"2024-12-24T04:17:04","guid":{"rendered":"https:\/\/www.femmeharmone.com\/?page_id=5253"},"modified":"2024-12-24T04:18:22","modified_gmt":"2024-12-24T04:18:22","slug":"id-pieter-bruegel-vadaszok-a-hoban","status":"publish","type":"page","link":"https:\/\/www.femmeharmone.com\/eng\/a-noi-dimenzio\/iii-evfolyam-4-szam\/tel\/id-pieter-bruegel-vadaszok-a-hoban\/","title":{"rendered":"Id. Pieter Bruegel: Vad\u00e1szok a h\u00f3ban"},"content":{"rendered":"<figure class=\"wp-block-image size-full\"><img loading=\"lazy\" decoding=\"async\" width=\"1000\" height=\"741\" src=\"https:\/\/www.femmeharmone.com\/wp-content\/uploads\/2024\/12\/Brueghel_Vadaszok.jpg\" alt=\"\" class=\"wp-image-5254\" srcset=\"https:\/\/www.femmeharmone.com\/wp-content\/uploads\/2024\/12\/Brueghel_Vadaszok.jpg 1000w, https:\/\/www.femmeharmone.com\/wp-content\/uploads\/2024\/12\/Brueghel_Vadaszok-300x222.jpg 300w, https:\/\/www.femmeharmone.com\/wp-content\/uploads\/2024\/12\/Brueghel_Vadaszok-768x569.jpg 768w, https:\/\/www.femmeharmone.com\/wp-content\/uploads\/2024\/12\/Brueghel_Vadaszok-16x12.jpg 16w\" sizes=\"(max-width: 1000px) 100vw, 1000px\" \/><\/figure>\n\n\n\n<p>A fest\u0151 \u00e9vszakokat megjelen\u00edt\u0151 sorozat\u00e1nak telet \u00e1br\u00e1zol\u00f3 darabja.<\/p>\n\n\n\n<p> Az 1500-as \u00e9vek elej\u00e9t\u0151l bek\u00f6sz\u00f6nt\u0151 kis j\u00e9gkorszakban a szokatlanul zord \u00e9s fagyos t\u00e9l, megpr\u00f3b\u00e1ltat\u00e1sainak \u00e9s \u00f6r\u00f6meinek fesz\u00fclts\u00e9g\u00e9ben jelenik meg el\u0151tt\u00fcnk. B\u00e1r a sz\u00ednvil\u00e1got uralja a h\u00f3f\u00f6dte t\u00e1j hideg feh\u00e9re, az itt-ott felt\u0171n\u0151 meleg sz\u00ednekkel m\u00e9gis megkapjuk a Brueghel-k\u00e9pekr\u0151l \u00e1ltal\u00e1ban \u00e1rad\u00f3 meghitts\u00e9get. A fest\u0151 mintegy bevezet benn\u00fcnket a k\u00e9p jelenval\u00f3s\u00e1g\u00e1ba, s egy\u00fctt l\u00e9pked\u00fcnk a vad\u00e1szatb\u00f3l \u00fcres k\u00e9zzel visszat\u00e9r\u0151 vad\u00e1szokkal a fasor \u00e1ltal megszabott ir\u00e1nyban a v\u00f6lgy fel\u00e9. Az el\u0151t\u00e9rbe berep\u00fcl\u0151, hossz\u00fa fark\u00fa, fekete mad\u00e1r az el\u0151tt\u00fcnk kiny\u00edl\u00f3 t\u00e9r t\u00e1vlat\u00e1t egy\u00e9rtelm\u0171en berendezve enged r\u00e1l\u00e1t\u00e1st a geometrikus elrendez\u00e9s\u0171 tavacsk\u00e1kon korcsoly\u00e1z\u00f3 kicsiny emberalakokra. S a vad\u00e1szokkal egy\u00fctt \u00e9rkezv\u00e9n, n\u00e9mi szorong\u00e1ssal az elmaradt zs\u00e1km\u00e1ny miatt, elhaladva a j\u00f3llakotts\u00e1g \u00edg\u00e9ret\u00e9t hordoz\u00f3, diszn\u00f3perzsel\u00e9s jelenete mellett, a j\u00e9gen korcsoly\u00e1z\u00f3k \u00f6nfeledts\u00e9ge m\u00e9gis megfoghatatlan, a t\u00e1vols\u00e1gba veszve, csak a v\u00e1gy t\u00e1rgya lehet. A t\u00e1volabb \u00e9s m\u00e9g t\u00e1volabb, alig kivehet\u0151 falvak a templomtornyokkal, a f\u00fcst\u00f6lg\u0151 k\u00e9m\u00e9nyekkel, otthonok meleg\u00e9vel, id\u0151be \u00e9s t\u00e9rbe helyezve egy-egy \u00e9rinthetetlen, \u00f6r\u00f6k jelen.<\/p>","protected":false},"excerpt":{"rendered":"<p>A fest\u0151 \u00e9vszakokat megjelen\u00edt\u0151 sorozat\u00e1nak telet \u00e1br\u00e1zol\u00f3 darabja. Az 1500-as \u00e9vek elej\u00e9t\u0151l bek\u00f6sz\u00f6nt\u0151 kis j\u00e9gkorszakban a szokatlanul zord \u00e9s fagyos t\u00e9l, megpr\u00f3b\u00e1ltat\u00e1sainak \u00e9s \u00f6r\u00f6meinek fesz\u00fclts\u00e9g\u00e9ben jelenik meg el\u0151tt\u00fcnk. B\u00e1r a sz\u00ednvil\u00e1got uralja a h\u00f3f\u00f6dte t\u00e1j hideg feh\u00e9re, az itt-ott felt\u0171n\u0151 meleg sz\u00ednekkel m\u00e9gis megkapjuk a Brueghel-k\u00e9pekr\u0151l \u00e1ltal\u00e1ban \u00e1rad\u00f3 meghitts\u00e9get. A fest\u0151 mintegy bevezet benn\u00fcnket a&hellip;<\/p>","protected":false},"author":1,"featured_media":0,"parent":5233,"menu_order":1,"comment_status":"closed","ping_status":"closed","template":"page-article.php","meta":{"inline_featured_image":false,"footnotes":""},"categories":[],"tags":[],"_links":{"self":[{"href":"https:\/\/www.femmeharmone.com\/eng\/wp-json\/wp\/v2\/pages\/5253"}],"collection":[{"href":"https:\/\/www.femmeharmone.com\/eng\/wp-json\/wp\/v2\/pages"}],"about":[{"href":"https:\/\/www.femmeharmone.com\/eng\/wp-json\/wp\/v2\/types\/page"}],"author":[{"embeddable":true,"href":"https:\/\/www.femmeharmone.com\/eng\/wp-json\/wp\/v2\/users\/1"}],"replies":[{"embeddable":true,"href":"https:\/\/www.femmeharmone.com\/eng\/wp-json\/wp\/v2\/comments?post=5253"}],"version-history":[{"count":2,"href":"https:\/\/www.femmeharmone.com\/eng\/wp-json\/wp\/v2\/pages\/5253\/revisions"}],"predecessor-version":[{"id":5256,"href":"https:\/\/www.femmeharmone.com\/eng\/wp-json\/wp\/v2\/pages\/5253\/revisions\/5256"}],"up":[{"embeddable":true,"href":"https:\/\/www.femmeharmone.com\/eng\/wp-json\/wp\/v2\/pages\/5233"}],"wp:attachment":[{"href":"https:\/\/www.femmeharmone.com\/eng\/wp-json\/wp\/v2\/media?parent=5253"}],"wp:term":[{"taxonomy":"category","embeddable":true,"href":"https:\/\/www.femmeharmone.com\/eng\/wp-json\/wp\/v2\/categories?post=5253"},{"taxonomy":"post_tag","embeddable":true,"href":"https:\/\/www.femmeharmone.com\/eng\/wp-json\/wp\/v2\/tags?post=5253"}],"curies":[{"name":"wp","href":"https:\/\/api.w.org\/{rel}","templated":true}]}}