{"id":5281,"date":"2024-12-24T04:47:55","date_gmt":"2024-12-24T04:47:55","guid":{"rendered":"https:\/\/www.femmeharmone.com\/?page_id=5281"},"modified":"2024-12-24T06:14:33","modified_gmt":"2024-12-24T06:14:33","slug":"rockenbauer-antal-az-univerzum-szerkezetenek-megformaloi-gravitacio-es-antigravitacio","status":"publish","type":"page","link":"https:\/\/www.femmeharmone.com\/eng\/a-noi-dimenzio\/iii-evfolyam-4-szam\/tudomany\/rockenbauer-antal-az-univerzum-szerkezetenek-megformaloi-gravitacio-es-antigravitacio\/","title":{"rendered":"<em>Rockenbauer Antal:<\/em> Az Univerzum szerkezet\u00e9nek megform\u00e1l\u00f3i: gravit\u00e1ci\u00f3 \u00e9s antigravit\u00e1ci\u00f3"},"content":{"rendered":"<p class=\"has-text-align-right\"><a href=\"https:\/\/doi.org\/10.55344\/andfh.2304112\"><em>DOI: 10.55344\/andfh.2304112<\/em><\/a><\/p>\n\n\n\n<div style=\"height:100px\" aria-hidden=\"true\" class=\"wp-block-spacer\"><\/div>\n\n\n\n<p><em><strong>Absztrakt<\/strong><\/em><\/p>\n\n\n\n<p><strong>A t\u00e9r, az id\u0151 \u00e9s az anyag elv\u00e1laszthatatlan egys\u00e9get alkot. Elindulhatunk a t\u00e9r lok\u00e1lis forg\u00e1saib\u00f3l, amely megalkotja a mikroszkopikus elemi r\u00e9szecsk\u00e9k vil\u00e1g\u00e1t, a n\u00e9gy alapvet\u0151 k\u00f6lcs\u00f6nhat\u00e1s ebb\u0151l fel\u00e9p\u00edti a makroszkopikus objektumokat, melyek mozg\u00e1sai visszahatnak a t\u00e9r szerkezet\u00e9re. A gravit\u00e1ci\u00f3 a t\u00f6meg hat\u00e1sa \u00f6nmag\u00e1ra a t\u00e9r szerkezet\u00e9nek megv\u00e1ltoztat\u00e1sa \u00e1ltal. Ennek k\u00e9t form\u00e1ja van: lok\u00e1lisan vonz\u00e1s az elliptikus geometri\u00e1j\u00fa galaxisokban, illetve univerz\u00e1lis tasz\u00edt\u00e1s a mindent mag\u00e1ban foglal\u00f3 hiperbolikus t\u00e9rben. Ehhez a fizikai vil\u00e1gk\u00e9phez az einsteini t\u00e9rszeml\u00e9let \u00e9s a kvantumfizikai mez\u0151elm\u00e9leti felfog\u00e1s \u00f6sszekapcsol\u00e1s\u00e1val juthatunk el, felhaszn\u00e1lva a speci\u00e1lis relativit\u00e1selm\u00e9let transzform\u00e1ci\u00f3s szab\u00e1lyait.<\/strong><\/p>\n\n\n\n<div style=\"height:100px\" aria-hidden=\"true\" class=\"wp-block-spacer\"><\/div>\n\n\n\n<div data-wp-interactive=\"core\/file\" class=\"wp-block-file\"><object data-wp-bind--hidden=\"!state.hasPdfPreview\"  class=\"wp-block-file__embed\" data=\"https:\/\/www.femmeharmone.com\/wp-content\/uploads\/2024\/12\/AND10_2023_Tel_v1_0_Rockenbauer.pdf\" type=\"application\/pdf\" style=\"width:100%;height:1500px\" aria-label=\"Embed of AND10_2023_Tel_v1_0_Rockenbauer.\"><\/object><a id=\"wp-block-file--media-4722004c-1914-4050-94e7-38a61e94fbf5\" href=\"https:\/\/www.femmeharmone.com\/wp-content\/uploads\/2024\/12\/AND10_2023_Tel_v1_0_Rockenbauer.pdf\">AND10_2023_Tel_v1_0_Rockenbauer<\/a><a href=\"https:\/\/www.femmeharmone.com\/wp-content\/uploads\/2024\/12\/AND10_2023_Tel_v1_0_Rockenbauer.pdf\" class=\"wp-block-file__button wp-element-button\" download aria-describedby=\"wp-block-file--media-4722004c-1914-4050-94e7-38a61e94fbf5\">Let\u00f6lt\u00e9s<\/a><\/div>","protected":false},"excerpt":{"rendered":"<p>DOI: 10.55344\/andfh.2304112 Absztrakt A t\u00e9r, az id\u0151 \u00e9s az anyag elv\u00e1laszthatatlan egys\u00e9get alkot. Elindulhatunk a t\u00e9r lok\u00e1lis forg\u00e1saib\u00f3l, amely megalkotja a mikroszkopikus elemi r\u00e9szecsk\u00e9k vil\u00e1g\u00e1t, a n\u00e9gy alapvet\u0151 k\u00f6lcs\u00f6nhat\u00e1s ebb\u0151l fel\u00e9p\u00edti a makroszkopikus objektumokat, melyek mozg\u00e1sai visszahatnak a t\u00e9r szerkezet\u00e9re. A gravit\u00e1ci\u00f3 a t\u00f6meg hat\u00e1sa \u00f6nmag\u00e1ra a t\u00e9r szerkezet\u00e9nek megv\u00e1ltoztat\u00e1sa \u00e1ltal. Ennek k\u00e9t form\u00e1ja van:&hellip;<\/p>","protected":false},"author":1,"featured_media":0,"parent":5241,"menu_order":6,"comment_status":"closed","ping_status":"closed","template":"page-article.php","meta":{"inline_featured_image":false,"footnotes":""},"categories":[],"tags":[],"_links":{"self":[{"href":"https:\/\/www.femmeharmone.com\/eng\/wp-json\/wp\/v2\/pages\/5281"}],"collection":[{"href":"https:\/\/www.femmeharmone.com\/eng\/wp-json\/wp\/v2\/pages"}],"about":[{"href":"https:\/\/www.femmeharmone.com\/eng\/wp-json\/wp\/v2\/types\/page"}],"author":[{"embeddable":true,"href":"https:\/\/www.femmeharmone.com\/eng\/wp-json\/wp\/v2\/users\/1"}],"replies":[{"embeddable":true,"href":"https:\/\/www.femmeharmone.com\/eng\/wp-json\/wp\/v2\/comments?post=5281"}],"version-history":[{"count":3,"href":"https:\/\/www.femmeharmone.com\/eng\/wp-json\/wp\/v2\/pages\/5281\/revisions"}],"predecessor-version":[{"id":5336,"href":"https:\/\/www.femmeharmone.com\/eng\/wp-json\/wp\/v2\/pages\/5281\/revisions\/5336"}],"up":[{"embeddable":true,"href":"https:\/\/www.femmeharmone.com\/eng\/wp-json\/wp\/v2\/pages\/5241"}],"wp:attachment":[{"href":"https:\/\/www.femmeharmone.com\/eng\/wp-json\/wp\/v2\/media?parent=5281"}],"wp:term":[{"taxonomy":"category","embeddable":true,"href":"https:\/\/www.femmeharmone.com\/eng\/wp-json\/wp\/v2\/categories?post=5281"},{"taxonomy":"post_tag","embeddable":true,"href":"https:\/\/www.femmeharmone.com\/eng\/wp-json\/wp\/v2\/tags?post=5281"}],"curies":[{"name":"wp","href":"https:\/\/api.w.org\/{rel}","templated":true}]}}