{"id":5353,"date":"2025-01-20T10:03:59","date_gmt":"2025-01-20T10:03:59","guid":{"rendered":"https:\/\/www.femmeharmone.com\/?page_id=5353"},"modified":"2025-03-03T07:21:53","modified_gmt":"2025-03-03T07:21:53","slug":"alternativ-elmeletek-a-fizikaban","status":"publish","type":"page","link":"https:\/\/www.femmeharmone.com\/eng\/kutatointezet\/projektek\/alternativ-elmeletek-a-fizikaban\/","title":{"rendered":"Alternat\u00edv elm\u00e9letek a fizik\u00e1ban"},"content":{"rendered":"<div style=\"height:50px\" aria-hidden=\"true\" class=\"wp-block-spacer\"><\/div>\n\n\n\n<h3 class=\"wp-block-heading has-text-align-center\">Projektvezet\u0151: <strong>Rockenbauer Antal<\/strong><\/h3>\n\n\n\n<div style=\"height:50px\" aria-hidden=\"true\" class=\"wp-block-spacer\"><\/div>\n\n\n\n<h4 class=\"wp-block-heading has-text-align-center\"><strong>Alternat\u00edv elm\u00e9letek a fizik\u00e1ban &#8211; L\u00e9tezik-e s\u00f6t\u00e9t anyag \u00e9s s\u00f6t\u00e9t energia?<\/strong><\/h4>\n\n\n\n<h5 class=\"wp-block-heading has-text-align-right has-normal-font-size\">\u201e<em>Minden \u00fat az elektronokhoz vezet\u201d<\/em><\/h5>\n\n\n\n<div style=\"height:50px\" aria-hidden=\"true\" class=\"wp-block-spacer\"><\/div>\n\n\n\n<p>A tudom\u00e1nyt alternat\u00edv elm\u00e9letek \u00fctk\u00f6z\u00e9se viszi el\u0151re. Ez vonatkozik a kozmol\u00f3gi\u00e1ra \u00e9s a gravit\u00e1ci\u00f3 elm\u00e9let\u00e9re is. A fizikai t\u00f6rv\u00e9nyek \u00e9rv\u00e9nyess\u00e9ge hat\u00e1rokhoz k\u00f6t\u00f6tt, erre p\u00e9lda a Merkur bolyg\u00f3 p\u00e1lyaanom\u00e1li\u00e1ja is, ennek magyar\u00e1zata sz\u00fclte meg Einstein \u00e1ltal\u00e1nos relativit\u00e1selm\u00e9let\u00e9t, meghaladva a newtoni dinamika szab\u00e1lyait. Az E\u00f6tv\u00f6s Lor\u00e1nd \u00e1ltal bizony\u00edtott ekvivalencia a gravit\u00e1l\u00f3 \u00e9s tehetetlen t\u00f6meg k\u00f6z\u00f6tt \u2013 \u00f6sszekapcsolva a speci\u00e1lis relativit\u00e1selm\u00e9let energia-t\u00f6meg ekvivalenci\u00e1j\u00e1val \u2013 szint\u00e9n magyar\u00e1zatot ad a Merkur p\u00e1lyaanom\u00e1li\u00e1j\u00e1ra. Ha viszont kil\u00e9p\u00fcnk Naprendszerb\u0151l a Tej\u00fat hatalmas dimenzi\u00f3j\u00e1ba, ott m\u00e1r a csillagok kering\u00e9si p\u00e1ly\u00e1ja nem k\u00f6veti ezt a t\u00f6rv\u00e9nyt sem. Ennek magyar\u00e1zat\u00e1ra sz\u00fcletett meg a s\u00f6t\u00e9t anyag hipot\u00e9zise. De megfogalmazhat\u00f3 ezzel szemben egy alternat\u00edva is, melyben a gravit\u00e1ci\u00f3 nagy t\u00e1vols\u00e1gokban \u00e1tmegy antigravit\u00e1ci\u00f3ba. Ehhez az einsteini gondolatot kell tov\u00e1bb \u00e9p\u00edteni, amikor is a t\u00f6megvonz\u00e1s elliptikus geometri\u00e1j\u00e1t hiperbolikus t\u00e9rbe \u00e1gyazzuk be. Ennek matematikai alapj\u00e1t Bolyai \u00e9s t\u0151le f\u00fcggetlen\u00fcl Lobacsevszkij rakta le. Ebb\u0151l k\u00f6vetkezik, hogy az univerzum t\u00f6bbsz\u00e1z milli\u00e1rd galaxisa fel\u00e9p\u00edt egy gigantikus antigravit\u00e1ci\u00f3s nyom\u00e1st, amely egyben tartja a Tejutat, s\u0151t forg\u00e1sba is hozza. Emiatt a s\u00f6t\u00e9t anyag mindm\u00e1ig nem bizony\u00edtott hipot\u00e9zise feleslegess\u00e9 v\u00e1lik. Szint\u00e9n magyar\u00e1zatot kapunk a s\u00f6t\u00e9t energia forr\u00e1s\u00e1ra is, mert a galaxisok k\u00f6z\u00f6tt fell\u00e9p\u0151 univerz\u00e1lis tasz\u00edt\u00e1s okozza az univerzum t\u00e1gul\u00e1s\u00e1t.<\/p>\n\n\n\n<p>A gravit\u00e1ci\u00f3t antigravit\u00e1ci\u00f3val p\u00e1ros\u00edt\u00f3 elm\u00e9let k\u00f6zvet\u00edt\u0151je a kepleron, ehhez a fogalomhoz a k\u00fcl\u00f6nb\u00f6z\u0151 fizikai diszcipl\u00edn\u00e1k \u00f6sszekapcsol\u00e1s\u00e1val jutunk el, bele\u00e9rtve a r\u00e9szecskefizik\u00e1t, a speci\u00e1lis \u00e9s \u00e9tal\u00e1nos relativit\u00e1selm\u00e9letet, a kvantummez\u0151 elm\u00e9leteket \u00e9s a kozmol\u00f3gi\u00e1t. A csillagok titkait akkor \u00e9rthetj\u00fck meg, ha az elektron \u00e9s az univerzum tov\u00e1bbi elemi r\u00e9szecsk\u00e9inek tulajdons\u00e1gaib\u00f3l indulunk ki. Ebben is t\u00fckr\u00f6z\u0151dik a fizikai vil\u00e1g \u00e9s az elm\u00e9leti le\u00edr\u00e1s egys\u00e9ge.<\/p>\n\n\n\n<div style=\"height:100px\" aria-hidden=\"true\" class=\"wp-block-spacer\"><\/div>\n\n\n\n<hr class=\"wp-block-separator has-alpha-channel-opacity\"\/>\n\n\n\n<div style=\"height:100px\" aria-hidden=\"true\" class=\"wp-block-spacer\"><\/div>\n\n\n\n<h2 class=\"wp-block-heading has-text-align-center\"><em>Rockenbauer Antal:<\/em><br>A kozmosz rejt\u00e9lyei \u2013<br> L\u00e9tezik-e a s\u00f6t\u00e9t anyag \u00e9s s\u00f6t\u00e9t energia?<br>K\u00f6nyvbemutat\u00f3<\/h2>\n\n\n\n<p class=\"has-text-align-center\">2025. febru\u00e1r 25.<\/p>\n\n\n\n<p class=\"has-text-align-center\">HUN-REN Term\u00e9szettudom\u00e1nyi Kutat\u00f3k\u00f6zpont, Budapest<\/p>\n\n\n\n<figure class=\"wp-block-embed is-type-video is-provider-youtube wp-block-embed-youtube wp-embed-aspect-16-9 wp-has-aspect-ratio\"><div class=\"wp-block-embed__wrapper\">\n<iframe loading=\"lazy\" title=\"Rockenbauer Antal: A kozmosz rejt\u00e9lyei \u2013 L\u00e9tezik-e a s\u00f6t\u00e9t anyag \u00e9s s\u00f6t\u00e9t energia? \u2013 K\u00f6nyvbemutat\u00f3\" width=\"750\" height=\"422\" src=\"https:\/\/www.youtube.com\/embed\/hXpb0HFJCjI?feature=oembed\" frameborder=\"0\" allow=\"accelerometer; autoplay; clipboard-write; encrypted-media; gyroscope; picture-in-picture; web-share\" referrerpolicy=\"strict-origin-when-cross-origin\" allowfullscreen><\/iframe>\n<\/div><\/figure>\n\n\n\n<div style=\"height:100px\" aria-hidden=\"true\" class=\"wp-block-spacer\"><\/div>\n\n\n\n<div data-wp-interactive=\"core\/file\" class=\"wp-block-file\"><object data-wp-bind--hidden=\"!state.hasPdfPreview\"  class=\"wp-block-file__embed\" data=\"https:\/\/www.femmeharmone.com\/wp-content\/uploads\/2025\/01\/20250225_RA_kotetbemutato_v2.pdf\" type=\"application\/pdf\" style=\"width:100%;height:1500px\" aria-label=\"Embed of 20250225_RA_kotetbemutato_v2.\"><\/object><a id=\"wp-block-file--media-42f9afce-516e-4db8-a028-eff2473bf439\" href=\"https:\/\/www.femmeharmone.com\/wp-content\/uploads\/2025\/01\/20250225_RA_kotetbemutato_v2.pdf\">20250225_RA_kotetbemutato_v2<\/a><a href=\"https:\/\/www.femmeharmone.com\/wp-content\/uploads\/2025\/01\/20250225_RA_kotetbemutato_v2.pdf\" class=\"wp-block-file__button wp-element-button\" download aria-describedby=\"wp-block-file--media-42f9afce-516e-4db8-a028-eff2473bf439\">Let\u00f6lt\u00e9s<\/a><\/div>\n\n\n\n<div style=\"height:100px\" aria-hidden=\"true\" class=\"wp-block-spacer\"><\/div>\n\n\n\n<hr class=\"wp-block-separator has-alpha-channel-opacity\"\/>\n\n\n\n<div style=\"height:100px\" aria-hidden=\"true\" class=\"wp-block-spacer\"><\/div>\n\n\n\n<h2 class=\"wp-block-heading has-text-align-center\"><em>Ismeretelm\u00e9leti k\u00fcsz\u00f6b\u00f6k<\/em> konferencia<\/h2>\n\n\n\n<p class=\"has-text-align-center\">2023. febru\u00e1r 2.<\/p>\n\n\n\n<p class=\"has-text-align-center\">\u00d6rm\u00e9ny Kultur\u00e1lis K\u00f6zpont, Budapest<\/p>\n\n\n\n<div style=\"height:50px\" aria-hidden=\"true\" class=\"wp-block-spacer\"><\/div>\n\n\n\n<h3 class=\"wp-block-heading has-text-align-center\">Tudom\u00e1nyt\u00f6rt\u00e9neti fordul\u00f3pontban? L\u00e9tezik-e s\u00f6t\u00e9t anyag?<\/h3>\n\n\n\n<div style=\"height:50px\" aria-hidden=\"true\" class=\"wp-block-spacer\"><\/div>\n\n\n\n<h3 class=\"wp-block-heading has-text-align-center\"><em>Major Gy\u00f6ngyi:<\/em> The <em>Ismeretelm\u00e9leti k\u00fcsz\u00f6b\u00f6k<\/em> konferencia r\u00e9sztvev\u0151inek k\u00f6sz\u00f6nt\u00e9se<\/h3>\n\n\n\n<div style=\"height:50px\" aria-hidden=\"true\" class=\"wp-block-spacer\"><\/div>\n\n\n\n<p class=\"has-text-align-left\">Tisztelt H\u00f6lgyek \u00e9s Urak!<\/p>\n\n\n\n<p>Szeretettel k\u00f6sz\u00f6nt\u00f6m Bal\u00e1zs J\u00falia csal\u00e1dj\u00e1t, el\u0151ad\u00f3inkat, kedves vend\u00e9geinket \u00e9s minden \u00e9rdekl\u0151d\u0151t.<\/p>\n\n\n\n<p>Ann\u00e1l is ink\u00e1bb nagy v\u00e1rakoz\u00e1ssal tekintek erre a konferenci\u00e1ra, mert \u2013 \u00f6nz\u0151 m\u00f3don \u2013 val\u00f3j\u00e1ban a gyermekkorom \u00f3ta velem \u00e9l\u0151 k\u00e9rd\u00e9s k\u00f6r\u00e9 igyekeztem szervezni minden megnyilv\u00e1nul\u00e1somat, ez pedig \u00e1ltal\u00e1ban v\u00e9ve az \u201eigazs\u00e1g\u201d meglehet\u0151sen k\u00e9nyes k\u00e9rd\u00e9se. J\u00f3llehet ma az \u00e1ltal\u00e1nos megk\u00f6zel\u00edt\u00e9sen bel\u00fcl a \u201etudom\u00e1nyos igazs\u00e1g\u201d probl\u00e9m\u00e1j\u00e1t fogjuk k\u00f6rbej\u00e1rni, \u00e9s term\u00e9szetesen nem valamif\u00e9le \u201ev\u00e9gs\u0151 \u00e9s abszol\u00fat tanuls\u00e1g\u201d levon\u00e1s\u00e1nak ig\u00e9ny\u00e9vel, azonban rem\u00e9lhet\u0151leg n\u00e9h\u00e1ny \u00e9rtelmez\u00e9si \u00e1rnyalattal gazdagabban fogjuk befejezni ezt az est\u00e9t.<\/p>\n\n\n\n<p>M\u00e1sr\u00e9szr\u0151l pedig ennek a konferenci\u00e1nak k\u00e9t aktualit\u00e1sa is van. Az egyik, hogy ma van Bal\u00e1zs J\u00fali\u00e1nak, az els\u0151 magyar csillag\u00e1szn\u0151nek a sz\u00fclet\u00e9snapja, akinek \u00e9let\u00fatj\u00e1val, jelent\u0151s\u00e9g\u00e9vel m\u00e1r a kor\u00e1bbiakban is foglalkoztunk. Ennek a sz\u00fclet\u00e9snapnak aprop\u00f3j\u00e1n minden el\u0151ad\u00e1s el\u0151tt le fogunk j\u00e1tszani r\u00e9szleteket egy, az 1960-as \u00e9vekben vele, illetve munkat\u00e1rsaival k\u00e9sz\u00fclt r\u00e1di\u00f3felv\u00e9telb\u0151l, amelyet Detre Vill\u0151 bocs\u00e1tott rendelkez\u00e9s\u00fcnkre. Ez ann\u00e1l ink\u00e1bb is \u00e9rdekes, mivel benyom\u00e1st szerezhet\u00fcnk \u00e1ltala, hogy az az\u00f3ta eltelt n\u00e9h\u00e1ny \u00e9vtized milyen jelent\u0151s v\u00e1ltoz\u00e1sokat hozott gondolkoz\u00e1sunkban&nbsp;\u00e9pp\u00fagy, mint abban, amit \u201etudom\u00e1nyos igazs\u00e1gk\u00e9nt\u201d foghatunk fel.<\/p>\n\n\n\n<p>Megd\u00f6bbent\u0151, hogy az \u201eigazs\u00e1g\u201d, a \u201etudom\u00e1nyos igazs\u00e1g\u201d mif\u00e9le m\u00f3don v\u00e1ltoz\u00e9kony t\u00f6rt\u00e9nelmi k\u00f6rnyezet\u00e9nek kontextus\u00e1ban. \u00c9s \u00e9ppen ebben a vonatkoz\u00e1sban v\u00e1lik igaz\u00e1n izgalmass\u00e1 Rockenbauer Antal professzor \u00far foly\u00f3iratunkban m\u00e1r megjelent tanulm\u00e1nya a \u201es\u00f6t\u00e9t anyagr\u00f3l\u201d, mely tanulm\u00e1nynak m\u00e1r \u00e9lett\u00f6rt\u00e9nete van. Merthogy Antal \u2013 amint majd arr\u00f3l maga fog besz\u00e1molni \u2013 valami\u00e9rt el\u00e9gtelennek tal\u00e1lta a vonatkoz\u00f3 jelens\u00e9gek magyar\u00e1zat\u00e1ra a \u201es\u00f6t\u00e9t anyag\u201d koncepci\u00f3j\u00e1t, \u00e9s helyette megalkotott egy teljesen \u00faj elm\u00e9letet. Mivel \u00e9n nem vagyok fizikus, k\u00fcl\u00f6n\u00f6s tekintettel egy magas szint\u0171 vit\u00e1ban nem tudok \u00e9s nem is akarok \u00e1ll\u00e1st foglalni. Azonban l\u00e1tom, hogy mif\u00e9le g\u00e1tl\u00e1sokkal k\u00fczd a mag\u00e1t meggy\u00f6keresedett elm\u00e9letek birtokos\u00e1nak gondol\u00f3 fizikus t\u00e1rsadalom, amikor tal\u00e1lkozik az elk\u00e9pzel\u00e9seit alapjaiban renget\u0151 \u00faj elm\u00e9lettel. Antal tanulm\u00e1ny\u00e1val kapcsolatban nem az a f\u0151 probl\u00e9ma, hogy vitatj\u00e1k, hanem az, hogy nem akadt senki, aki \u00e9rdemi pol\u00e9mi\u00e1ra lenne hajland\u00f3. Antal volt olyan b\u00e1tor, \u00e9s el\u0151\u00e1llt egy \u00faj elm\u00e9lettel, \u00e9s nincs senki olyan b\u00e1tor, aki ak\u00e1r mell\u00e9 \u00e1llna, ak\u00e1r szemben \u00e1llna vele. Vagyis szemmel l\u00e1that\u00f3an senkinek nincs olyan hat\u00e1rozott saj\u00e1t meggy\u0151z\u0151d\u00e9se, amiben elegend\u0151en szil\u00e1rd igazs\u00e1gk\u00e9nt hinne ahhoz, hogy v\u00e1llaln\u00e1 a mainstream \u201eigazs\u00e1g\u201d relativizmus\u00e1nak&nbsp;t\u00e9ny\u00e9t. Azt a t\u00e9nyt, hogy ellent\u00e9tben sokak be\u00e1ll\u00edt\u00f3d\u00e1s\u00e1val, a mainstream igazs\u00e1g nem abszol\u00fat, teh\u00e1t vitathat\u00f3. Ez\u00e9rt azt\u00e1n nemcsak \u00e9rdemi vit\u00e1ra nem kaphat\u00f3 senki, hanem az \u00f6nmagukat sokra tart\u00f3 fizikai szaklapok sem hajland\u00f3k megjelentetni Antal elm\u00e9let\u00e9t. Ez pedig \u2013 l\u00e1ssuk be \u2013 el\u00e9g messze esik a tudom\u00e1ny eredeti c\u00e9lkit\u0171z\u00e9seit\u0151l. Ide jutottunk. \u00c9s ez\u00e9rt l\u00e1ttuk indokoltnak az \u201eigazs\u00e1g\u201d t\u00e1rgyk\u00f6r\u00e9t sz\u00e9lesebb \u00e9rtelemben k\u00f6r\u00fclj\u00e1rni, megt\u00e1mogatva filoz\u00f3fiai&nbsp;alapvet\u00e9sekkel is.<\/p>\n\n\n\n<figure class=\"wp-block-image size-large\"><img loading=\"lazy\" decoding=\"async\" width=\"1024\" height=\"593\" src=\"https:\/\/www.femmeharmone.com\/wp-content\/uploads\/2023\/05\/20230202_140829_cr-1024x593.jpg\" alt=\"\" class=\"wp-image-3424\" srcset=\"https:\/\/www.femmeharmone.com\/wp-content\/uploads\/2023\/05\/20230202_140829_cr-1024x593.jpg 1024w, https:\/\/www.femmeharmone.com\/wp-content\/uploads\/2023\/05\/20230202_140829_cr-300x174.jpg 300w, https:\/\/www.femmeharmone.com\/wp-content\/uploads\/2023\/05\/20230202_140829_cr-768x445.jpg 768w, https:\/\/www.femmeharmone.com\/wp-content\/uploads\/2023\/05\/20230202_140829_cr-1536x890.jpg 1536w, https:\/\/www.femmeharmone.com\/wp-content\/uploads\/2023\/05\/20230202_140829_cr-2048x1186.jpg 2048w, https:\/\/www.femmeharmone.com\/wp-content\/uploads\/2023\/05\/20230202_140829_cr-18x10.jpg 18w, https:\/\/www.femmeharmone.com\/wp-content\/uploads\/2023\/05\/20230202_140829_cr-1568x908.jpg 1568w\" sizes=\"(max-width: 1024px) 100vw, 1024px\" \/><\/figure>\n\n\n\n<figure class=\"wp-block-gallery has-nested-images columns-2 is-cropped wp-block-gallery-1 is-layout-flex wp-block-gallery-is-layout-flex\">\n<figure class=\"wp-block-image size-large\"><img loading=\"lazy\" decoding=\"async\" width=\"1024\" height=\"563\" data-id=\"3428\" src=\"https:\/\/www.femmeharmone.com\/wp-content\/uploads\/2023\/05\/20230202_140922_cr-1024x563.jpg\" alt=\"\" class=\"wp-image-3428\" srcset=\"https:\/\/www.femmeharmone.com\/wp-content\/uploads\/2023\/05\/20230202_140922_cr-1024x563.jpg 1024w, https:\/\/www.femmeharmone.com\/wp-content\/uploads\/2023\/05\/20230202_140922_cr-300x165.jpg 300w, https:\/\/www.femmeharmone.com\/wp-content\/uploads\/2023\/05\/20230202_140922_cr-768x423.jpg 768w, https:\/\/www.femmeharmone.com\/wp-content\/uploads\/2023\/05\/20230202_140922_cr-1536x845.jpg 1536w, https:\/\/www.femmeharmone.com\/wp-content\/uploads\/2023\/05\/20230202_140922_cr-2048x1127.jpg 2048w, https:\/\/www.femmeharmone.com\/wp-content\/uploads\/2023\/05\/20230202_140922_cr-18x10.jpg 18w, https:\/\/www.femmeharmone.com\/wp-content\/uploads\/2023\/05\/20230202_140922_cr-1568x863.jpg 1568w\" sizes=\"(max-width: 1024px) 100vw, 1024px\" \/><\/figure>\n\n\n\n<figure class=\"wp-block-image size-large\"><img loading=\"lazy\" decoding=\"async\" width=\"1024\" height=\"582\" data-id=\"3426\" src=\"https:\/\/www.femmeharmone.com\/wp-content\/uploads\/2023\/05\/20230202_163024_cr-1024x582.jpg\" alt=\"\" class=\"wp-image-3426\" srcset=\"https:\/\/www.femmeharmone.com\/wp-content\/uploads\/2023\/05\/20230202_163024_cr-1024x582.jpg 1024w, https:\/\/www.femmeharmone.com\/wp-content\/uploads\/2023\/05\/20230202_163024_cr-300x171.jpg 300w, https:\/\/www.femmeharmone.com\/wp-content\/uploads\/2023\/05\/20230202_163024_cr-768x436.jpg 768w, https:\/\/www.femmeharmone.com\/wp-content\/uploads\/2023\/05\/20230202_163024_cr-1536x873.jpg 1536w, https:\/\/www.femmeharmone.com\/wp-content\/uploads\/2023\/05\/20230202_163024_cr-2048x1164.jpg 2048w, https:\/\/www.femmeharmone.com\/wp-content\/uploads\/2023\/05\/20230202_163024_cr-18x10.jpg 18w, https:\/\/www.femmeharmone.com\/wp-content\/uploads\/2023\/05\/20230202_163024_cr-1568x891.jpg 1568w\" sizes=\"(max-width: 1024px) 100vw, 1024px\" \/><\/figure>\n\n\n\n<figure class=\"wp-block-image size-large\"><img loading=\"lazy\" decoding=\"async\" width=\"1024\" height=\"679\" data-id=\"3425\" src=\"https:\/\/www.femmeharmone.com\/wp-content\/uploads\/2023\/05\/20230202_165400_cr-1024x679.jpg\" alt=\"\" class=\"wp-image-3425\" srcset=\"https:\/\/www.femmeharmone.com\/wp-content\/uploads\/2023\/05\/20230202_165400_cr-1024x679.jpg 1024w, https:\/\/www.femmeharmone.com\/wp-content\/uploads\/2023\/05\/20230202_165400_cr-300x199.jpg 300w, https:\/\/www.femmeharmone.com\/wp-content\/uploads\/2023\/05\/20230202_165400_cr-768x509.jpg 768w, https:\/\/www.femmeharmone.com\/wp-content\/uploads\/2023\/05\/20230202_165400_cr-1536x1018.jpg 1536w, https:\/\/www.femmeharmone.com\/wp-content\/uploads\/2023\/05\/20230202_165400_cr-2048x1357.jpg 2048w, https:\/\/www.femmeharmone.com\/wp-content\/uploads\/2023\/05\/20230202_165400_cr-18x12.jpg 18w, https:\/\/www.femmeharmone.com\/wp-content\/uploads\/2023\/05\/20230202_165400_cr-1568x1039.jpg 1568w\" sizes=\"(max-width: 1024px) 100vw, 1024px\" \/><\/figure>\n\n\n\n<figure class=\"wp-block-image size-large\"><img loading=\"lazy\" decoding=\"async\" width=\"1024\" height=\"569\" data-id=\"3427\" src=\"https:\/\/www.femmeharmone.com\/wp-content\/uploads\/2023\/05\/20230202_174150_cr-1024x569.jpg\" alt=\"\" class=\"wp-image-3427\" srcset=\"https:\/\/www.femmeharmone.com\/wp-content\/uploads\/2023\/05\/20230202_174150_cr-1024x569.jpg 1024w, https:\/\/www.femmeharmone.com\/wp-content\/uploads\/2023\/05\/20230202_174150_cr-300x167.jpg 300w, https:\/\/www.femmeharmone.com\/wp-content\/uploads\/2023\/05\/20230202_174150_cr-768x427.jpg 768w, https:\/\/www.femmeharmone.com\/wp-content\/uploads\/2023\/05\/20230202_174150_cr-1536x854.jpg 1536w, https:\/\/www.femmeharmone.com\/wp-content\/uploads\/2023\/05\/20230202_174150_cr-2048x1139.jpg 2048w, https:\/\/www.femmeharmone.com\/wp-content\/uploads\/2023\/05\/20230202_174150_cr-18x10.jpg 18w, https:\/\/www.femmeharmone.com\/wp-content\/uploads\/2023\/05\/20230202_174150_cr-1568x872.jpg 1568w\" sizes=\"(max-width: 1024px) 100vw, 1024px\" \/><\/figure>\n<\/figure>\n\n\n\n<div style=\"height:50px\" aria-hidden=\"true\" class=\"wp-block-spacer\"><\/div>\n\n\n\n<div data-wp-interactive=\"core\/file\" class=\"wp-block-file\"><object data-wp-bind--hidden=\"!state.hasPdfPreview\"  class=\"wp-block-file__embed\" data=\"https:\/\/www.femmeharmone.com\/wp-content\/uploads\/2023\/01\/BJ_Konferencia_I.pdf\" type=\"application\/pdf\" style=\"width:100%;height:1300px\" aria-label=\"Embed of BJ_Konferencia_I.\"><\/object><a id=\"wp-block-file--media-dc32f5ad-8e8c-47aa-99f4-1203f2b894c9\" href=\"https:\/\/www.femmeharmone.com\/wp-content\/uploads\/2023\/01\/BJ_Konferencia_I.pdf\">BJ_Konferencia_I<\/a><a href=\"https:\/\/www.femmeharmone.com\/wp-content\/uploads\/2023\/01\/BJ_Konferencia_I.pdf\" class=\"wp-block-file__button wp-element-button\" download aria-describedby=\"wp-block-file--media-dc32f5ad-8e8c-47aa-99f4-1203f2b894c9\">Let\u00f6lt\u00e9s<\/a><\/div>\n\n\n\n<div style=\"height:100px\" aria-hidden=\"true\" class=\"wp-block-spacer\"><\/div>\n\n\n\n<hr class=\"wp-block-separator has-alpha-channel-opacity\"\/>\n\n\n\n<div style=\"height:100px\" aria-hidden=\"true\" class=\"wp-block-spacer\"><\/div>\n\n\n\n<h3 class=\"wp-block-heading has-text-align-center\"><strong>Rockenbauer Antal<\/strong> <em>A n\u0151i dimenzi\u00f3 &#8211; Femme Harmone<\/em> c. foly\u00f3iratban megjelent tanulm\u00e1nyai<\/h3>\n\n\n\n<div style=\"height:50px\" aria-hidden=\"true\" class=\"wp-block-spacer\"><\/div>\n\n\n\n<div class=\"wp-block-buttons is-content-justification-center is-layout-flex wp-container-core-buttons-is-layout-1 wp-block-buttons-is-layout-flex\">\n<div class=\"wp-block-button\"><a class=\"wp-block-button__link wp-element-button\" href=\"https:\/\/www.femmeharmone.com\/eng\/a-noi-dimenzio\/iii-evfolyam-4-szam\/tudomany\/rockenbauer-antal-az-univerzum-szerkezetenek-megformaloi-gravitacio-es-antigravitacio\/\" target=\"_blank\" rel=\"noreferrer noopener\"><em>Rockenbauer Antal:<\/em> Az Univerzum szerkezet\u00e9nek megform\u00e1l\u00f3i: gravit\u00e1ci\u00f3 \u00e9s antigravit\u00e1ci\u00f3<\/a><\/div>\n<\/div>\n\n\n\n<div style=\"height:50px\" aria-hidden=\"true\" class=\"wp-block-spacer\"><\/div>\n\n\n\n<div class=\"wp-block-buttons is-content-justification-center is-layout-flex wp-container-core-buttons-is-layout-2 wp-block-buttons-is-layout-flex\">\n<div class=\"wp-block-button\"><a class=\"wp-block-button__link wp-element-button\" href=\"https:\/\/www.femmeharmone.com\/eng\/a-noi-dimenzio\/iii-evfolyam-3-szam\/ismeret-szerzo\/rockenbauer-antal-miert-gombszeruek-az-egitestek\/\" target=\"_blank\" rel=\"noreferrer noopener\"><em>Rockenbauer Antal:<\/em> Mi\u00e9rt g\u00f6mbszer\u0171ek az \u00e9gitestek?<\/a><\/div>\n<\/div>\n\n\n\n<div style=\"height:50px\" aria-hidden=\"true\" class=\"wp-block-spacer\"><\/div>\n\n\n\n<div class=\"wp-block-buttons is-content-justification-center is-layout-flex wp-container-core-buttons-is-layout-3 wp-block-buttons-is-layout-flex\">\n<div class=\"wp-block-button\"><a class=\"wp-block-button__link wp-element-button\" href=\"https:\/\/www.femmeharmone.com\/eng\/a-noi-dimenzio\/iii-evfolyam-2-szam\/tudomany8\/rockenbauer-antal-rendhagyo-gondolatok-a-kozmologiai-idorol-a-nemlinearis-gondolkodas\/\" target=\"_blank\" rel=\"noreferrer noopener\"><em>Rockenbauer Antal:<\/em> Rendhagy\u00f3 gondolatok a kozmol\u00f3giai id\u0151r\u0151l. A nemline\u00e1ris gondolkod\u00e1s<\/a><\/div>\n<\/div>\n\n\n\n<div style=\"height:50px\" aria-hidden=\"true\" class=\"wp-block-spacer\"><\/div>\n\n\n\n<div class=\"wp-block-buttons is-content-justification-center is-layout-flex wp-container-core-buttons-is-layout-4 wp-block-buttons-is-layout-flex\">\n<div class=\"wp-block-button\"><a class=\"wp-block-button__link wp-element-button\" href=\"https:\/\/www.femmeharmone.com\/eng\/a-noi-dimenzio\/iii-evfolyam-1-szam\/tudomany7\/rockenbauer-antal-a-gravitacio-ket-arca-az-elliptikus-es-hiperbolikus-geometriaban-az-univerzum-masodlagos-tagulasa\/\" target=\"_blank\" rel=\"noreferrer noopener\"><em>Rockenbauer Antal:<\/em> A gravit\u00e1ci\u00f3 k\u00e9t arca az elliptikus \u00e9s hiperbolikus geometri\u00e1ban \u2013 Az univerzum m\u00e1sodlagos t\u00e1gul\u00e1sa<\/a><\/div>\n<\/div>\n\n\n\n<div style=\"height:50px\" aria-hidden=\"true\" class=\"wp-block-spacer\"><\/div>\n\n\n\n<div class=\"wp-block-buttons is-content-justification-center is-layout-flex wp-container-core-buttons-is-layout-5 wp-block-buttons-is-layout-flex\">\n<div class=\"wp-block-button\"><a class=\"wp-block-button__link wp-element-button\" href=\"https:\/\/www.femmeharmone.com\/eng\/a-noi-dimenzio\/ii-evfolyam-3-szam\/tudomany\/rockenbauer-antal-sotet-anyag-nem-letezik-a-kepleron-koncepcio-alapjan\/\" target=\"_blank\" rel=\"noreferrer noopener\"><em>Rockenbauer Antal:<\/em> S\u00f6t\u00e9t anyag nem l\u00e9tezik a kepleron-koncepci\u00f3 alapj\u00e1n<\/a><\/div>\n<\/div>\n\n\n\n<div style=\"height:50px\" aria-hidden=\"true\" class=\"wp-block-spacer\"><\/div>\n\n\n\n<div class=\"wp-block-buttons is-content-justification-center is-layout-flex wp-container-core-buttons-is-layout-6 wp-block-buttons-is-layout-flex\">\n<div class=\"wp-block-button\"><a class=\"wp-block-button__link wp-element-button\" href=\"https:\/\/www.femmeharmone.com\/eng\/a-noi-dimenzio\/ii-evfolyam-3-szam\/tudomany\/rockenbauer-antal-a-modern-fizika-kopernikuszi-paradigmavaltasa-es-kovetkezmenyei-a-vilagkepunkre\/\" target=\"_blank\" rel=\"noreferrer noopener\"><em>Rockenbauer Antal:<\/em> A modern fizika kopernikuszi paradigmav\u00e1lt\u00e1sa (\u00e9s k\u00f6vetkezm\u00e9nyei a vil\u00e1gk\u00e9p\u00fcnkre)<\/a><\/div>\n<\/div>\n\n\n\n<div style=\"height:100px\" aria-hidden=\"true\" class=\"wp-block-spacer\"><\/div>","protected":false},"excerpt":{"rendered":"<p>Projektvezet\u0151: Rockenbauer Antal Alternat\u00edv elm\u00e9letek a fizik\u00e1ban &#8211; L\u00e9tezik-e s\u00f6t\u00e9t anyag \u00e9s s\u00f6t\u00e9t energia? \u201eMinden \u00fat az elektronokhoz vezet\u201d A tudom\u00e1nyt alternat\u00edv elm\u00e9letek \u00fctk\u00f6z\u00e9se viszi el\u0151re. Ez vonatkozik a kozmol\u00f3gi\u00e1ra \u00e9s a gravit\u00e1ci\u00f3 elm\u00e9let\u00e9re is. A fizikai t\u00f6rv\u00e9nyek \u00e9rv\u00e9nyess\u00e9ge hat\u00e1rokhoz k\u00f6t\u00f6tt, erre p\u00e9lda a Merkur bolyg\u00f3 p\u00e1lyaanom\u00e1li\u00e1ja is, ennek magyar\u00e1zata sz\u00fclte meg Einstein \u00e1ltal\u00e1nos relativit\u00e1selm\u00e9let\u00e9t,&hellip;<\/p>","protected":false},"author":1,"featured_media":0,"parent":154,"menu_order":3,"comment_status":"closed","ping_status":"closed","template":"","meta":{"inline_featured_image":false,"footnotes":""},"categories":[],"tags":[],"_links":{"self":[{"href":"https:\/\/www.femmeharmone.com\/eng\/wp-json\/wp\/v2\/pages\/5353"}],"collection":[{"href":"https:\/\/www.femmeharmone.com\/eng\/wp-json\/wp\/v2\/pages"}],"about":[{"href":"https:\/\/www.femmeharmone.com\/eng\/wp-json\/wp\/v2\/types\/page"}],"author":[{"embeddable":true,"href":"https:\/\/www.femmeharmone.com\/eng\/wp-json\/wp\/v2\/users\/1"}],"replies":[{"embeddable":true,"href":"https:\/\/www.femmeharmone.com\/eng\/wp-json\/wp\/v2\/comments?post=5353"}],"version-history":[{"count":27,"href":"https:\/\/www.femmeharmone.com\/eng\/wp-json\/wp\/v2\/pages\/5353\/revisions"}],"predecessor-version":[{"id":5589,"href":"https:\/\/www.femmeharmone.com\/eng\/wp-json\/wp\/v2\/pages\/5353\/revisions\/5589"}],"up":[{"embeddable":true,"href":"https:\/\/www.femmeharmone.com\/eng\/wp-json\/wp\/v2\/pages\/154"}],"wp:attachment":[{"href":"https:\/\/www.femmeharmone.com\/eng\/wp-json\/wp\/v2\/media?parent=5353"}],"wp:term":[{"taxonomy":"category","embeddable":true,"href":"https:\/\/www.femmeharmone.com\/eng\/wp-json\/wp\/v2\/categories?post=5353"},{"taxonomy":"post_tag","embeddable":true,"href":"https:\/\/www.femmeharmone.com\/eng\/wp-json\/wp\/v2\/tags?post=5353"}],"curies":[{"name":"wp","href":"https:\/\/api.w.org\/{rel}","templated":true}]}}