{"id":5945,"date":"2025-08-15T08:46:59","date_gmt":"2025-08-15T08:46:59","guid":{"rendered":"https:\/\/www.femmeharmone.com\/?page_id=5945"},"modified":"2025-08-15T14:01:19","modified_gmt":"2025-08-15T14:01:19","slug":"major-gyongyi-koszonto","status":"publish","type":"page","link":"https:\/\/www.femmeharmone.com\/eng\/a-noi-dimenzio\/iv-evfolyam-1-4-szam\/koszonto\/major-gyongyi-koszonto\/","title":{"rendered":"<em>Major Gy\u00f6ngyi:<\/em> K\u00f6sz\u00f6nt\u0151"},"content":{"rendered":"<p>T\u00f6rt\u00e9nelmi-t\u00f6rt\u00e9neti ismereteink k\u00e9t vonatkoz\u00e1sban kezdenek jelen\u00fcnk meg\u00e9rt\u00e9s\u00e9ben \u00e9s fenntarthat\u00f3s\u00e1g\u00e1ban mind t\u00f6bb figyelmet k\u00f6vetelni. Az egyik fontos \u00e9s l\u00e1tv\u00e1nyos folyamat, ami a technol\u00f3gi\u00e1k fejl\u0151d\u00e9s\u00e9nek k\u00f6vetkezm\u00e9nyek\u00e9nt az individuum felszabadul\u00e1s\u00e1t hozta mag\u00e1val. Egyszer\u0171 megfogalmaz\u00e1ssal, a k\u00fcls\u0151 er\u0151forr\u00e1sok bevon\u00e1s\u00e1nak fejl\u0151d\u00e9s\u00e9vel a szem\u00e9ly, az individuum, az energi\u00e1k n\u00f6vekv\u0151 h\u00e1nyad\u00e1t ford\u00edthatta \u00f6nmag\u00e1ra, m\u00e9ghozz\u00e1 \u00fagy szellemi, mind fizikai \u00e9rtelemben.<\/p>\n\n\n\n<p>A m\u00e1sik \u2013 \u00e9s sajn\u00e1latosan l\u00e1tv\u00e1nyos \u2013 k\u00f6vetkeztet\u00e9s\u00fcnk, hogy ennek a felszabadul\u00e1si folyamatnak vannak hat\u00e1rai, amelyek \u00e1tl\u00e9p\u00e9se a t\u00e1rsadalom kaotikus sz\u00e9tes\u00e9s\u00e9hez vezet. Az egyik ilyen \u00e1tl\u00e9phetetlen hat\u00e1rpont a m\u0171k\u00f6d\u0151k\u00e9pes t\u00e1rsadalom fenntart\u00e1s\u00e1hoz a csal\u00e1d.<\/p>\n\n\n\n<p>A csal\u00e1d a t\u00f6rt\u00e9nelem folyam\u00e1n bizonyosan mindig is v\u00e1ls\u00e1gban volt, mert m\u00e9lyebb elemz\u00e9sek n\u00e9lk\u00fcl is \u00e1tl\u00e1that\u00f3, hogy a m\u00e9ly \u00e9rz\u00e9sekkel \u00e9s \u00e9rzelmekkel \u00e1titatott term\u00e9szetes sz\u00e1rmaz\u00e1si k\u00f6t\u0151d\u00e9ssel ellent\u00e9tben mindig is rendk\u00edv\u00fcl sok egy\u00e9b k\u00fcls\u0151 inspir\u00e1ci\u00f3 vagy egyszer\u0171 \u00e9rdekelts\u00e9g hatott, ami a h\u00e1zass\u00e1gok t\u00f6rt\u00e9netis\u00e9g\u00e9t dr\u00e1m\u00e1kkal \u00e9s trag\u00e9di\u00e1kkal szeg\u00e9lyezi. S mi sem lenne term\u00e9szetesebb, mint ezekt\u0151l a dr\u00e1m\u00e1kt\u00f3l megszabaduland\u00f3, levetk\u0151zni a h\u00e1zass\u00e1g int\u00e9zm\u00e9ny\u00e9t, s helyette valamilyen jobb l\u00e9tez\u00e9si form\u00e1t megval\u00f3s\u00edtani. Azonban a h\u00e1zass\u00e1g int\u00e9zm\u00e9nye nem v\u00e9letlen\u00fcl \u00e9lt t\u00fal minden korfordul\u00f3t, \u00e9s nem v\u00e9letlen\u00fcl foglal el jelent\u0151s helyet minden kult\u00far\u00e1ban \u2013 egy \u00e9letk\u00e9pes t\u00e1rsadalomban a dr\u00e1m\u00e1ival \u00e9s trag\u00e9di\u00e1ival egy\u00fctt is n\u00e9lk\u00fcl\u00f6zhetetlen. Nem j\u00f3 vagy rossz, hanem n\u00e9lk\u00fcl\u00f6zhetetlen.<\/p>\n\n\n\n<p>Mindezt figyelembe v\u00e9ve egy\u00e1ltal\u00e1n nem n\u0151jogi k\u00e9rd\u00e9sek miatt, hanem a h\u00e1zass\u00e1g, a csal\u00e1d funkcion\u00e1lis megk\u00f6zel\u00edt\u00e9s\u00e9nek k\u00f6vetkezt\u00e9ben fokozottan ir\u00e1nyul a figyelm\u00fcnk a n\u0151re, illetve a n\u0151 mindenkori szerep\u00e9re a csal\u00e1dban\/t\u00e1rsadalomban. S mivel a jelen individualizmus\u00e1ban a n\u0151 bizonyosan csakis megn\u00f6vekedett t\u00e1rsadalmi s\u00fallyal tudhatja meg\u0151rizni a csal\u00e1d m\u0171k\u00f6d\u0151k\u00e9pess\u00e9g\u00e9t, a nem kis tehert\u00e9telk\u00e9nt jelentkez\u0151 ellenhat\u00e1sok \u00e9s \u00f6nk\u00e9nyes v\u00e9lem\u00e9nyform\u00e1l\u00e1sokkal szemben indokoltt\u00e1 v\u00e1lt a n\u0151i szerep, a n\u0151i l\u00e9t m\u00e9lyebb \u00e9s elvontabb \u00e9rtelmez\u00e9se. Ezen bel\u00fcl a n\u0151 t\u00e1rsadalmi szempontb\u00f3l \u00e9rtelmezhet\u0151 k\u00fcl\u00f6nleges szerepe a h\u00e1zass\u00e1gk\u00f6t\u00e9ssel kezd\u0151dik meg, ami miatt els\u0151 pillant\u00e1sunk a h\u00e1zass\u00e1gba l\u00e9p\u0151 n\u0151re, teh\u00e1t a menyasszonyra esik.<\/p>\n\n\n\n<p>Eltekintve az \u201easszony\u201d \u00e9s \u201emenyasszony\u201d szavak etimol\u00f3giai elemz\u00e9s\u00e9t\u0151l, csup\u00e1n r\u00e1pillantva a k\u00fcl\u00f6nb\u00f6z\u0151 n\u00e9pek h\u00e1zass\u00e1gi szertart\u00e1saira is nyilv\u00e1nval\u00f3v\u00e1 v\u00e1lik, hogy a h\u00e1zass\u00e1gk\u00f6t\u00e9s folyamat\u00e1nak mozzanatai, szertart\u00e1sai mind a n\u0151re, a menyasszonyra ir\u00e1nyulnak. Egy centr\u00e1lis er\u0151t\u00e9r a n\u0151 k\u00f6r\u00e9, a n\u0151i centrum k\u00f6r\u00e9 rendez\u0151dik. A n\u0151i sz\u00e9ps\u00e9g, a sz\u00e9ps\u00e9gben megjelen\u0151 gy\u00f6ny\u00f6r \u00edg\u00e9rete az, aminek a f\u00e9rfi imm\u00e1r megadja mag\u00e1t, bel\u00e1tv\u00e1n, hogy nem tudja tov\u00e1bb n\u00e9lk\u00fcl\u00f6zni, s ezt az \u00f3hajt f\u00e9lre\u00e9rthetetlen elk\u00f6telez\u0151d\u00e9sk\u00e9nt \u00e9rtelmezve tudja a n\u0151 \u00f6nmag\u00e1t szint\u00e9n elk\u00f6telezni.<\/p>\n\n\n\n<p>S nekiv\u00e1gva egy\u00fctt az ismeretlennek, a f\u00e9rfi v\u00e9g\u00fcl eg\u00e9szen m\u00e1st kap feles\u00e9g\u00e9t\u0151l, mint ami a l\u00e1ngol\u00e1s idej\u00e9n motiv\u00e1lta. Mert egy t\u00e1rs, egy igazi asszony, csak\u00fagy, mint a sakkban a kir\u00e1lyn\u0151, mindent megszervez, mindent elrendez abban a k\u00f6rnyezetben, amiben a f\u00e9rfinek kir\u00e1lyk\u00e9nt az orsz\u00e1g\u00e1t kell birtokba vennie. A kir\u00e1lyn\u0151 a r\u00e9sz\u00e9re biztos\u00edtott szabad mozg\u00e1s\u00e1val megoldja a l\u00e9tez\u00e9st, s a koron\u00e1t hagyja a f\u00e9rfira.<\/p>\n\n\n\n<p>Ezek a szavak ma tal\u00e1n t\u00falromantiz\u00e1ltnak t\u0171nhetnek, azonban k\u00f6zelebbi vizsg\u00e1latban ak\u00e1r az int\u00e9zm\u00e9nyi form\u00e1kon k\u00edv\u00fcl v\u00e1llalt \u0151szinte kapcsolatok is, \u00e9s a sok \u00e9vsz\u00e1zadot meg\u00e9rt h\u00e1zass\u00e1gk\u00f6t\u00e9si hagyom\u00e1nyok is egy ilyen mot\u00edvumrendszer szerint manifeszt\u00e1l\u00f3dnak. A r\u00e9szletekben lehetnek jelent\u0151s elt\u00e9r\u00e9sek is, de mindazok a l\u00e9nyeges fordulatok, az eljegyz\u00e9st\u0151l a le\u00e1ny kik\u00e9r\u00e9sen \u00e1t, a sz\u00e1nd\u00e9kot megpecs\u00e9tel\u0151 szertart\u00e1sig, azut\u00e1n az \u00e9let forgatag\u00e1ba \u00e1tvezet\u0151 lakodalomig ezt a k\u00f6zponti mot\u00edvumot j\u00e1rj\u00e1k k\u00f6r\u00fcl. Ez\u00e9rt fontos ma sz\u00e1mba venn\u00fcnk mindazokat a r\u00e1nk hagyom\u00e1nyoz\u00f3dott szok\u00e1sokat, eml\u00e9keket, amelyek el\u00e9rhet\u0151k a menyasszonys\u00e1g jelent\u00e9s\u00e9r\u0151l, mert mindebb\u0151l messzemen\u0151 k\u00f6vetkeztet\u00e9seket lehet levonni a n\u0151nek az aktu\u00e1lis divatokt\u00f3l, felfog\u00e1sokt\u00f3l vagy \u00e9ppen ideol\u00f3gi\u00e1kt\u00f3l f\u00fcggetlen, k\u00f6zvetlen\u00fcl a l\u00e9tbe \u00e1gyazott \u00e9s nem megv\u00e1ltoztathat\u00f3 jelent\u00e9s\u00e9r\u0151l, szerep\u00e9r\u0151l, funkci\u00f3j\u00e1r\u00f3l.<\/p>\n\n\n\n<p>\u00d6r\u00f6k \u00e9rv\u00e9ny\u0171 k\u00e9rd\u00e9s ugyanis, hogy vajon az \u00e9let teljess\u00e9ge szempontj\u00e1b\u00f3l vannak-e olyan egy\u00e9b, p\u00f3tolhatatlan n\u0151i funkci\u00f3k, amelyek megfelel\u0151 b\u00e1zis\u00e1t jelenthetik a n\u0151 szem\u00e9lyes \u00e9s k\u00f6z\u00f6ss\u00e9gi \u00e9rt\u00e9k\u00e9nek? S vajon ezek a funkci\u00f3k megfelel\u0151 m\u00e9lt\u00e1nyoss\u00e1ggal \u00e9rv\u00e9nyes\u00fclnek-e a szem\u00e9lyes \u00e9s k\u00f6z\u00f6ss\u00e9gi l\u00e9tben? A szem\u00e9lyes \u00e9s t\u00e1rsadalmi szint\u0171 d\u00f6nt\u00e9sek alapj\u00e1t k\u00e9pezve ugyan\u00fagy meghat\u00e1roz\u00f3 hat\u00e1s\u00faak-e a t\u00e1rsadalmi mozg\u00e1sokban, mint a maszkulin h\u0151skultusz \u00e9s technokr\u00e1cia? Mert k\u00e9ts\u00e9gtelen, a n\u0151i funkci\u00f3k m\u0171k\u00f6d\u00e9se nem oly zajos \u00e9s nem oly l\u00e1tv\u00e1nyos. M\u00e9gis, tal\u00e1n ezek val\u00f3s fontoss\u00e1guk poz\u00edci\u00f3j\u00e1ba emelkedve az egyed\u00fcliek lehetnek, amelyek \u00fatj\u00e1t \u00e1llhatj\u00e1k az \u00f6les l\u00e9p\u00e9sekkel halad\u00f3 dehumaniz\u00e1ci\u00f3s folyamatnak.<\/p>\n\n\n\n<p class=\"has-text-align-right\"><em>Major Gy\u00f6ngyi<\/em><\/p>","protected":false},"excerpt":{"rendered":"<p>T\u00f6rt\u00e9nelmi-t\u00f6rt\u00e9neti ismereteink k\u00e9t vonatkoz\u00e1sban kezdenek jelen\u00fcnk meg\u00e9rt\u00e9s\u00e9ben \u00e9s fenntarthat\u00f3s\u00e1g\u00e1ban mind t\u00f6bb figyelmet k\u00f6vetelni. Az egyik fontos \u00e9s l\u00e1tv\u00e1nyos folyamat, ami a technol\u00f3gi\u00e1k fejl\u0151d\u00e9s\u00e9nek k\u00f6vetkezm\u00e9nyek\u00e9nt az individuum felszabadul\u00e1s\u00e1t hozta mag\u00e1val. Egyszer\u0171 megfogalmaz\u00e1ssal, a k\u00fcls\u0151 er\u0151forr\u00e1sok bevon\u00e1s\u00e1nak fejl\u0151d\u00e9s\u00e9vel a szem\u00e9ly, az individuum, az energi\u00e1k n\u00f6vekv\u0151 h\u00e1nyad\u00e1t ford\u00edthatta \u00f6nmag\u00e1ra, m\u00e9ghozz\u00e1 \u00fagy szellemi, mind fizikai \u00e9rtelemben. A m\u00e1sik \u2013&hellip;<\/p>","protected":false},"author":1,"featured_media":0,"parent":5917,"menu_order":1,"comment_status":"closed","ping_status":"closed","template":"page-article.php","meta":{"inline_featured_image":false,"footnotes":""},"categories":[],"tags":[],"_links":{"self":[{"href":"https:\/\/www.femmeharmone.com\/eng\/wp-json\/wp\/v2\/pages\/5945"}],"collection":[{"href":"https:\/\/www.femmeharmone.com\/eng\/wp-json\/wp\/v2\/pages"}],"about":[{"href":"https:\/\/www.femmeharmone.com\/eng\/wp-json\/wp\/v2\/types\/page"}],"author":[{"embeddable":true,"href":"https:\/\/www.femmeharmone.com\/eng\/wp-json\/wp\/v2\/users\/1"}],"replies":[{"embeddable":true,"href":"https:\/\/www.femmeharmone.com\/eng\/wp-json\/wp\/v2\/comments?post=5945"}],"version-history":[{"count":4,"href":"https:\/\/www.femmeharmone.com\/eng\/wp-json\/wp\/v2\/pages\/5945\/revisions"}],"predecessor-version":[{"id":6157,"href":"https:\/\/www.femmeharmone.com\/eng\/wp-json\/wp\/v2\/pages\/5945\/revisions\/6157"}],"up":[{"embeddable":true,"href":"https:\/\/www.femmeharmone.com\/eng\/wp-json\/wp\/v2\/pages\/5917"}],"wp:attachment":[{"href":"https:\/\/www.femmeharmone.com\/eng\/wp-json\/wp\/v2\/media?parent=5945"}],"wp:term":[{"taxonomy":"category","embeddable":true,"href":"https:\/\/www.femmeharmone.com\/eng\/wp-json\/wp\/v2\/categories?post=5945"},{"taxonomy":"post_tag","embeddable":true,"href":"https:\/\/www.femmeharmone.com\/eng\/wp-json\/wp\/v2\/tags?post=5945"}],"curies":[{"name":"wp","href":"https:\/\/api.w.org\/{rel}","templated":true}]}}

<em>Major Gyöngyi:</em> Köszöntő

<p>Történelmi-történeti ismereteink két vonatkozásban kezdenek jelenünk megértésében és fenntarthatóságában mind több figyelmet követelni. Az egyik fontos és látványos folyamat, ami a technológiák fejlődésének következményeként az individuum felszabadulását hozta magával. Egyszerű megfogalmazással, a külső erőforrások bevonásának fejlődésével a személy, az individuum, az energiák növekvő hányadát fordíthatta önmagára, méghozzá úgy szellemi, mind fizikai értelemben.</p>



<p>A másik – és sajnálatosan látványos – következtetésünk, hogy ennek a felszabadulási folyamatnak vannak határai, amelyek átlépése a társadalom kaotikus széteséséhez vezet. Az egyik ilyen átléphetetlen határpont a működőképes társadalom fenntartásához a család.</p>



<p>A család a történelem folyamán bizonyosan mindig is válságban volt, mert mélyebb elemzések nélkül is átlátható, hogy a mély érzésekkel és érzelmekkel átitatott természetes származási kötődéssel ellentétben mindig is rendkívül sok egyéb külső inspiráció vagy egyszerű érdekeltség hatott, ami a házasságok történetiségét drámákkal és tragédiákkal szegélyezi. S mi sem lenne természetesebb, mint ezektől a drámáktól megszabadulandó, levetkőzni a házasság intézményét, s helyette valamilyen jobb létezési formát megvalósítani. Azonban a házasság intézménye nem véletlenül élt túl minden korfordulót, és nem véletlenül foglal el jelentős helyet minden kultúrában – egy életképes társadalomban a drámáival és tragédiáival együtt is nélkülözhetetlen. Nem jó vagy rossz, hanem nélkülözhetetlen.</p>



<p>Mindezt figyelembe véve egyáltalán nem nőjogi kérdések miatt, hanem a házasság, a család funkcionális megközelítésének következtében fokozottan irányul a figyelmünk a nőre, illetve a nő mindenkori szerepére a családban/társadalomban. S mivel a jelen individualizmusában a nő bizonyosan csakis megnövekedett társadalmi súllyal tudhatja megőrizni a család működőképességét, a nem kis tehertételként jelentkező ellenhatások és önkényes véleményformálásokkal szemben indokolttá vált a női szerep, a női lét mélyebb és elvontabb értelmezése. Ezen belül a nő társadalmi szempontból értelmezhető különleges szerepe a házasságkötéssel kezdődik meg, ami miatt első pillantásunk a házasságba lépő nőre, tehát a menyasszonyra esik.</p>



<p>Eltekintve az „asszony” és „menyasszony” szavak etimológiai elemzésétől, csupán rápillantva a különböző népek házassági szertartásaira is nyilvánvalóvá válik, hogy a házasságkötés folyamatának mozzanatai, szertartásai mind a nőre, a menyasszonyra irányulnak. Egy centrális erőtér a nő köré, a női centrum köré rendeződik. A női szépség, a szépségben megjelenő gyönyör ígérete az, aminek a férfi immár megadja magát, belátván, hogy nem tudja tovább nélkülözni, s ezt az óhajt félreérthetetlen elköteleződésként értelmezve tudja a nő önmagát szintén elkötelezni.</p>



<p>S nekivágva együtt az ismeretlennek, a férfi végül egészen mást kap feleségétől, mint ami a lángolás idején motiválta. Mert egy társ, egy igazi asszony, csakúgy, mint a sakkban a királynő, mindent megszervez, mindent elrendez abban a környezetben, amiben a férfinek királyként az országát kell birtokba vennie. A királynő a részére biztosított szabad mozgásával megoldja a létezést, s a koronát hagyja a férfira.</p>



<p>Ezek a szavak ma talán túlromantizáltnak tűnhetnek, azonban közelebbi vizsgálatban akár az intézményi formákon kívül vállalt őszinte kapcsolatok is, és a sok évszázadot megért házasságkötési hagyományok is egy ilyen motívumrendszer szerint manifesztálódnak. A részletekben lehetnek jelentős eltérések is, de mindazok a lényeges fordulatok, az eljegyzéstől a leány kikérésen át, a szándékot megpecsételő szertartásig, azután az élet forgatagába átvezető lakodalomig ezt a központi motívumot járják körül. Ezért fontos ma számba vennünk mindazokat a ránk hagyományozódott szokásokat, emlékeket, amelyek elérhetők a menyasszonyság jelentéséről, mert mindebből messzemenő következtetéseket lehet levonni a nőnek az aktuális divatoktól, felfogásoktól vagy éppen ideológiáktól független, közvetlenül a létbe ágyazott és nem megváltoztatható jelentéséről, szerepéről, funkciójáról.</p>



<p>Örök érvényű kérdés ugyanis, hogy vajon az élet teljessége szempontjából vannak-e olyan egyéb, pótolhatatlan női funkciók, amelyek megfelelő bázisát jelenthetik a nő személyes és közösségi értékének? S vajon ezek a funkciók megfelelő méltányossággal érvényesülnek-e a személyes és közösségi létben? A személyes és társadalmi szintű döntések alapját képezve ugyanúgy meghatározó hatásúak-e a társadalmi mozgásokban, mint a maszkulin hőskultusz és technokrácia? Mert kétségtelen, a női funkciók működése nem oly zajos és nem oly látványos. Mégis, talán ezek valós fontosságuk pozíciójába emelkedve az egyedüliek lehetnek, amelyek útját állhatják az öles lépésekkel haladó dehumanizációs folyamatnak.</p>



<p class="has-text-align-right"><em>Major Gyöngyi</em></p>

<p>Történelmi-történeti ismereteink két vonatkozásban kezdenek jelenünk megértésében és fenntarthatóságában mind több figyelmet követelni. Az egyik fontos és látványos folyamat, ami a technológiák fejlődésének következményeként az individuum felszabadulását hozta magával. Egyszerű megfogalmazással, a külső erőforrások bevonásának fejlődésével a személy, az individuum, az energiák növekvő hányadát fordíthatta önmagára, méghozzá úgy szellemi, mind fizikai értelemben. A másik –&hellip;</p>
