{"id":5972,"date":"2025-08-15T09:00:50","date_gmt":"2025-08-15T09:00:50","guid":{"rendered":"https:\/\/www.femmeharmone.com\/?page_id=5972"},"modified":"2025-08-15T13:20:54","modified_gmt":"2025-08-15T13:20:54","slug":"regina-gisela-kiallitas-zikkurat-galeria-budapest","status":"publish","type":"page","link":"https:\/\/www.femmeharmone.com\/eng\/a-noi-dimenzio\/iv-evfolyam-1-4-szam\/regina-gisela\/regina-gisela-kiallitas-zikkurat-galeria-budapest\/","title":{"rendered":"Regina Gisela ki\u00e1ll\u00edt\u00e1s \u2013 Zikkurat Gal\u00e9ria, Budapest"},"content":{"rendered":"<p class=\"has-text-align-center\">2024. 05. 07.<\/p>\n\n\n\n<p class=\"has-text-align-center\">Zikkurat Gal\u00e9ria, Budapest<\/p>\n\n\n\n<figure class=\"wp-block-embed aligncenter is-type-video is-provider-youtube wp-block-embed-youtube wp-embed-aspect-16-9 wp-has-aspect-ratio\"><div class=\"wp-block-embed__wrapper\">\n<iframe loading=\"lazy\" title=\"9Tv - Ki\u00e1ll\u00edt\u00e1s a Zikkurat Gal\u00e9ri\u00e1ban\" width=\"750\" height=\"422\" src=\"https:\/\/www.youtube.com\/embed\/B6i2tm9EBew?feature=oembed\" frameborder=\"0\" allow=\"accelerometer; autoplay; clipboard-write; encrypted-media; gyroscope; picture-in-picture; web-share\" referrerpolicy=\"strict-origin-when-cross-origin\" allowfullscreen><\/iframe>\n<\/div><\/figure>\n\n\n\n<div style=\"height:100px\" aria-hidden=\"true\" class=\"wp-block-spacer\"><\/div>\n\n\n<div class=\"wp-block-image\">\n<figure class=\"aligncenter size-large\"><img loading=\"lazy\" decoding=\"async\" width=\"1024\" height=\"483\" src=\"https:\/\/www.femmeharmone.com\/wp-content\/uploads\/2024\/05\/Meghivo_Regina_Gisela_kiallitas_2024-3-1024x483.jpg\" alt=\"\" class=\"wp-image-4340\" srcset=\"https:\/\/www.femmeharmone.com\/wp-content\/uploads\/2024\/05\/Meghivo_Regina_Gisela_kiallitas_2024-3-1024x483.jpg 1024w, https:\/\/www.femmeharmone.com\/wp-content\/uploads\/2024\/05\/Meghivo_Regina_Gisela_kiallitas_2024-3-300x141.jpg 300w, https:\/\/www.femmeharmone.com\/wp-content\/uploads\/2024\/05\/Meghivo_Regina_Gisela_kiallitas_2024-3-768x362.jpg 768w, https:\/\/www.femmeharmone.com\/wp-content\/uploads\/2024\/05\/Meghivo_Regina_Gisela_kiallitas_2024-3-1536x724.jpg 1536w, https:\/\/www.femmeharmone.com\/wp-content\/uploads\/2024\/05\/Meghivo_Regina_Gisela_kiallitas_2024-3-2048x965.jpg 2048w, https:\/\/www.femmeharmone.com\/wp-content\/uploads\/2024\/05\/Meghivo_Regina_Gisela_kiallitas_2024-3-18x8.jpg 18w, https:\/\/www.femmeharmone.com\/wp-content\/uploads\/2024\/05\/Meghivo_Regina_Gisela_kiallitas_2024-3-1568x739.jpg 1568w\" sizes=\"(max-width: 1024px) 100vw, 1024px\" \/><\/figure><\/div>","protected":false},"excerpt":{"rendered":"<p>2024. 05. 07. Zikkurat Gal\u00e9ria, Budapest<\/p>","protected":false},"author":1,"featured_media":0,"parent":5934,"menu_order":3,"comment_status":"closed","ping_status":"closed","template":"page-article.php","meta":{"inline_featured_image":false,"footnotes":""},"categories":[],"tags":[],"_links":{"self":[{"href":"https:\/\/www.femmeharmone.com\/eng\/wp-json\/wp\/v2\/pages\/5972"}],"collection":[{"href":"https:\/\/www.femmeharmone.com\/eng\/wp-json\/wp\/v2\/pages"}],"about":[{"href":"https:\/\/www.femmeharmone.com\/eng\/wp-json\/wp\/v2\/types\/page"}],"author":[{"embeddable":true,"href":"https:\/\/www.femmeharmone.com\/eng\/wp-json\/wp\/v2\/users\/1"}],"replies":[{"embeddable":true,"href":"https:\/\/www.femmeharmone.com\/eng\/wp-json\/wp\/v2\/comments?post=5972"}],"version-history":[{"count":2,"href":"https:\/\/www.femmeharmone.com\/eng\/wp-json\/wp\/v2\/pages\/5972\/revisions"}],"predecessor-version":[{"id":6127,"href":"https:\/\/www.femmeharmone.com\/eng\/wp-json\/wp\/v2\/pages\/5972\/revisions\/6127"}],"up":[{"embeddable":true,"href":"https:\/\/www.femmeharmone.com\/eng\/wp-json\/wp\/v2\/pages\/5934"}],"wp:attachment":[{"href":"https:\/\/www.femmeharmone.com\/eng\/wp-json\/wp\/v2\/media?parent=5972"}],"wp:term":[{"taxonomy":"category","embeddable":true,"href":"https:\/\/www.femmeharmone.com\/eng\/wp-json\/wp\/v2\/categories?post=5972"},{"taxonomy":"post_tag","embeddable":true,"href":"https:\/\/www.femmeharmone.com\/eng\/wp-json\/wp\/v2\/tags?post=5972"}],"curies":[{"name":"wp","href":"https:\/\/api.w.org\/{rel}","templated":true}]}}