{"id":6013,"date":"2025-08-15T11:40:28","date_gmt":"2025-08-15T11:40:28","guid":{"rendered":"https:\/\/www.femmeharmone.com\/?page_id=6013"},"modified":"2025-08-15T14:08:52","modified_gmt":"2025-08-15T14:08:52","slug":"j-ujvary-zsuzsanna-a-palffy-csalad-hazassagi-kapcsolatai-a-16-szazadban","status":"publish","type":"page","link":"https:\/\/www.femmeharmone.com\/eng\/a-noi-dimenzio\/iv-evfolyam-1-4-szam\/tudomany\/j-ujvary-zsuzsanna-a-palffy-csalad-hazassagi-kapcsolatai-a-16-szazadban\/","title":{"rendered":"<em>J. \u00dajv\u00e1ry Zsuzsanna:<\/em> A P\u00e1lffy csal\u00e1d h\u00e1zass\u00e1gi kapcsolatai a 16. sz\u00e1zadban"},"content":{"rendered":"<p class=\"has-text-align-right\"><a href=\"https:\/\/doi.org\/10.55344\/andfh.2401038\"><em>DOI: 10.55344\/andfh.2401038<\/em><\/a><\/p>\n\n\n\n<p><em><strong>Absztrakt<\/strong><\/em><\/p>\n\n\n\n<p><strong>A 16. sz\u00e1zadban felemelked\u0151 P\u00e1lffy fam\u00edlia \u0151sei ugyan a Konth nemzets\u00e9gig ny\u00falnak vissza, \u00e1m a k\u00f6z\u00e9pnemesi csal\u00e1di l\u00e9tb\u0151l a k\u00e1polnai P\u00e1lffy L\u0151rinc \u00e9s a n\u00e1l\u00e1n\u00e1l el\u0151kel\u0151bb sz\u00e1rmaz\u00e1s\u00fa B\u00e1nffy Anna h\u00e1zass\u00e1g\u00e1b\u00f3l sz\u00fcletett erd\u0151di P\u00e1lffy III. P\u00e1l emelkedett ki, aki esetleges rokon\u00e1t, a n\u00e1l\u00e1n\u00e1l j\u00f3val gazdagabb \u00e9s nagyobb nev\u0171 csal\u00e1d sarj\u00e1t, Erd\u0151dy Bak\u00f3cz Kl\u00e1r\u00e1t vette feles\u00e9g\u00fcl. Fi\u00fak, I. P\u00e9ter a mind Szlav\u00f3ni\u00e1ban, mind Pozsony v\u00e1regy\u00e9ben birtokos csal\u00e1d sarja ism\u00e9t remek h\u00e1zass\u00e1got k\u00f6t\u00f6tt; feles\u00e9ge Zs\u00f3fia, Dersffy J\u00e1nos \u00e9s Batthy\u00e1ny Perpetua l\u00e1nya volt. Az ut\u00f3bbi Batthy\u00e1ny I. Ferenc horv\u00e1t-szlav\u00f3n b\u00e1n, majd I. Ferdin\u00e1nd kir\u00e1ly legmegbecs\u00fcltebb tan\u00e1csos\u00e1nak testv\u00e9re volt. H\u00e1zass\u00e1guk mind gyermek\u00e1ld\u00e1s, mind azok karrierje tekintet\u00e9ben igen eredm\u00e9nyes volt. Nyolc gyermek\u00fck k\u00f6z\u00fcl a t\u00f6bbs\u00e9g remek\u00fcl h\u00e1zasodott; Katalin a kiv\u00e1l\u00f3 b\u00e9csi kapcsolatokkal rendelkez\u0151 b\u00e1r\u00f3 lepoglovai Krusich J\u00e1nos neje lett, majd meg\u00f6zvegy\u00fcl\u00e9se ut\u00e1n is j\u00f3l kamatoztatta els\u0151 f\u00e9rje elismerts\u00e9g\u00e9t \u00e9s vagyon\u00e1t. M\u00e1sodik h\u00e1zass\u00e1ga Ill\u00e9sh\u00e1zy Istv\u00e1nnal pedig a f\u00e9rjet seg\u00edtette, aki eljutott a cs\u00facsig; 1608-ban a Magyar Kir\u00e1lys\u00e1g n\u00e1dor\u00e1v\u00e1 v\u00e1lasztott\u00e1k. Nem kev\u00e9sb\u00e9 volt jelent\u0151s P\u00e1lffy Erzs\u00e9bet h\u00e1zass\u00e1ga R\u00e9vay L\u00e1szl\u00f3val \u00e9s Magdolna h\u00e1zass\u00e1ga: m\u00e1sodik f\u00e9rje az udvarban befoly\u00e1sos Rudolph Khuen lett. A P\u00e1lffy-gyermekek egy\u00e9bk\u00e9nt is kit\u0171n\u0151 nevel\u00e9st kaptak, a fi\u00fak mind katon\u00e1k lettek. I. P\u00e9ter legkisebb fia, III. Mikl\u00f3s nyilv\u00e1n nemcsak tehets\u00e9g\u00e9vel, hanem kapcsolatrendszer\u00e9vel \u00e9s zsenge kor\u00e1ban kezd\u0151d\u0151 udvari szolg\u00e1lat\u00e1val a 16. sz\u00e1zad egyik legnagyobb karrierj\u00e9t futotta be. Tal\u00e1n Khuen befoly\u00e1sa r\u00e9v\u00e9n vagy m\u00e1s m\u00f3don, mindenesetre kor\u00e1n beker\u00fclt a b\u00e9csi kir\u00e1lyi udvarba, \u00e9s szinte egy\u00fctt utazgatott a k\u00e9s\u0151bbi kir\u00e1llyal, I. Rudolffal. Majd Eur\u00f3pa gazdas\u00e1gi \u00e9let\u00e9t meghat\u00e1roz\u00f3 bank\u00e1r csal\u00e1d le\u00e1ny\u00e1t, Fugger M\u00e1ri\u00e1t vette feles\u00e9g\u00fcl, ami nemcsak nagy vagyont, hanem a befoly\u00e1sos osztr\u00e1k \u00e9s cseh arisztokrata k\u00f6r\u00f6k kapcsolatrendszer\u00e9t is mag\u00e1val hozta.<\/strong><\/p>\n\n\n\n<div style=\"height:100px\" aria-hidden=\"true\" class=\"wp-block-spacer\"><\/div>\n\n\n\n<div data-wp-interactive=\"core\/file\" class=\"wp-block-file\"><object data-wp-bind--hidden=\"!state.hasPdfPreview\"  class=\"wp-block-file__embed\" data=\"https:\/\/www.femmeharmone.com\/wp-content\/uploads\/2025\/08\/AND11_2024_Tavasz_Nyar_Osz_Tel_v1_J_Ujvary_Zsuzsanna.pdf\" type=\"application\/pdf\" style=\"width:100%;height:1500px\" aria-label=\"Embed of AND11_2024_Tavasz_Nyar_Osz_Tel_v1_J_Ujvary_Zsuzsanna.\"><\/object><a id=\"wp-block-file--media-d4093bff-7e9c-4bbe-b5e6-a9726ae8d0c5\" href=\"https:\/\/www.femmeharmone.com\/wp-content\/uploads\/2025\/08\/AND11_2024_Tavasz_Nyar_Osz_Tel_v1_J_Ujvary_Zsuzsanna.pdf\">AND11_2024_Tavasz_Nyar_Osz_Tel_v1_J_Ujvary_Zsuzsanna<\/a><a href=\"https:\/\/www.femmeharmone.com\/wp-content\/uploads\/2025\/08\/AND11_2024_Tavasz_Nyar_Osz_Tel_v1_J_Ujvary_Zsuzsanna.pdf\" class=\"wp-block-file__button wp-element-button\" download aria-describedby=\"wp-block-file--media-d4093bff-7e9c-4bbe-b5e6-a9726ae8d0c5\">Let\u00f6lt\u00e9s<\/a><\/div>","protected":false},"excerpt":{"rendered":"<p>DOI: 10.55344\/andfh.2401038 Absztrakt A 16. sz\u00e1zadban felemelked\u0151 P\u00e1lffy fam\u00edlia \u0151sei ugyan a Konth nemzets\u00e9gig ny\u00falnak vissza, \u00e1m a k\u00f6z\u00e9pnemesi csal\u00e1di l\u00e9tb\u0151l a k\u00e1polnai P\u00e1lffy L\u0151rinc \u00e9s a n\u00e1l\u00e1n\u00e1l el\u0151kel\u0151bb sz\u00e1rmaz\u00e1s\u00fa B\u00e1nffy Anna h\u00e1zass\u00e1g\u00e1b\u00f3l sz\u00fcletett erd\u0151di P\u00e1lffy III. P\u00e1l emelkedett ki, aki esetleges rokon\u00e1t, a n\u00e1l\u00e1n\u00e1l j\u00f3val gazdagabb \u00e9s nagyobb nev\u0171 csal\u00e1d sarj\u00e1t, Erd\u0151dy Bak\u00f3cz Kl\u00e1r\u00e1t&hellip;<\/p>","protected":false},"author":1,"featured_media":0,"parent":5930,"menu_order":4,"comment_status":"closed","ping_status":"closed","template":"page-article.php","meta":{"inline_featured_image":false,"footnotes":""},"categories":[],"tags":[],"_links":{"self":[{"href":"https:\/\/www.femmeharmone.com\/eng\/wp-json\/wp\/v2\/pages\/6013"}],"collection":[{"href":"https:\/\/www.femmeharmone.com\/eng\/wp-json\/wp\/v2\/pages"}],"about":[{"href":"https:\/\/www.femmeharmone.com\/eng\/wp-json\/wp\/v2\/types\/page"}],"author":[{"embeddable":true,"href":"https:\/\/www.femmeharmone.com\/eng\/wp-json\/wp\/v2\/users\/1"}],"replies":[{"embeddable":true,"href":"https:\/\/www.femmeharmone.com\/eng\/wp-json\/wp\/v2\/comments?post=6013"}],"version-history":[{"count":5,"href":"https:\/\/www.femmeharmone.com\/eng\/wp-json\/wp\/v2\/pages\/6013\/revisions"}],"predecessor-version":[{"id":6173,"href":"https:\/\/www.femmeharmone.com\/eng\/wp-json\/wp\/v2\/pages\/6013\/revisions\/6173"}],"up":[{"embeddable":true,"href":"https:\/\/www.femmeharmone.com\/eng\/wp-json\/wp\/v2\/pages\/5930"}],"wp:attachment":[{"href":"https:\/\/www.femmeharmone.com\/eng\/wp-json\/wp\/v2\/media?parent=6013"}],"wp:term":[{"taxonomy":"category","embeddable":true,"href":"https:\/\/www.femmeharmone.com\/eng\/wp-json\/wp\/v2\/categories?post=6013"},{"taxonomy":"post_tag","embeddable":true,"href":"https:\/\/www.femmeharmone.com\/eng\/wp-json\/wp\/v2\/tags?post=6013"}],"curies":[{"name":"wp","href":"https:\/\/api.w.org\/{rel}","templated":true}]}}

<em>J. Újváry Zsuzsanna:</em> A Pálffy család házassági kapcsolatai a 16. században

<p class="has-text-align-right"><a href="https://doi.org/10.55344/andfh.2401038"><em>DOI: 10.55344/andfh.2401038</em></a></p>



<p><em><strong>Absztrakt</strong></em></p>



<p><strong>A 16. században felemelkedő Pálffy família ősei ugyan a Konth nemzetségig nyúlnak vissza, ám a középnemesi családi létből a kápolnai Pálffy Lőrinc és a nálánál előkelőbb származású Bánffy Anna házasságából született erdődi Pálffy III. Pál emelkedett ki, aki esetleges rokonát, a nálánál jóval gazdagabb és nagyobb nevű család sarját, Erdődy Bakócz Klárát vette feleségül. Fiúk, I. Péter a mind Szlavóniában, mind Pozsony váregyében birtokos család sarja ismét remek házasságot kötött; felesége Zsófia, Dersffy János és Batthyány Perpetua lánya volt. Az utóbbi Batthyány I. Ferenc horvát-szlavón bán, majd I. Ferdinánd király legmegbecsültebb tanácsosának testvére volt. Házasságuk mind gyermekáldás, mind azok karrierje tekintetében igen eredményes volt. Nyolc gyermekük közül a többség remekül házasodott; Katalin a kiváló bécsi kapcsolatokkal rendelkező báró lepoglovai Krusich János neje lett, majd megözvegyülése után is jól kamatoztatta első férje elismertségét és vagyonát. Második házassága Illésházy Istvánnal pedig a férjet segítette, aki eljutott a csúcsig; 1608-ban a Magyar Királyság nádorává választották. Nem kevésbé volt jelentős Pálffy Erzsébet házassága Révay Lászlóval és Magdolna házassága: második férje az udvarban befolyásos Rudolph Khuen lett. A Pálffy-gyermekek egyébként is kitűnő nevelést kaptak, a fiúk mind katonák lettek. I. Péter legkisebb fia, III. Miklós nyilván nemcsak tehetségével, hanem kapcsolatrendszerével és zsenge korában kezdődő udvari szolgálatával a 16. század egyik legnagyobb karrierjét futotta be. Talán Khuen befolyása révén vagy más módon, mindenesetre korán bekerült a bécsi királyi udvarba, és szinte együtt utazgatott a későbbi királlyal, I. Rudolffal. Majd Európa gazdasági életét meghatározó bankár család leányát, Fugger Máriát vette feleségül, ami nemcsak nagy vagyont, hanem a befolyásos osztrák és cseh arisztokrata körök kapcsolatrendszerét is magával hozta.</strong></p>



<div style="height:100px" aria-hidden="true" class="wp-block-spacer"></div>



<div data-wp-interactive="core/file" class="wp-block-file"><object data-wp-bind--hidden="!state.hasPdfPreview"  class="wp-block-file__embed" data="https://www.femmeharmone.com/wp-content/uploads/2025/08/AND11_2024_Tavasz_Nyar_Osz_Tel_v1_J_Ujvary_Zsuzsanna.pdf" type="application/pdf" style="width:100%;height:1500px" aria-label="Embed of AND11_2024_Tavasz_Nyar_Osz_Tel_v1_J_Ujvary_Zsuzsanna."></object><a id="wp-block-file--media-d4093bff-7e9c-4bbe-b5e6-a9726ae8d0c5" href="https://www.femmeharmone.com/wp-content/uploads/2025/08/AND11_2024_Tavasz_Nyar_Osz_Tel_v1_J_Ujvary_Zsuzsanna.pdf">AND11_2024_Tavasz_Nyar_Osz_Tel_v1_J_Ujvary_Zsuzsanna</a><a href="https://www.femmeharmone.com/wp-content/uploads/2025/08/AND11_2024_Tavasz_Nyar_Osz_Tel_v1_J_Ujvary_Zsuzsanna.pdf" class="wp-block-file__button wp-element-button" download aria-describedby="wp-block-file--media-d4093bff-7e9c-4bbe-b5e6-a9726ae8d0c5">Letöltés</a></div>

<p>DOI: 10.55344/andfh.2401038 Absztrakt A 16. században felemelkedő Pálffy família ősei ugyan a Konth nemzetségig nyúlnak vissza, ám a középnemesi családi létből a kápolnai Pálffy Lőrinc és a nálánál előkelőbb származású Bánffy Anna házasságából született erdődi Pálffy III. Pál emelkedett ki, aki esetleges rokonát, a nálánál jóval gazdagabb és nagyobb nevű család sarját, Erdődy Bakócz Klárát&hellip;</p>
