{"id":6021,"date":"2025-08-15T11:45:23","date_gmt":"2025-08-15T11:45:23","guid":{"rendered":"https:\/\/www.femmeharmone.com\/?page_id=6021"},"modified":"2025-08-15T14:10:20","modified_gmt":"2025-08-15T14:10:20","slug":"baros-gyimothy-eszter-marta-lanyokbol-menyecskek-menyasszonyok-a-18-19-szazadi-bogyiszloi-reformatus-gyulekezetben","status":"publish","type":"page","link":"https:\/\/www.femmeharmone.com\/eng\/a-noi-dimenzio\/iv-evfolyam-1-4-szam\/tudomany\/baros-gyimothy-eszter-marta-lanyokbol-menyecskek-menyasszonyok-a-18-19-szazadi-bogyiszloi-reformatus-gyulekezetben\/","title":{"rendered":"<em>Baros-Gyim\u00f3thy Eszter M\u00e1rta:<\/em> L\u00e1nyokb\u00f3l menyecsk\u00e9k \u2013 Menyasszonyok a 18\u201319. sz\u00e1zadi bogyiszl\u00f3i reform\u00e1tus gy\u00fclekezetben"},"content":{"rendered":"<p class=\"has-text-align-right\"><a href=\"https:\/\/doi.org\/10.55344\/andfh.2401079\"><em>DOI: 10.55344\/andfh.2401079<\/em><\/a><\/p>\n\n\n\n<p><em><strong>Absztrakt<\/strong><\/em><\/p>\n\n\n\n<p><strong>A bogyiszl\u00f3i reform\u00e1tus gy\u00fclekezet h\u00e1zass\u00e1gk\u00f6t\u00e9si szok\u00e1sainak a vizsg\u00e1lata az 1750\u20131895 k\u00f6z\u00f6tti anyak\u00f6nyvi bejegyz\u00e9sekre \u00e9p\u00fcl. Az egyh\u00e1zk\u00f6zs\u00e9g f\u00f6ldrajzi elhelyezked\u00e9se meghat\u00e1roz\u00f3 volt az itt megtelepedett lakoss\u00e1g \u00e9let\u00e9re: hossz\u00fa \u00e9vsz\u00e1zadokon kereszt\u00fcl a term\u00e9szetes medr\u00e9ben kanyarg\u00f3 Duna, a ter\u00fcletet ural\u00f3 mocsarak \u00e9s a gyakori \u00e1rvizek veszedelmet, de a t\u00f6r\u00f6k ellen v\u00e9delmet is jelentettek az itt lak\u00f3 \u00e9s az ide menek\u00fcl\u0151 csal\u00e1dok sz\u00e1m\u00e1ra. A S\u00e1rk\u00f6z szomsz\u00e9ds\u00e1g\u00e1ban \u00e9l\u0151k m\u00e1r a 16. sz\u00e1zad els\u0151 fel\u00e9ben \u00e1tt\u00e9rtek a reform\u00e1tus hitre, amelyet a mai napig er\u0151sen \u0151riznek, gyakorolnak \u00e9s meg\u00e9lnek. A forr\u00e1sok \u00e9s a n\u00e9prajzi kutat\u00e1sok alapj\u00e1n a lakoss\u00e1g nagy r\u00e9sze a t\u00f6r\u00f6k id\u0151kben is helyben maradt, ez\u00e9rt \u00e9rdemes kutatni az 1750-t\u0151l indul\u00f3 anyak\u00f6nyvi adatok alapj\u00e1n a gy\u00fclekezet demogr\u00e1\ufb01ai mutat\u00f3it. A h\u00e1zass\u00e1gi matrikul\u00e1k bejegyz\u00e9seinek feldolgoz\u00e1sa 1895-ig t\u00f6rt\u00e9nt meg. Az adatokra t\u00e1maszkodva ker\u00fclnek bemutat\u00e1sra a 18\u201319. sz\u00e1zadi bogyiszl\u00f3i norm\u00e1k: mely h\u00f3napokban \u00e9s a h\u00e9t mely napjain k\u00eds\u00e9rt\u00e9k a reform\u00e1tus templom olt\u00e1ra el\u00e9 a l\u00e1nyokat, menyasszonyokat? Mikort\u00f3l v\u00e1lt elad\u00f3v\u00e1 egy bogyiszl\u00f3i l\u00e1ny? Mekkora kork\u00fcl\u00f6nbs\u00e9g volt az els\u0151 h\u00e1zass\u00e1gukat k\u00f6t\u0151 felek k\u00f6z\u00f6tt? Mit \u00e1rulnak el a matrikul\u00e1k az \u00f6zvegyen vagy elv\u00e1lt n\u0151k\u00e9nt, megesett l\u00e1nyk\u00e9nt f\u00e9rjhez men\u0151kr\u0151l?<\/strong><\/p>\n\n\n\n<div style=\"height:100px\" aria-hidden=\"true\" class=\"wp-block-spacer\"><\/div>\n\n\n\n<div data-wp-interactive=\"core\/file\" class=\"wp-block-file\"><object data-wp-bind--hidden=\"!state.hasPdfPreview\"  class=\"wp-block-file__embed\" data=\"https:\/\/www.femmeharmone.com\/wp-content\/uploads\/2025\/08\/AND11_2024_Tavasz_Nyar_Osz_Tel_v1_Baros_Gyimothy_Eszter_Marta.pdf\" type=\"application\/pdf\" style=\"width:100%;height:1500px\" aria-label=\"Embed of AND11_2024_Tavasz_Nyar_Osz_Tel_v1_Baros_Gyimothy_Eszter_Marta.\"><\/object><a id=\"wp-block-file--media-2b109cf9-9782-4c45-a1a3-899702814867\" href=\"https:\/\/www.femmeharmone.com\/wp-content\/uploads\/2025\/08\/AND11_2024_Tavasz_Nyar_Osz_Tel_v1_Baros_Gyimothy_Eszter_Marta.pdf\">AND11_2024_Tavasz_Nyar_Osz_Tel_v1_Baros_Gyimothy_Eszter_Marta<\/a><a href=\"https:\/\/www.femmeharmone.com\/wp-content\/uploads\/2025\/08\/AND11_2024_Tavasz_Nyar_Osz_Tel_v1_Baros_Gyimothy_Eszter_Marta.pdf\" class=\"wp-block-file__button wp-element-button\" download aria-describedby=\"wp-block-file--media-2b109cf9-9782-4c45-a1a3-899702814867\">Let\u00f6lt\u00e9s<\/a><\/div>","protected":false},"excerpt":{"rendered":"<p>DOI: 10.55344\/andfh.2401079 Absztrakt A bogyiszl\u00f3i reform\u00e1tus gy\u00fclekezet h\u00e1zass\u00e1gk\u00f6t\u00e9si szok\u00e1sainak a vizsg\u00e1lata az 1750\u20131895 k\u00f6z\u00f6tti anyak\u00f6nyvi bejegyz\u00e9sekre \u00e9p\u00fcl. Az egyh\u00e1zk\u00f6zs\u00e9g f\u00f6ldrajzi elhelyezked\u00e9se meghat\u00e1roz\u00f3 volt az itt megtelepedett lakoss\u00e1g \u00e9let\u00e9re: hossz\u00fa \u00e9vsz\u00e1zadokon kereszt\u00fcl a term\u00e9szetes medr\u00e9ben kanyarg\u00f3 Duna, a ter\u00fcletet ural\u00f3 mocsarak \u00e9s a gyakori \u00e1rvizek veszedelmet, de a t\u00f6r\u00f6k ellen v\u00e9delmet is jelentettek az itt lak\u00f3&hellip;<\/p>","protected":false},"author":1,"featured_media":0,"parent":5930,"menu_order":8,"comment_status":"closed","ping_status":"closed","template":"page-article.php","meta":{"inline_featured_image":false,"footnotes":""},"categories":[],"tags":[],"_links":{"self":[{"href":"https:\/\/www.femmeharmone.com\/eng\/wp-json\/wp\/v2\/pages\/6021"}],"collection":[{"href":"https:\/\/www.femmeharmone.com\/eng\/wp-json\/wp\/v2\/pages"}],"about":[{"href":"https:\/\/www.femmeharmone.com\/eng\/wp-json\/wp\/v2\/types\/page"}],"author":[{"embeddable":true,"href":"https:\/\/www.femmeharmone.com\/eng\/wp-json\/wp\/v2\/users\/1"}],"replies":[{"embeddable":true,"href":"https:\/\/www.femmeharmone.com\/eng\/wp-json\/wp\/v2\/comments?post=6021"}],"version-history":[{"count":4,"href":"https:\/\/www.femmeharmone.com\/eng\/wp-json\/wp\/v2\/pages\/6021\/revisions"}],"predecessor-version":[{"id":6179,"href":"https:\/\/www.femmeharmone.com\/eng\/wp-json\/wp\/v2\/pages\/6021\/revisions\/6179"}],"up":[{"embeddable":true,"href":"https:\/\/www.femmeharmone.com\/eng\/wp-json\/wp\/v2\/pages\/5930"}],"wp:attachment":[{"href":"https:\/\/www.femmeharmone.com\/eng\/wp-json\/wp\/v2\/media?parent=6021"}],"wp:term":[{"taxonomy":"category","embeddable":true,"href":"https:\/\/www.femmeharmone.com\/eng\/wp-json\/wp\/v2\/categories?post=6021"},{"taxonomy":"post_tag","embeddable":true,"href":"https:\/\/www.femmeharmone.com\/eng\/wp-json\/wp\/v2\/tags?post=6021"}],"curies":[{"name":"wp","href":"https:\/\/api.w.org\/{rel}","templated":true}]}}