{"id":6031,"date":"2025-08-15T11:47:11","date_gmt":"2025-08-15T11:47:11","guid":{"rendered":"https:\/\/www.femmeharmone.com\/?page_id=6031"},"modified":"2025-08-15T14:11:25","modified_gmt":"2025-08-15T14:11:25","slug":"orsi-julianna-hazassagkotes-egykor-es-ma-a-konferencia-osszegzese","status":"publish","type":"page","link":"https:\/\/www.femmeharmone.com\/eng\/a-noi-dimenzio\/iv-evfolyam-1-4-szam\/tudomany\/orsi-julianna-hazassagkotes-egykor-es-ma-a-konferencia-osszegzese\/","title":{"rendered":"<em>\u00d6rsi Julianna:<\/em> H\u00e1zass\u00e1gk\u00f6t\u00e9s egykor \u00e9s ma \u2013 a konferencia \u00f6sszegz\u00e9se"},"content":{"rendered":"<p>Mindenekel\u0151tt azzal kell kezdenem, hogy nagyszer\u0171 \u00f6tlet volt a Nemzeti M\u00fazeum r\u00e9sz\u00e9r\u0151l a \u201eMagyar menyasszony\u201d c\u00edm\u0171 ki\u00e1ll\u00edt\u00e1s megrendez\u00e9se. Err\u0151l meggy\u0151z\u00f6tt mind a ki\u00e1ll\u00edt\u00e1s, mind a megnyit\u00f3n r\u00e9szt vev\u0151 nagysz\u00e1m\u00fa \u00e9rdekl\u0151d\u0151 k\u00f6z\u00f6ns\u00e9g. Ez\u00faton is gratul\u00e1lok hozz\u00e1. Id\u0151k\u00f6zben Major Gy\u00f6ngyi a Kort\u00e1rs N\u0151i Re\ufb02exi\u00f3k F\u00f3rum\u00e1nak eln\u00f6ke t\u00e1rgyalt a m\u00fazeum vezet\u0151ivel \u00e9s m\u00e1sokkal is \u2013 k\u00f6zt\u00fck a J\u00e1sz-Nagykun-Szolnok Megyei Tudom\u00e1nyos Egyes\u00fclettel \u2013, hogy a \u201eR\u00edtusok, szok\u00e1sok, v\u00e1ltoz\u00e1sok\u201d ki\u00e1ll\u00edt\u00e1shoz kapcsol\u00f3dva rendezz\u00fcnk egy konferenci\u00e1t. \u00cdgy j\u00f6tt l\u00e9tre a mai \u00f6sszej\u00f6vetel\u00fcnk.<\/p>\n\n\n\n<p>A konferenci\u00e1nkra jelentkez\u0151 kutat\u00f3k nagy sz\u00e1ma mutatja, hogy van mondanival\u00f3juk a kutat\u00f3knak. Amint az el\u0151ad\u00e1sokb\u00f3l is kider\u00fclt, t\u00f6bb szaktudom\u00e1ny foglalkozik a h\u00e1zass\u00e1g, a csal\u00e1d t\u00e9m\u00e1j\u00e1val. Fontos, hogy mikor napjainkban a n\u00e9pess\u00e9gcs\u00f6kken\u00e9s meg\u00e1ll\u00edt\u00e1sa \u00e9rdek\u00e9ben a korm\u00e1ny \u00e9s m\u00e1s szervek fontos d\u00f6nt\u00e9seket hoznak, akkor mi is seg\u00edts\u00fcnk, azaz t\u00e1rjuk fel azokat a hagyom\u00e1nyokat, jogszok\u00e1sokat, amelyek az \u00e9vsz\u00e1zadok sor\u00e1n alakultak ki, amelyet a k\u00f6z\u00f6ss\u00e9gek gyakoroltak, \u00e9s azt a folyamatot, amelynek tan\u00fai vagyunk most, a 21. sz\u00e1zad elej\u00e9n. Ezek az ismeretek egyr\u00e9szt hozz\u00e1j\u00e1rulnak a h\u00e1zass\u00e1gk\u00f6t\u00e9s fontoss\u00e1g\u00e1nak meg\u00e9rt\u00e9s\u00e9hez, m\u00e1sr\u00e9szt a szok\u00e1selemek sz\u00ednes\u00edtik az emberi \u00e9let, a k\u00f6z\u00f6ss\u00e9g egyik legnagyobb esem\u00e9ny\u00e9t teszik \u00fcnnep\u00e9lyesebb\u00e9.<\/p>\n\n\n\n<p>Konferenci\u00e1nk igazi interdiszciplin\u00e1ris tan\u00e1cskoz\u00e1s, ahol t\u00f6rt\u00e9n\u00e9szek, n\u00e9prajzosok, jogt\u00f6rt\u00e9n\u00e9sz \u00e9s antropol\u00f3gus is bemutatta kutat\u00e1si eredm\u00e9nyeit, amelyek a magyar kult\u00fara fejl\u0151d\u00e9se sor\u00e1n alakultak ki. Megismerkedhett\u00fcnk egy t\u00e1voli n\u00e9p, a mongolok h\u00e1zasod\u00e1si szok\u00e1saival is. Azt is l\u00e1thatjuk, hogy az egy\u00fctt \u00e9l\u0151 n\u00e9pek k\u00f6z\u00f6tt is van \u00e1tad\u00e1s-\u00e1tv\u00e9tel. Tal\u00e1n sokan nem is gondolnak arra, hogy a p\u00e1rv\u00e1laszt\u00e1s hogyan t\u00fckr\u00f6zi egy kis k\u00f6z\u00f6ss\u00e9g \u2013 legyen az t\u00e1ji, t\u00f6rt\u00e9neti, n\u00e9prajzi, nemzetis\u00e9gi, felekezeti vagy t\u00e1rsadalmi csoport \u2013 magatart\u00e1s\u00e1t, gondolkod\u00e1s\u00e1t, a hagyom\u00e1nyokhoz val\u00f3 ragaszkod\u00e1s\u00e1t. A kultur\u00e1lis elemek meg\u0151rz\u00e9se mellett mutatja a lok\u00e1lis, v\u00e9rs\u00e9gi \u00e9s t\u00e1rsadalmi k\u00f6z\u00f6ss\u00e9gek vitalit\u00e1s\u00e1t vagy \u00e9ppen asszimil\u00e1l\u00f3d\u00e1s\u00e1t. A h\u00e1zass\u00e1gi szok\u00e1sok teh\u00e1t seg\u00edthetik a magyar kult\u00fara fennmarad\u00e1s\u00e1t, hozz\u00e1j\u00e1rulnak a nemzeti tudat er\u0151s\u00edt\u00e9s\u00e9hez, a sz\u00fcl\u0151f\u00f6ldh\u00f6z val\u00f3 k\u00f6t\u0151d\u00e9shez.<\/p>\n\n\n\n<p>Mondand\u00f3mat azzal z\u00e1rom, hogy megk\u00f6sz\u00f6n\u00f6m az el\u0151ad\u00f3knak \u00e9s a szervez\u0151knek e tudom\u00e1nyos konferenci\u00e1t, hogy mindannyian seg\u00edtett\u00fck a h\u00e1zass\u00e1gk\u00f6t\u00e9s n\u00e9pszer\u0171s\u00edt\u00e9s\u00e9t.<\/p>","protected":false},"excerpt":{"rendered":"<p>Mindenekel\u0151tt azzal kell kezdenem, hogy nagyszer\u0171 \u00f6tlet volt a Nemzeti M\u00fazeum r\u00e9sz\u00e9r\u0151l a \u201eMagyar menyasszony\u201d c\u00edm\u0171 ki\u00e1ll\u00edt\u00e1s megrendez\u00e9se. Err\u0151l meggy\u0151z\u00f6tt mind a ki\u00e1ll\u00edt\u00e1s, mind a megnyit\u00f3n r\u00e9szt vev\u0151 nagysz\u00e1m\u00fa \u00e9rdekl\u0151d\u0151 k\u00f6z\u00f6ns\u00e9g. Ez\u00faton is gratul\u00e1lok hozz\u00e1. Id\u0151k\u00f6zben Major Gy\u00f6ngyi a Kort\u00e1rs N\u0151i Re\ufb02exi\u00f3k F\u00f3rum\u00e1nak eln\u00f6ke t\u00e1rgyalt a m\u00fazeum vezet\u0151ivel \u00e9s m\u00e1sokkal is \u2013 k\u00f6zt\u00fck a J\u00e1sz-Nagykun-Szolnok&hellip;<\/p>","protected":false},"author":1,"featured_media":0,"parent":5930,"menu_order":14,"comment_status":"closed","ping_status":"closed","template":"page-article.php","meta":{"inline_featured_image":false,"footnotes":""},"categories":[],"tags":[],"_links":{"self":[{"href":"https:\/\/www.femmeharmone.com\/eng\/wp-json\/wp\/v2\/pages\/6031"}],"collection":[{"href":"https:\/\/www.femmeharmone.com\/eng\/wp-json\/wp\/v2\/pages"}],"about":[{"href":"https:\/\/www.femmeharmone.com\/eng\/wp-json\/wp\/v2\/types\/page"}],"author":[{"embeddable":true,"href":"https:\/\/www.femmeharmone.com\/eng\/wp-json\/wp\/v2\/users\/1"}],"replies":[{"embeddable":true,"href":"https:\/\/www.femmeharmone.com\/eng\/wp-json\/wp\/v2\/comments?post=6031"}],"version-history":[{"count":3,"href":"https:\/\/www.femmeharmone.com\/eng\/wp-json\/wp\/v2\/pages\/6031\/revisions"}],"predecessor-version":[{"id":6185,"href":"https:\/\/www.femmeharmone.com\/eng\/wp-json\/wp\/v2\/pages\/6031\/revisions\/6185"}],"up":[{"embeddable":true,"href":"https:\/\/www.femmeharmone.com\/eng\/wp-json\/wp\/v2\/pages\/5930"}],"wp:attachment":[{"href":"https:\/\/www.femmeharmone.com\/eng\/wp-json\/wp\/v2\/media?parent=6031"}],"wp:term":[{"taxonomy":"category","embeddable":true,"href":"https:\/\/www.femmeharmone.com\/eng\/wp-json\/wp\/v2\/categories?post=6031"},{"taxonomy":"post_tag","embeddable":true,"href":"https:\/\/www.femmeharmone.com\/eng\/wp-json\/wp\/v2\/tags?post=6031"}],"curies":[{"name":"wp","href":"https:\/\/api.w.org\/{rel}","templated":true}]}}

<em>Örsi Julianna:</em> Házasságkötés egykor és ma – a konferencia összegzése

<p>Mindenekelőtt azzal kell kezdenem, hogy nagyszerű ötlet volt a Nemzeti Múzeum részéről a „Magyar menyasszony” című kiállítás megrendezése. Erről meggyőzött mind a kiállítás, mind a megnyitón részt vevő nagyszámú érdeklődő közönség. Ezúton is gratulálok hozzá. Időközben Major Gyöngyi a Kortárs Női Reﬂexiók Fórumának elnöke tárgyalt a múzeum vezetőivel és másokkal is – köztük a Jász-Nagykun-Szolnok Megyei Tudományos Egyesülettel –, hogy a „Rítusok, szokások, változások” kiállításhoz kapcsolódva rendezzünk egy konferenciát. Így jött létre a mai összejövetelünk.</p>



<p>A konferenciánkra jelentkező kutatók nagy száma mutatja, hogy van mondanivalójuk a kutatóknak. Amint az előadásokból is kiderült, több szaktudomány foglalkozik a házasság, a család témájával. Fontos, hogy mikor napjainkban a népességcsökkenés megállítása érdekében a kormány és más szervek fontos döntéseket hoznak, akkor mi is segítsünk, azaz tárjuk fel azokat a hagyományokat, jogszokásokat, amelyek az évszázadok során alakultak ki, amelyet a közösségek gyakoroltak, és azt a folyamatot, amelynek tanúi vagyunk most, a 21. század elején. Ezek az ismeretek egyrészt hozzájárulnak a házasságkötés fontosságának megértéséhez, másrészt a szokáselemek színesítik az emberi élet, a közösség egyik legnagyobb eseményét teszik ünnepélyesebbé.</p>



<p>Konferenciánk igazi interdiszciplináris tanácskozás, ahol történészek, néprajzosok, jogtörténész és antropológus is bemutatta kutatási eredményeit, amelyek a magyar kultúra fejlődése során alakultak ki. Megismerkedhettünk egy távoli nép, a mongolok házasodási szokásaival is. Azt is láthatjuk, hogy az együtt élő népek között is van átadás-átvétel. Talán sokan nem is gondolnak arra, hogy a párválasztás hogyan tükrözi egy kis közösség – legyen az táji, történeti, néprajzi, nemzetiségi, felekezeti vagy társadalmi csoport – magatartását, gondolkodását, a hagyományokhoz való ragaszkodását. A kulturális elemek megőrzése mellett mutatja a lokális, vérségi és társadalmi közösségek vitalitását vagy éppen asszimilálódását. A házassági szokások tehát segíthetik a magyar kultúra fennmaradását, hozzájárulnak a nemzeti tudat erősítéséhez, a szülőföldhöz való kötődéshez.</p>



<p>Mondandómat azzal zárom, hogy megköszönöm az előadóknak és a szervezőknek e tudományos konferenciát, hogy mindannyian segítettük a házasságkötés népszerűsítését.</p>

<p>Mindenekelőtt azzal kell kezdenem, hogy nagyszerű ötlet volt a Nemzeti Múzeum részéről a „Magyar menyasszony” című kiállítás megrendezése. Erről meggyőzött mind a kiállítás, mind a megnyitón részt vevő nagyszámú érdeklődő közönség. Ezúton is gratulálok hozzá. Időközben Major Gyöngyi a Kortárs Női Reﬂexiók Fórumának elnöke tárgyalt a múzeum vezetőivel és másokkal is – köztük a Jász-Nagykun-Szolnok&hellip;</p>
