{"id":6515,"date":"2026-04-30T15:59:53","date_gmt":"2026-04-30T15:59:53","guid":{"rendered":"https:\/\/www.femmeharmone.com\/?page_id=6515"},"modified":"2026-04-30T16:43:20","modified_gmt":"2026-04-30T16:43:20","slug":"domokos-johanna-ilyes-borbala-mag-eszter-meszaros-edua-es-viragos-anna-flora-feldolgozo-feladatsor-dettre-gabor-antigone-2011-c-filmjehez","status":"publish","type":"page","link":"https:\/\/www.femmeharmone.com\/eng\/a-noi-dimenzio\/v-evfolyam-1-szam\/filmmuveszet-2\/domokos-johanna-ilyes-borbala-mag-eszter-meszaros-edua-es-viragos-anna-flora-feldolgozo-feladatsor-dettre-gabor-antigone-2011-c-filmjehez\/","title":{"rendered":"<em>Domokos Johanna, Ily\u00e9s Borb\u00e1la, Mag Eszter, M\u00e9sz\u00e1ros \u00c9dua \u00e9s Vir\u00e1gos Anna Fl\u00f3ra:<\/em> Feldolgoz\u00f3 feladatsor Dettre G\u00e1bor Antigon\u00e9 (2011) c. filmj\u00e9hez"},"content":{"rendered":"<div data-wp-interactive=\"core\/file\" class=\"wp-block-file\"><object data-wp-bind--hidden=\"!state.hasPdfPreview\"  class=\"wp-block-file__embed\" data=\"https:\/\/www.femmeharmone.com\/wp-content\/uploads\/2026\/04\/AND12_2025_Tavasz_v1_Feladatsor.pdf\" type=\"application\/pdf\" style=\"width:100%;height:1500px\" aria-label=\"Embed of AND12_2025_Tavasz_v1_Feladatsor.\"><\/object><a id=\"wp-block-file--media-1021388a-ec06-4bb9-bdc3-57ce6b36cc7d\" href=\"https:\/\/www.femmeharmone.com\/wp-content\/uploads\/2026\/04\/AND12_2025_Tavasz_v1_Feladatsor.pdf\">AND12_2025_Tavasz_v1_Feladatsor<\/a><a href=\"https:\/\/www.femmeharmone.com\/wp-content\/uploads\/2026\/04\/AND12_2025_Tavasz_v1_Feladatsor.pdf\" class=\"wp-block-file__button wp-element-button\" download aria-describedby=\"wp-block-file--media-1021388a-ec06-4bb9-bdc3-57ce6b36cc7d\">Let\u00f6lt\u00e9s<\/a><\/div>","protected":false},"excerpt":{"rendered":"","protected":false},"author":1,"featured_media":0,"parent":6483,"menu_order":2,"comment_status":"closed","ping_status":"closed","template":"page-article.php","meta":{"inline_featured_image":false,"footnotes":""},"categories":[],"tags":[],"_links":{"self":[{"href":"https:\/\/www.femmeharmone.com\/eng\/wp-json\/wp\/v2\/pages\/6515"}],"collection":[{"href":"https:\/\/www.femmeharmone.com\/eng\/wp-json\/wp\/v2\/pages"}],"about":[{"href":"https:\/\/www.femmeharmone.com\/eng\/wp-json\/wp\/v2\/types\/page"}],"author":[{"embeddable":true,"href":"https:\/\/www.femmeharmone.com\/eng\/wp-json\/wp\/v2\/users\/1"}],"replies":[{"embeddable":true,"href":"https:\/\/www.femmeharmone.com\/eng\/wp-json\/wp\/v2\/comments?post=6515"}],"version-history":[{"count":2,"href":"https:\/\/www.femmeharmone.com\/eng\/wp-json\/wp\/v2\/pages\/6515\/revisions"}],"predecessor-version":[{"id":6562,"href":"https:\/\/www.femmeharmone.com\/eng\/wp-json\/wp\/v2\/pages\/6515\/revisions\/6562"}],"up":[{"embeddable":true,"href":"https:\/\/www.femmeharmone.com\/eng\/wp-json\/wp\/v2\/pages\/6483"}],"wp:attachment":[{"href":"https:\/\/www.femmeharmone.com\/eng\/wp-json\/wp\/v2\/media?parent=6515"}],"wp:term":[{"taxonomy":"category","embeddable":true,"href":"https:\/\/www.femmeharmone.com\/eng\/wp-json\/wp\/v2\/categories?post=6515"},{"taxonomy":"post_tag","embeddable":true,"href":"https:\/\/www.femmeharmone.com\/eng\/wp-json\/wp\/v2\/tags?post=6515"}],"curies":[{"name":"wp","href":"https:\/\/api.w.org\/{rel}","templated":true}]}}